-- Table structure for table `dino_aiowps_global_meta`
--

CREATE TABLE `dino_aiowps_global_meta` (
  `meta_id` bigint(20) NOT NULL AUTO_INCREMENT,
  `date_time` datetime NOT NULL DEFAULT '1000-10-10 10:00:00',
  `meta_key1` varchar(255) COLLATE utf8mb4_unicode_520_ci NOT NULL,
  `meta_key2` varchar(255) COLLATE utf8mb4_unicode_520_ci NOT NULL,
  `meta_key3` varchar(255) COLLATE utf8mb4_unicode_520_ci NOT NULL,
  `meta_key4` varchar(255) COLLATE utf8mb4_unicode_520_ci NOT NULL,
  `meta_key5` varchar(255) COLLATE utf8mb4_unicode_520_ci NOT NULL,
  `meta_value1` varchar(255) COLLATE utf8mb4_unicode_520_ci NOT NULL,
  `meta_value2` text COLLATE utf8mb4_unicode_520_ci NOT NULL,
  `meta_value3` text COLLATE utf8mb4_unicode_520_ci NOT NULL,
  `meta_value4` longtext COLLATE utf8mb4_unicode_520_ci NOT NULL,
  `meta_value5` longtext COLLATE utf8mb4_unicode_520_ci NOT NULL,
  PRIMARY KEY (`meta_id`)
) ENGINE=InnoDB DEFAULT CHARSET=utf8mb4 COLLATE=utf8mb4_unicode_520_ci;

--
-- Dumping data for table `dino_aiowps_global_meta`
--


--
-- Table structure for table `dino_aiowps_login_activity`
--

CREATE TABLE `dino_aiowps_login_activity` (
  `id` bigint(20) NOT NULL AUTO_INCREMENT,
  `user_id` bigint(20) NOT NULL,
  `user_login` varchar(150) COLLATE utf8mb4_unicode_520_ci NOT NULL,
  `login_date` datetime NOT NULL DEFAULT '0000-00-00 00:00:00',
  `logout_date` datetime NOT NULL DEFAULT '0000-00-00 00:00:00',
  `login_ip` varchar(100) COLLATE utf8mb4_unicode_520_ci NOT NULL DEFAULT '',
  `login_country` varchar(150) COLLATE utf8mb4_unicode_520_ci NOT NULL DEFAULT '',
  `browser_type` varchar(150) COLLATE utf8mb4_unicode_520_ci NOT NULL DEFAULT '',
  PRIMARY KEY (`id`)
) ENGINE=InnoDB AUTO_INCREMENT=8 DEFAULT CHARSET=utf8mb4 COLLATE=utf8mb4_unicode_520_ci;

--
-- Dumping data for table `dino_aiowps_login_activity`
--

INSERT INTO `dino_aiowps_login_activity` VALUES (1,1,'dinoworkpanel','2020-07-15 10:09:15','0000-00-00 00:00:00','117.218.76.78','',''),(2,1,'dinoworkpanel','2020-07-25 03:25:30','0000-00-00 00:00:00','103.124.108.50','',''),(3,1,'dinoworkpanel','2020-08-06 14:32:04','0000-00-00 00:00:00','103.124.108.50','',''),(4,1,'dinoworkpanel','2021-01-23 14:45:11','0000-00-00 00:00:00','42.107.204.161','',''),(5,1,'dinoworkpanel','2021-01-23 15:34:17','0000-00-00 00:00:00','42.107.220.209','',''),(6,1,'dinoworkpanel','2021-01-24 14:47:38','0000-00-00 00:00:00','42.107.192.168','',''),(7,1,'dinoworkpanel','2021-01-24 14:57:34','0000-00-00 00:00:00','103.70.198.67','','');

--
-- Table structure for table `dino_aiowps_login_lockdown`
--

CREATE TABLE `dino_aiowps_login_lockdown` (
  `id` bigint(20) NOT NULL AUTO_INCREMENT,
  `user_id` bigint(20) NOT NULL,
  `user_login` varchar(150) COLLATE utf8mb4_unicode_520_ci NOT NULL,
  `lockdown_date` datetime NOT NULL DEFAULT '1000-10-10 10:00:00',
  `release_date` datetime NOT NULL DEFAULT '1000-10-10 10:00:00',
  `failed_login_ip` varchar(100) COLLATE utf8mb4_unicode_520_ci NOT NULL DEFAULT '',
  `lock_reason` varchar(128) COLLATE utf8mb4_unicode_520_ci NOT NULL DEFAULT '',
  `unlock_key` varchar(128) COLLATE utf8mb4_unicode_520_ci NOT NULL DEFAULT '',
  PRIMARY KEY (`id`)
) ENGINE=InnoDB DEFAULT CHARSET=utf8mb4 COLLATE=utf8mb4_unicode_520_ci;

--
-- Dumping data for table `dino_aiowps_login_lockdown`
--


--
-- Table structure for table `dino_aiowps_permanent_block`
--

CREATE TABLE `dino_aiowps_permanent_block` (
  `id` bigint(20) NOT NULL AUTO_INCREMENT,
  `blocked_ip` varchar(100) COLLATE utf8mb4_unicode_520_ci NOT NULL DEFAULT '',
  `block_reason` varchar(128) COLLATE utf8mb4_unicode_520_ci NOT NULL DEFAULT '',
  `country_origin` varchar(50) COLLATE utf8mb4_unicode_520_ci NOT NULL DEFAULT '',
  `blocked_date` datetime NOT NULL DEFAULT '1000-10-10 10:00:00',
  `unblock` tinyint(1) NOT NULL DEFAULT '0',
  PRIMARY KEY (`id`)
) ENGINE=InnoDB DEFAULT CHARSET=utf8mb4 COLLATE=utf8mb4_unicode_520_ci;

--
-- Dumping data for table `dino_aiowps_permanent_block`
--


--
-- Table structure for table `dino_commentmeta`
--

CREATE TABLE `dino_commentmeta` (
  `meta_id` bigint(20) unsigned NOT NULL AUTO_INCREMENT,
  `comment_id` bigint(20) unsigned NOT NULL DEFAULT '0',
  `meta_key` varchar(255) COLLATE utf8mb4_unicode_520_ci DEFAULT NULL,
  `meta_value` longtext COLLATE utf8mb4_unicode_520_ci,
  PRIMARY KEY (`meta_id`),
  KEY `comment_id` (`comment_id`),
  KEY `meta_key` (`meta_key`(191))
) ENGINE=InnoDB AUTO_INCREMENT=11 DEFAULT CHARSET=utf8mb4 COLLATE=utf8mb4_unicode_520_ci;

--
-- Dumping data for table `dino_commentmeta`
--

INSERT INTO `dino_commentmeta` VALUES (1,2,'rating','4'),(2,2,'verified','0'),(3,3,'rating','5'),(4,3,'verified','0'),(5,4,'rating','4'),(6,4,'verified','0'),(7,6,'rating','5'),(8,6,'verified','0'),(9,7,'rating','5'),(10,7,'verified','0');

--
-- Table structure for table `dino_comments`
--

CREATE TABLE `dino_comments` (
  `comment_ID` bigint(20) unsigned NOT NULL AUTO_INCREMENT,
  `comment_post_ID` bigint(20) unsigned NOT NULL DEFAULT '0',
  `comment_author` tinytext COLLATE utf8mb4_unicode_520_ci NOT NULL,
  `comment_author_email` varchar(100) COLLATE utf8mb4_unicode_520_ci NOT NULL DEFAULT '',
  `comment_author_url` varchar(200) COLLATE utf8mb4_unicode_520_ci NOT NULL DEFAULT '',
  `comment_author_IP` varchar(100) COLLATE utf8mb4_unicode_520_ci NOT NULL DEFAULT '',
  `comment_date` datetime NOT NULL DEFAULT '0000-00-00 00:00:00',
  `comment_date_gmt` datetime NOT NULL DEFAULT '0000-00-00 00:00:00',
  `comment_content` text COLLATE utf8mb4_unicode_520_ci NOT NULL,
  `comment_karma` int(11) NOT NULL DEFAULT '0',
  `comment_approved` varchar(20) COLLATE utf8mb4_unicode_520_ci NOT NULL DEFAULT '1',
  `comment_agent` varchar(255) COLLATE utf8mb4_unicode_520_ci NOT NULL DEFAULT '',
  `comment_type` varchar(20) COLLATE utf8mb4_unicode_520_ci NOT NULL DEFAULT '',
  `comment_parent` bigint(20) unsigned NOT NULL DEFAULT '0',
  `user_id` bigint(20) unsigned NOT NULL DEFAULT '0',
  PRIMARY KEY (`comment_ID`),
  KEY `comment_post_ID` (`comment_post_ID`),
  KEY `comment_approved_date_gmt` (`comment_approved`,`comment_date_gmt`),
  KEY `comment_date_gmt` (`comment_date_gmt`),
  KEY `comment_parent` (`comment_parent`),
  KEY `comment_author_email` (`comment_author_email`(10)),
  KEY `woo_idx_comment_type` (`comment_type`)
) ENGINE=InnoDB AUTO_INCREMENT=12 DEFAULT CHARSET=utf8mb4 COLLATE=utf8mb4_unicode_520_ci;

--
-- Dumping data for table `dino_comments`
--

INSERT INTO `dino_comments` VALUES (1,276,'Khedagew','wiljweg233wd5gphi@gmail.com','https://buyviagrrxon.com/','178.159.37.125','2020-12-25 19:30:52','2020-12-25 19:30:52','viagra dosage women <a href=\"https://buyviagrrxon.com/#\" rel=\"nofollow ugc\">liquid viagra to buy</a> next day delivery viagra',0,'0','Mozilla/5.0 (Windows NT 6.1; WOW64) AppleWebKit/537.36 (KHTML, like Gecko) Chrome/63.0.3223.8 Safari/537.36','',0,0),(2,207,'Khedagew','wiljweg233wd5gphi@gmail.com','','178.159.37.125','2020-12-26 11:25:42','2020-12-26 11:25:42','buy viagra craigslist toronto <a href=\"https://buyviagrrxon.com/#\" rel=\"nofollow ugc\">viagra overnight</a> gold viagra x1',0,'0','Mozilla/5.0 (Windows NT 10.0; Win64; x64; rv:57.0) Gecko/20100101 Firefox/57.0','review',0,0),(3,310,'Siva','Malavika.north@gmail.com','','61.2.213.240','2021-01-16 10:41:07','2021-01-16 10:41:07','What is the price for this product?',0,'0','Mozilla/5.0 (Windows NT 10.0; Win64; x64) AppleWebKit/537.36 (KHTML, like Gecko) Chrome/87.0.4280.141 Safari/537.36','review',0,0),(4,207,'BS ENGINEERING SOLUTIONS','sudhinromes.sukumaran@gmail.com','','157.44.199.178','2021-01-22 09:05:47','2021-01-22 09:05:47','Visited once ,follow up waiting',0,'0','Mozilla/5.0 (Linux; Android 10; SM-M115F) AppleWebKit/537.36 (KHTML, like Gecko) Chrome/87.0.4280.141 Mobile Safari/537.36','review',0,0),(5,8,'filmkovasi','snow_26_flake@yahoo.com','https://filmkovasi.org/kalite/1080pp','45.86.15.198','2021-01-31 05:08:11','2021-01-31 05:08:11','Thanks for sharing, this is a fantastic blog post. Thanks Again. Cool. Katey Irwinn Aleron',0,'0','Mozilla/5.0 (Windows NT 10.0; Win64; x64) AppleWebKit/537.36 (KHTML, like Gecko) Chrome/86.0.4240.193 Safari/537.36','',0,0),(6,191,'aljo','aljonvarghese@gmail.com','','46.42.95.23','2021-02-20 13:28:38','2021-02-20 13:28:38','Dear Sir/Madam,\r\n \r\nWe would like buy and install brick lifting carne in my truck, please provide the crane which you have available.\r\n\r\nBoom length – 6/7 meter\r\nWeight – 3/5 tone \r\n\r\nPlease provide the quote \r\n \r\nBest Regards,\r\nAljo Varghese \r\nThrissur, Kerala',0,'0','Mozilla/5.0 (Windows NT 10.0; Win64; x64) AppleWebKit/537.36 (KHTML, like Gecko) Chrome/88.0.4324.182 Safari/537.36','review',0,0),(7,191,'aljo','aljonvarghese@gmail.com','','46.42.95.23','2021-02-20 13:29:00','2021-02-20 13:29:00','good',0,'0','Mozilla/5.0 (Windows NT 10.0; Win64; x64) AppleWebKit/537.36 (KHTML, like Gecko) Chrome/88.0.4324.182 Safari/537.36','review',0,0),(8,276,'erotik','pauldra@gmail.com','https://filmkovasi.org/','144.168.146.64','2021-03-01 19:11:05','2021-03-01 19:11:05','Jacqui is right to question it all. Reggie is a charmer though. Cosetta Cecil Hanus',0,'0','Mozilla/5.0 (Windows NT 10.0; Win64; x64) AppleWebKit/537.36 (KHTML, like Gecko) Chrome/86.0.4240.193 Safari/537.36','',0,0),(9,276,'escort bayan','mommy4seth@yahoo.com','https://filmmakinesi.pw/','45.146.89.252','2021-03-01 20:20:01','2021-03-01 20:20:01','I was able to find good information from your content. Edin Travis Koenraad',0,'0','Mozilla/5.0 (Windows NT 10.0; Win64; x64) AppleWebKit/537.36 (KHTML, like Gecko) Chrome/86.0.4240.193 Safari/537.36','',0,0),(10,276,'erotik','onepuppylove13@yahoo.com','https://filmkovasi.org/','45.152.200.67','2021-03-02 02:18:00','2021-03-02 02:18:00','The waitresses were polite and helpful. Further, the customers there were decent people. I made my trip from Toronto, Ontario to NYC, NY to celebrate my wedding anniversary. I was lucky not missing to dine at Hard Rock Cafe!! Hope you enjoy the Cafe next time you are in NYC!!! Cordey Dillie Jock',0,'0','Mozilla/5.0 (Windows NT 10.0; Win64; x64) AppleWebKit/537.36 (KHTML, like Gecko) Chrome/86.0.4240.193 Safari/537.36','',0,0),(11,276,'chatterbate','pasipire@gmail.com','https://filmmakinesi.pw/','23.229.101.234','2021-03-05 03:10:10','2021-03-05 03:10:10','Like!! Really appreciate you sharing this blog post. Really thank you! Keep writing. Blakeley Charlton Potter',0,'0','Mozilla/5.0 (Windows NT 10.0; Win64; x64) AppleWebKit/537.36 (KHTML, like Gecko) Chrome/86.0.4240.193 Safari/537.36','',0,0);

--
-- Table structure for table `dino_formcraft_3_files`
--

CREATE TABLE `dino_formcraft_3_files` (
  `id` mediumint(9) NOT NULL AUTO_INCREMENT,
  `uniq_key` tinytext COLLATE utf8mb4_unicode_520_ci NOT NULL,
  `name` varchar(255) COLLATE utf8mb4_unicode_520_ci NOT NULL,
  `form` int(11) NOT NULL,
  `submission` int(11) DEFAULT NULL,
  `permanent` tinyint(1) NOT NULL,
  `mime` varchar(255) COLLATE utf8mb4_unicode_520_ci NOT NULL,
  `size` int(11) NOT NULL,
  `file_url` varchar(1000) COLLATE utf8mb4_unicode_520_ci NOT NULL,
  `file_path` varchar(1000) COLLATE utf8mb4_unicode_520_ci NOT NULL,
  `created` int(11) DEFAULT NULL,
  UNIQUE KEY `id` (`id`)
) ENGINE=InnoDB DEFAULT CHARSET=utf8mb4 COLLATE=utf8mb4_unicode_520_ci;

--
-- Dumping data for table `dino_formcraft_3_files`
--


--
-- Table structure for table `dino_formcraft_3_forms`
--

CREATE TABLE `dino_formcraft_3_forms` (
  `id` mediumint(9) NOT NULL AUTO_INCREMENT,
  `counter` int(11) NOT NULL,
  `name` tinytext COLLATE utf8mb4_unicode_520_ci NOT NULL,
  `created` int(11) DEFAULT NULL,
  `modified` int(11) DEFAULT NULL,
  `html` mediumtext COLLATE utf8mb4_unicode_520_ci,
  `builder` mediumtext COLLATE utf8mb4_unicode_520_ci,
  `addons` mediumtext COLLATE utf8mb4_unicode_520_ci,
  `meta_builder` mediumtext COLLATE utf8mb4_unicode_520_ci,
  `old_url` tinytext COLLATE utf8mb4_unicode_520_ci,
  `imported` int(11) DEFAULT NULL,
  UNIQUE KEY `id` (`id`)
) ENGINE=InnoDB AUTO_INCREMENT=2 DEFAULT CHARSET=utf8mb4 COLLATE=utf8mb4_unicode_520_ci;

--
-- Dumping data for table `dino_formcraft_3_forms`
--

INSERT INTO `dino_formcraft_3_forms` VALUES (1,17,'Contact Form',1593920091,1611500844,'rawdeflate,7VpRb+M2En7e/RWsFgf0gDCxHaftehPjcMA9HNAWBdp7KooFLdEWEUrUkVRi32H/+82QlCzZiq3Ycrt7qBcbSeRwOJyZb0gOeZ+IJxJLZsxDtIxpwVYiZ1aonMbqiWvSLhtH87dv4Hf/UivyLBKb0vFoFChbpA1OVovVCvhHJGGWUZEnfP0Q1a3e3JuC5Y12nOZltuA6mvua+fj+Bl/m4fFyM5ZxEs1/trwg4zZxEPAGJAzDql+3b+7L2I3kxMSq4MlD5J8RcfV/y3giGPk6Y2vqBk9mZPrdqFj/lfzXMb1exh8zlTBJgU6qFR2T6y5NtwtdU8/gzYLFjyutyjwBUqn0jOQq5+QrkRVKW5bbD47u09vqj+tV6SzWbGlpbIxjjiXV0wmBTy55xnNLrk25yIStZAlfi9JalV+9PYXhUkheFlKxpGLquVGsOJUllzvcdhmBN/FCxI9IUYrGJ005S7juT2+FlfxtbYWtEWbk3eT93bfsW6/2YJJ3y+XyQ22B7h5s4joxFoooi6144lc9qVMc9GlaM1LAwCu1IUdfoFm+6jFAN553bd0AOM7QeVPsllHnjm8pJUl1QzClvfxez5PpNH4/OVu0QvOn2VarJ3LJ+dqewMWAcWK7wytTuU2HYrbhTHteXRZ+UZkdVtrGJGce77bkuhGTu+2LPuisClFEyGQvwiG32VJoAw1SIGixPCz0MfT11ZxlC8l3FBczyfOEQWV6NRyvZDe4wISwIexEQFtWwVmyBZeOS2ozSV5i5cjoEoKxFfnqQFi9TpmBJnFp5jhTniYftLYq+wWgEaTsHici0AEIPYFgd7sO22HwTwNJ9GJXO4A4qNa6v/4KJnM30v2OR+7Xr2PkmMOCwpRxzF158xPgxONH0gyeMzIp1sQoCPz7PZ01DYu8KO2vdlPwh8iCfqPfrgblyTMm5NBMC1gePoNihuZr+SCioh6Z5ux8Tn5qGGCxZUXGqSsxvmgAnuyZG5UVkltOSnkcEZ+1n17KpS7i/5olQg3N1EWdhVp/pqAaCgoVOA+uUJYM/13AdYPlZk7ZPLmUBSv+5NgKvHPXUO2tPw2yuvElW3WjAahJWaKeZwT22WQM//HZZzE7zE5JrfcEGG8FAJ0abs8y/oGdc+990eu7bXxRt/zoDnAztz68ukAfIdhdrgMXSy7JHieWYflX8WZYrj4aep4ve9S5y+79ftsrAGEojCyhKpcbL0t3wInj+BVS1MNZwoaaLlkmgDvYKeVaNGB5NHHnBU6AKoaNW4JbV5+u6awhB7fOsOzfbp67c3s+q7eTyru/calHzDS2cq715tonTO/drsBlUllpFTWxVlI+RCG7miuawcYAt9cahNZg+rrOpqo0LE/qgoTHImPQ+LoukGxTVwugHEeN5K/reusCTIpVTrHA8qygjo4Y9sQ9AUnQKCG9mIok4UCcCIO7ZwpuAlb3YZ8WksU8VS5z4L0meMWTMAKoyVIzWJR6HkTzDNRBmQEOwjxSq0tORKxygxTcf3s2TkLnkpIvbUSchh8i5wMzMh6N/vKB7KxBiXMlI/7DK4Jdu3UlxnG8zjXqNzp6Id+9nyvftoFBWIQT/rb5cSQNBoFKAUPT0AgHON7to2OEtQFJC7EtwHpmRBXowAaAJA2oFJmG9xb1iCR8yUppuyoxPALK+fci57gLJw75/y7BFRNvGpUkhKbgh5LXY9zXRzOWRHNXPb/3q4RA1uikOsFoRByC6Q0XsatzhNAMHJJ6t0NpdiphVsp9bX368CO4XvsAoptd3WCjShAFU5v5ftPwwCOHFhuutcITj1DvBCeNqYY0MPIQoUwRydgj30ZV0BtaI3iEVwUiuHIUFKb6+vW3QJbBcOOU6RrzGCJbBU9MUi9HKNB8xdfFNkhszQuiokZDcJJSPVMYTcwNEodxAjuR+LMQyXMBFg70bnxocVj5ilVaFVu1WqFDW6WkFUVEwss2qPnTJfQamFRCITpNSxqnTxiceWyMFGJHS6uhQgFHl2RxxwJQDOZouqYP/BhwSPvT+z4aUcz9qdL9jXON+qs+fqrjQDh+OoDxSRvj48MY5088Pwb0SV+gj48C3S3j9iE+BLwd60sC+x/YwauQzYhzX8I7Wr4K2C23c3J0wxZs34wBO4D0a+i9MPAyMBshYPJHI7I/yqJ50PeQqLpto2py1sx52xdQk/+TmdPPNEcR9lMKPfVE2KDzo+v4VRPkbQsdt39OkF/OBDltQ/n2/Aly2hfPt+fh+QtaBX+vYueUn9tKuJLrVWCftsA+/RPsXw7Y79pgn541b9/1xfn0KM6r3F0L5J54qFm76uKSMP/B545ehfJMaQ76sbBGM6dhvFZeF1jvdhAfRDyIoQa6oTlQlA6xWj0b5zM90d5CczOe/M5L48rHUeKUY4cz8n5SrFGDle7mTY+KVQmutGPuuNQaPcxVRvNR0D65ITtesfYkpLEq2wJ2CBB/0wbx3fkz9jd9kXx3FMk+YdmB4xMx3CDyCdPY5T7x+iwPnFsXMhu4Bh7+OCjMf56u1kyoa13g3LE5egdeif3X33/45y+dcC5EXncmKjv4nGjdEZ5PiXzlo7yL7bFaEZaLDO8rIosqzAd38bLMG46wjR4oq+amAGNx52KOxke6ruk+tKyM8dHpp4L4M18YYQE4mAuPwxUD9GF4oWajy4IWCoNiX689eFEYjexfmzedq7tNpH6j4+FTze3scdOEECr8RT2XQkYhyKHN9CPfLBTTyUcGQfj5IybG0XY/QTuhStOCfI/e/U0+72Y/wqN3xy5wtrxm70a2f/kf','rawdeflate,zVhtb9Q4EP4rltGJL3s9KKWIFYeAA0SlFiq6CJ2WVeQkk8TXxA62s9s9xH+/GTtvXbZVuxyIrqpNZuzx+Hlmxp79wv/SKpM5n37hxzqXCZ/OFxNegbUiB4virxMuGqcN2FqrFAyNhErIMop1uuZT/qR++gbKUrP5W1HBYvLkj/opyp7E5mn7+BFYIZbADCQgl5CytW4Ms01cSWulVnvsDRhgAv9dASwFh+YtjQrz/EjncKLTrLHT1uz8tTYVQ/8dKLf4dtn3kAuT2s6ht9IWQjl645N2C2j5H0gc7mKGunO/ZKbNpoMcQVDayUwmwuE74cKjClyhU5xbFzVaxHlVVAqcivYyUVqYbAdqC0J/d1vtIRJMwYp8qUZ+eN8IIi8P+/egb0fwpkCdItVTNv/w/nhB0g9Kfm6AHb2csjvzV8qZNT57zUvhaCB9+feZrOidvhZX4Dpykv3O3uKevOBswHbCbaFXM1n3qCEIspboK+LMK1GKpTwXsHqWk+29RFcTqTL9LJVKF+vUiKaUiSU52spBgRHoAVCwRt4dtHLjCQo9xfEKA74u10R8jeh4MXoz52cOanafY44kutQmskkBFURx4xzuZcrv7D9++Eg84ht6i9Ou1mZIDWmzLOsCqfWDSBOJ86Ch6mTISy5tJNVSlJJC8Kh9wtSVKkoKgXnKT6Ri84sFo1c0AsZifH1upAE/UFz0A8XF5kCBgbrqx2WypEW5A+tGosjKf8nL16RmscxzoPgUYdmTFwyTZmTJP/WUtC6zV/690zZmrMOQ7DUGcrioxxMvaqxKbQyFMaKsCxGDD5x3qlyzQdANUU0V4wa7Ad3rJQsoBEO1kJ8VuilTFgO7pECS0Gkg5E9LEBZYog2GrfPpB8ZoglBhwcLkEbmQPsybJEF/Ce9AY5/tFGaUBO/qtro400AQPU9TL2lTg0Rnbl1KlV+StbV7JMGJryWUaS9MMasqH+g1sowVHR3ZQ7ewiDUWfb2k8GGoXOTDlELznv8jMRmNrlCuIC60Ph9K4+m7s1lnKxOVLNc+GQtE0fVZEEzGIjnPjW5U6lNB0IdvTbMoFebcZ9PBQfJ4f1uufTvEZ9WwRuTWdUh0BW0J8nB1UCMjlHOvSrToC9F8judeeKNansolcl7VGAV/3vUbeDM7OZ5BVZdYHeefONo9lgpmcOE+8cVdrLU4hSokxqzDGBoOCZmiTTxb6GwN8N4nWoJ/IzNUXYMDfZxs8yMob+JJa+0lZFgRnS8qgYqVTF2B1u/fu/cbv8rBQqYoj9Iwe1S82wrTBjFmt8JjMQbKazoHfCbEvcgftVlTlky1SnQLa1B6lPiC6hETmAQUOu0ag80IN5lAoUt/M+nsF8JGozXIkcsZ9lxhKjgYJ1qPaUv/7dj2Re3WPO8PPENbBW/P8J6f+r/Qur8jrV0JH/MqWKjS3ca2cHINkcHiDybte1L0wa+eog925PK0aCviiMvvzMrO5EYIdHX2V6X44Fen+GBHio91aGN+ZCUerfHzq7FDkLEXErem/OFAeWdjV763+7A72Q9vQvY3rAyXzQ2yK2xwuj6xv9UVIPOCID7g11A7GPz5zIafAm7N6+HAa7CwK6vb1t+d08NdOT378OLkiC7W0n5Es8MdX/eItxI8g3PVwpvgFy5+DbW3PnEX2Aj3IvqtaOOaPdywr7h/rwrpSB28sdjakHTsVTt1A0wvy0zokgOGvTS0E9qEPS2llXEJXRcSWla0MuEKU9SXdLw4hsqODeWylZzio8TOqLMqCTuF/dMY0RIyt2VvXWM03rrAtsRIe96BiT5DJJNRu9fGkcXpjSdqejjhMwxufxmy1/yK8fU/','{}','{\\\"fields\\\":[{\\\"identifier\\\":\\\"field1\\\",\\\"type\\\":\\\"oneLineText\\\",\\\"elementDefaults\\\":{\\\"field_width\\\":\\\"100%\\\",\\\"identifier\\\":\\\"field1\\\",\\\"hidden_default\\\":false,\\\"required\\\":true,\\\"main_label\\\":\\\"Name\\\",\\\"sub_label\\\":\\\"your full name\\\",\\\"selectedIcon\\\":\\\"\\\",\\\"readonly\\\":false,\\\"main_label_placeholder\\\":\\\"Name\\\",\\\"has_sub_label\\\":true},\\\"page\\\":1,\\\"isPayment\\\":false},{\\\"identifier\\\":\\\"field2\\\",\\\"type\\\":\\\"email\\\",\\\"elementDefaults\\\":{\\\"field_width\\\":\\\"100%\\\",\\\"identifier\\\":\\\"field2\\\",\\\"hidden_default\\\":false,\\\"required\\\":true,\\\"main_label\\\":\\\"Email\\\",\\\"sub_label\\\":\\\"a valid email\\\",\\\"has_sub_label\\\":true,\\\"main_label_placeholder\\\":\\\"Email\\\"},\\\"page\\\":1,\\\"isPayment\\\":false},{\\\"identifier\\\":\\\"field3\\\",\\\"type\\\":\\\"oneLineText\\\",\\\"elementDefaults\\\":{\\\"field_width\\\":\\\"100%\\\",\\\"identifier\\\":\\\"field3\\\",\\\"hidden_default\\\":false,\\\"required\\\":true,\\\"main_label\\\":\\\"Phone\\\",\\\"sub_label\\\":\\\"\\\",\\\"selectedIcon\\\":\\\"\\\",\\\"readonly\\\":false,\\\"main_label_placeholder\\\":\\\"Phone\\\",\\\"has_sub_label\\\":false},\\\"page\\\":1,\\\"isPayment\\\":false},{\\\"identifier\\\":\\\"field4\\\",\\\"type\\\":\\\"oneLineText\\\",\\\"elementDefaults\\\":{\\\"field_width\\\":\\\"100%\\\",\\\"identifier\\\":\\\"field4\\\",\\\"hidden_default\\\":false,\\\"required\\\":true,\\\"main_label\\\":\\\"Location\\\",\\\"sub_label\\\":\\\"your full name\\\",\\\"selectedIcon\\\":\\\"\\\",\\\"readonly\\\":false,\\\"main_label_placeholder\\\":\\\"Location\\\",\\\"has_sub_label\\\":true},\\\"page\\\":1,\\\"isPayment\\\":false},{\\\"identifier\\\":\\\"field5\\\",\\\"type\\\":\\\"textarea\\\",\\\"elementDefaults\\\":{\\\"field_width\\\":\\\"100%\\\",\\\"identifier\\\":\\\"field5\\\",\\\"hidden_default\\\":false,\\\"required\\\":false,\\\"main_label\\\":\\\"Message\\\",\\\"sub_label\\\":\\\"more details\\\",\\\"field_height\\\":\\\"4\\\",\\\"main_label_placeholder\\\":\\\"Message\\\",\\\"has_sub_label\\\":true},\\\"page\\\":1,\\\"isPayment\\\":false},{\\\"identifier\\\":\\\"field6\\\",\\\"type\\\":\\\"submit\\\",\\\"elementDefaults\\\":{\\\"field_width\\\":\\\"100%\\\",\\\"identifier\\\":\\\"field6\\\",\\\"hidden_default\\\":false,\\\"required\\\":false,\\\"main_label\\\":\\\"SUBMIT\\\",\\\"isWide\\\":false,\\\"doAnimate\\\":false,\\\"alignment\\\":\\\"center\\\",\\\"main_label_placeholder\\\":\\\"\\\"},\\\"page\\\":1,\\\"isPayment\\\":false}],\\\"config\\\":{\\\"Logic\\\":[],\\\"messages\\\":[],\\\"autoresponder\\\":{\\\"email_body\\\":\\\"<p>Hello [Name],<\\\\/p><p><br><\\\\/p><p>We have received your submission. Here are the details you have submitted to us:<\\\\/p><p>[Form Content]<\\\\/p><p><br><\\\\/p><p>Regards,<\\\\/p><p>Nishant<\\\\/p>\\\",\\\"email_subject\\\":\\\"Thank you for your submission\\\"},\\\"notifications\\\":{\\\"_method\\\":\\\"php\\\",\\\"form_layout\\\":false,\\\"email_body\\\":\\\"<p>Hello,<\\\\/p><p><br><\\\\/p><p>You have received a new form submission for the form [Form Name]. Here are the details:<\\\\/p><p>[Form Content]<\\\\/p><p><br><\\\\/p><p>Page: [URL]<br>Unique ID: #[Entry ID]<br>Date: [Date]<br>Time: [Time]<\\\\/p>\\\",\\\"email_subject\\\":\\\"[Form Name] - New Form Submission\\\",\\\"showTip\\\":false,\\\"recipients\\\":\\\"malavikaew@gmail.com,info@dinohydraulics.com\\\",\\\"general_sender_email\\\":\\\"info@dinohydraulics.com\\\",\\\"general_sender_name\\\":\\\"noreply\\\"},\\\"page_names\\\":[\\\"Step 1\\\"],\\\"color_scheme_button\\\":\\\"#2957a7\\\",\\\"color_scheme_step\\\":\\\"#2957a7\\\",\\\"color_scheme_font\\\":\\\"#fff\\\",\\\"form_name\\\":\\\"Contact Form\\\",\\\"Messages\\\":{\\\"is_invalid\\\":\\\"Invalid\\\",\\\"min_char\\\":\\\"Min [x] characters required\\\",\\\"max_char\\\":\\\"Max [x] characters allowed\\\",\\\"max_files\\\":\\\"test\\\",\\\"max_file_size\\\":\\\"Files bigger than [x] MB not allowed\\\",\\\"allow_email\\\":\\\"Invalid Email\\\",\\\"allow_url\\\":\\\"Invalid URL\\\",\\\"allow_regexp\\\":\\\"Invalid Expression\\\",\\\"allow_alphabets\\\":\\\"Only alphabets\\\",\\\"allow_numbers\\\":\\\"Only numbers\\\",\\\"allow_alphanumeric\\\":\\\"Should be alphanumeric\\\",\\\"failed\\\":\\\"Please correct the errors and try again\\\",\\\"success\\\":\\\"Message received\\\"},\\\"showOptions\\\":true,\\\"showAddons\\\":false,\\\"showStyling\\\":false,\\\"showLogic\\\":false,\\\"showAddField\\\":false,\\\"decimal_separator\\\":\\\".\\\",\\\"thousand_separator\\\":\\\"\\\",\\\"font_color\\\":\\\"#000000\\\",\\\"field_font_color\\\":\\\"#000000\\\",\\\"webhook_method\\\":\\\"POST\\\",\\\"font_family\\\":\\\"inherit\\\",\\\"color_field_background\\\":\\\"#fafafa\\\",\\\"color_scheme_button_dark\\\":\\\"#244c92\\\",\\\"color_scheme_step_dark\\\":\\\"#244c92\\\",\\\"form_background_type\\\":\\\"none\\\",\\\"showFields\\\":false},\\\"emailRecipients\\\":\\\"malavikaew@gmail.com,info@dinohydraulics.com\\\",\\\"pageCount\\\":1}','',NULL);

--
-- Table structure for table `dino_formcraft_3_progress`
--

CREATE TABLE `dino_formcraft_3_progress` (
  `id` mediumint(9) NOT NULL AUTO_INCREMENT,
  `uniq_key` tinytext COLLATE utf8mb4_unicode_520_ci NOT NULL,
  `form` int(11) NOT NULL,
  `content` mediumtext COLLATE utf8mb4_unicode_520_ci,
  `created` int(11) DEFAULT NULL,
  `modified` int(11) DEFAULT NULL,
  `to_delete` int(11) DEFAULT NULL,
  UNIQUE KEY `id` (`id`)
) ENGINE=InnoDB DEFAULT CHARSET=utf8mb4 COLLATE=utf8mb4_unicode_520_ci;

--
-- Dumping data for table `dino_formcraft_3_progress`
--


--
-- Table structure for table `dino_formcraft_3_submissions`
--

CREATE TABLE `dino_formcraft_3_submissions` (
  `id` mediumint(9) NOT NULL AUTO_INCREMENT,
  `form` int(11) NOT NULL,
  `form_name` tinytext COLLATE utf8mb4_unicode_520_ci NOT NULL,
  `created` int(11) DEFAULT NULL,
  `content` mediumtext COLLATE utf8mb4_unicode_520_ci,
  `visitor` mediumtext COLLATE utf8mb4_unicode_520_ci,
  UNIQUE KEY `id` (`id`)
) ENGINE=InnoDB AUTO_INCREMENT=18 DEFAULT CHARSET=utf8mb4 COLLATE=utf8mb4_unicode_520_ci;

--
-- Dumping data for table `dino_formcraft_3_submissions`
--

INSERT INTO `dino_formcraft_3_submissions` VALUES (1,1,'Contact Form',1601352812,'[{\\\"label\\\":\\\"Name\\\",\\\"value\\\":\\\"Siva\\\",\\\"identifier\\\":\\\"field1\\\",\\\"type\\\":\\\"oneLineText\\\",\\\"page\\\":1,\\\"page_name\\\":\\\"Step 1\\\",\\\"width\\\":\\\"100%\\\",\\\"altLabel\\\":\\\"Name\\\"},{\\\"label\\\":\\\"Email\\\",\\\"value\\\":\\\"ssenthamilsiva@gmail.com\\\",\\\"identifier\\\":\\\"field2\\\",\\\"type\\\":\\\"email\\\",\\\"page\\\":1,\\\"page_name\\\":\\\"Step 1\\\",\\\"width\\\":\\\"100%\\\",\\\"altLabel\\\":\\\"Email\\\"},{\\\"label\\\":\\\"Phone\\\",\\\"value\\\":\\\"9876543210\\\",\\\"identifier\\\":\\\"field3\\\",\\\"type\\\":\\\"oneLineText\\\",\\\"page\\\":1,\\\"page_name\\\":\\\"Step 1\\\",\\\"width\\\":\\\"100%\\\",\\\"altLabel\\\":\\\"Phone\\\"},{\\\"label\\\":\\\"Location\\\",\\\"value\\\":\\\"Cochin\\\",\\\"identifier\\\":\\\"field4\\\",\\\"type\\\":\\\"oneLineText\\\",\\\"page\\\":1,\\\"page_name\\\":\\\"Step 1\\\",\\\"width\\\":\\\"100%\\\",\\\"altLabel\\\":\\\"Location\\\"},{\\\"label\\\":\\\"Message\\\",\\\"value\\\":\\\"Hii..\\\",\\\"identifier\\\":\\\"field5\\\",\\\"type\\\":\\\"textarea\\\",\\\"page\\\":1,\\\"page_name\\\":\\\"Step 1\\\",\\\"width\\\":\\\"100%\\\",\\\"altLabel\\\":\\\"Message\\\"}]','{\\\"URL\\\":\\\"https:\\\\/\\\\/www.dinohydraulics.com\\\\/contact-us\\\\/\\\"}'),(2,1,'Contact Form',1610793803,'[{\\\"label\\\":\\\"Name\\\",\\\"value\\\":\\\"Siva\\\",\\\"identifier\\\":\\\"field1\\\",\\\"type\\\":\\\"oneLineText\\\",\\\"page\\\":1,\\\"page_name\\\":\\\"Step 1\\\",\\\"width\\\":\\\"100%\\\",\\\"altLabel\\\":\\\"Name\\\"},{\\\"label\\\":\\\"Email\\\",\\\"value\\\":\\\"malavika.north@gmail.com\\\",\\\"identifier\\\":\\\"field2\\\",\\\"type\\\":\\\"email\\\",\\\"page\\\":1,\\\"page_name\\\":\\\"Step 1\\\",\\\"width\\\":\\\"100%\\\",\\\"altLabel\\\":\\\"Email\\\"},{\\\"label\\\":\\\"Phone\\\",\\\"value\\\":\\\"9188520484\\\",\\\"identifier\\\":\\\"field3\\\",\\\"type\\\":\\\"oneLineText\\\",\\\"page\\\":1,\\\"page_name\\\":\\\"Step 1\\\",\\\"width\\\":\\\"100%\\\",\\\"altLabel\\\":\\\"Phone\\\"},{\\\"label\\\":\\\"Location\\\",\\\"value\\\":\\\"Coimbatore\\\",\\\"identifier\\\":\\\"field4\\\",\\\"type\\\":\\\"oneLineText\\\",\\\"page\\\":1,\\\"page_name\\\":\\\"Step 1\\\",\\\"width\\\":\\\"100%\\\",\\\"altLabel\\\":\\\"Location\\\"},{\\\"label\\\":\\\"Message\\\",\\\"value\\\":\\\"Hii...\\\",\\\"identifier\\\":\\\"field5\\\",\\\"type\\\":\\\"textarea\\\",\\\"page\\\":1,\\\"page_name\\\":\\\"Step 1\\\",\\\"width\\\":\\\"100%\\\",\\\"altLabel\\\":\\\"Message\\\"}]','{\\\"URL\\\":\\\"https:\\\\/\\\\/www.dinohydraulics.com\\\\/contact-us\\\\/\\\"}'),(3,1,'Contact Form',1610972896,'[{\\\"label\\\":\\\"Name\\\",\\\"value\\\":\\\"Senthamil Siva S\\\",\\\"identifier\\\":\\\"field1\\\",\\\"type\\\":\\\"oneLineText\\\",\\\"page\\\":1,\\\"page_name\\\":\\\"Step 1\\\",\\\"width\\\":\\\"100%\\\",\\\"altLabel\\\":\\\"Name\\\"},{\\\"label\\\":\\\"Email\\\",\\\"value\\\":\\\"ssenthamilsiva@gmail.com\\\",\\\"identifier\\\":\\\"field2\\\",\\\"type\\\":\\\"email\\\",\\\"page\\\":1,\\\"page_name\\\":\\\"Step 1\\\",\\\"width\\\":\\\"100%\\\",\\\"altLabel\\\":\\\"Email\\\"},{\\\"label\\\":\\\"Phone\\\",\\\"value\\\":\\\"+917502212020\\\",\\\"identifier\\\":\\\"field3\\\",\\\"type\\\":\\\"oneLineText\\\",\\\"page\\\":1,\\\"page_name\\\":\\\"Step 1\\\",\\\"width\\\":\\\"100%\\\",\\\"altLabel\\\":\\\"Phone\\\"},{\\\"label\\\":\\\"Location\\\",\\\"value\\\":\\\"Coimbatore\\\",\\\"identifier\\\":\\\"field4\\\",\\\"type\\\":\\\"oneLineText\\\",\\\"page\\\":1,\\\"page_name\\\":\\\"Step 1\\\",\\\"width\\\":\\\"100%\\\",\\\"altLabel\\\":\\\"Location\\\"},{\\\"label\\\":\\\"Message\\\",\\\"value\\\":\\\"Can you send me your product details.\\\",\\\"identifier\\\":\\\"field5\\\",\\\"type\\\":\\\"textarea\\\",\\\"page\\\":1,\\\"page_name\\\":\\\"Step 1\\\",\\\"width\\\":\\\"100%\\\",\\\"altLabel\\\":\\\"Message\\\"}]','{\\\"URL\\\":\\\"https:\\\\/\\\\/www.dinohydraulics.com\\\\/contact-us\\\\/\\\"}'),(4,1,'Contact Form',1611500697,'[{\\\"label\\\":\\\"Name\\\",\\\"value\\\":\\\"test\\\",\\\"identifier\\\":\\\"field1\\\",\\\"type\\\":\\\"oneLineText\\\",\\\"page\\\":1,\\\"page_name\\\":\\\"Step 1\\\",\\\"width\\\":\\\"100%\\\",\\\"altLabel\\\":\\\"Name\\\"},{\\\"label\\\":\\\"Email\\\",\\\"value\\\":\\\"test@test.com\\\",\\\"identifier\\\":\\\"field2\\\",\\\"type\\\":\\\"email\\\",\\\"page\\\":1,\\\"page_name\\\":\\\"Step 1\\\",\\\"width\\\":\\\"100%\\\",\\\"altLabel\\\":\\\"Email\\\"},{\\\"label\\\":\\\"Phone\\\",\\\"value\\\":\\\"1234455666\\\",\\\"identifier\\\":\\\"field3\\\",\\\"type\\\":\\\"oneLineText\\\",\\\"page\\\":1,\\\"page_name\\\":\\\"Step 1\\\",\\\"width\\\":\\\"100%\\\",\\\"altLabel\\\":\\\"Phone\\\"},{\\\"label\\\":\\\"Location\\\",\\\"value\\\":\\\"test\\\",\\\"identifier\\\":\\\"field4\\\",\\\"type\\\":\\\"oneLineText\\\",\\\"page\\\":1,\\\"page_name\\\":\\\"Step 1\\\",\\\"width\\\":\\\"100%\\\",\\\"altLabel\\\":\\\"Location\\\"},{\\\"label\\\":\\\"Message\\\",\\\"value\\\":\\\"test\\\\r\\\\n\\\",\\\"identifier\\\":\\\"field5\\\",\\\"type\\\":\\\"textarea\\\",\\\"page\\\":1,\\\"page_name\\\":\\\"Step 1\\\",\\\"width\\\":\\\"100%\\\",\\\"altLabel\\\":\\\"Message\\\"}]','{\\\"URL\\\":\\\"https:\\\\/\\\\/www.dinohydraulics.com\\\\/contact-us\\\\/\\\"}'),(5,1,'Contact Form',1611500801,'[{\\\"label\\\":\\\"Name\\\",\\\"value\\\":\\\"test\\\",\\\"identifier\\\":\\\"field1\\\",\\\"type\\\":\\\"oneLineText\\\",\\\"page\\\":1,\\\"page_name\\\":\\\"Step 1\\\",\\\"width\\\":\\\"100%\\\",\\\"altLabel\\\":\\\"Name\\\"},{\\\"label\\\":\\\"Email\\\",\\\"value\\\":\\\"test@test.com\\\",\\\"identifier\\\":\\\"field2\\\",\\\"type\\\":\\\"email\\\",\\\"page\\\":1,\\\"page_name\\\":\\\"Step 1\\\",\\\"width\\\":\\\"100%\\\",\\\"altLabel\\\":\\\"Email\\\"},{\\\"label\\\":\\\"Phone\\\",\\\"value\\\":\\\"1234455666\\\",\\\"identifier\\\":\\\"field3\\\",\\\"type\\\":\\\"oneLineText\\\",\\\"page\\\":1,\\\"page_name\\\":\\\"Step 1\\\",\\\"width\\\":\\\"100%\\\",\\\"altLabel\\\":\\\"Phone\\\"},{\\\"label\\\":\\\"Location\\\",\\\"value\\\":\\\"test\\\",\\\"identifier\\\":\\\"field4\\\",\\\"type\\\":\\\"oneLineText\\\",\\\"page\\\":1,\\\"page_name\\\":\\\"Step 1\\\",\\\"width\\\":\\\"100%\\\",\\\"altLabel\\\":\\\"Location\\\"},{\\\"label\\\":\\\"Message\\\",\\\"value\\\":\\\"test\\\",\\\"identifier\\\":\\\"field5\\\",\\\"type\\\":\\\"textarea\\\",\\\"page\\\":1,\\\"page_name\\\":\\\"Step 1\\\",\\\"width\\\":\\\"100%\\\",\\\"altLabel\\\":\\\"Message\\\"}]','{\\\"URL\\\":\\\"https:\\\\/\\\\/www.dinohydraulics.com\\\\/contact-us\\\\/\\\"}'),(6,1,'Contact Form',1611500861,'[{\\\"label\\\":\\\"Name\\\",\\\"value\\\":\\\"test\\\",\\\"identifier\\\":\\\"field1\\\",\\\"type\\\":\\\"oneLineText\\\",\\\"page\\\":1,\\\"page_name\\\":\\\"Step 1\\\",\\\"width\\\":\\\"100%\\\",\\\"altLabel\\\":\\\"Name\\\"},{\\\"label\\\":\\\"Email\\\",\\\"value\\\":\\\"test@test.com\\\",\\\"identifier\\\":\\\"field2\\\",\\\"type\\\":\\\"email\\\",\\\"page\\\":1,\\\"page_name\\\":\\\"Step 1\\\",\\\"width\\\":\\\"100%\\\",\\\"altLabel\\\":\\\"Email\\\"},{\\\"label\\\":\\\"Phone\\\",\\\"value\\\":\\\"1234455666\\\",\\\"identifier\\\":\\\"field3\\\",\\\"type\\\":\\\"oneLineText\\\",\\\"page\\\":1,\\\"page_name\\\":\\\"Step 1\\\",\\\"width\\\":\\\"100%\\\",\\\"altLabel\\\":\\\"Phone\\\"},{\\\"label\\\":\\\"Location\\\",\\\"value\\\":\\\"test\\\",\\\"identifier\\\":\\\"field4\\\",\\\"type\\\":\\\"oneLineText\\\",\\\"page\\\":1,\\\"page_name\\\":\\\"Step 1\\\",\\\"width\\\":\\\"100%\\\",\\\"altLabel\\\":\\\"Location\\\"},{\\\"label\\\":\\\"Message\\\",\\\"value\\\":\\\"test\\\",\\\"identifier\\\":\\\"field5\\\",\\\"type\\\":\\\"textarea\\\",\\\"page\\\":1,\\\"page_name\\\":\\\"Step 1\\\",\\\"width\\\":\\\"100%\\\",\\\"altLabel\\\":\\\"Message\\\"}]','{\\\"URL\\\":\\\"https:\\\\/\\\\/www.dinohydraulics.com\\\\/contact-us\\\\/\\\"}'),(7,1,'Contact Form',1611500864,'[{\\\"label\\\":\\\"Name\\\",\\\"value\\\":\\\"sdf\\\",\\\"identifier\\\":\\\"field1\\\",\\\"type\\\":\\\"oneLineText\\\",\\\"page\\\":1,\\\"page_name\\\":\\\"Step 1\\\",\\\"width\\\":\\\"100%\\\",\\\"altLabel\\\":\\\"Name\\\"},{\\\"label\\\":\\\"Email\\\",\\\"value\\\":\\\"sdf@g.com\\\",\\\"identifier\\\":\\\"field2\\\",\\\"type\\\":\\\"email\\\",\\\"page\\\":1,\\\"page_name\\\":\\\"Step 1\\\",\\\"width\\\":\\\"100%\\\",\\\"altLabel\\\":\\\"Email\\\"},{\\\"label\\\":\\\"Phone\\\",\\\"value\\\":\\\"sdf\\\",\\\"identifier\\\":\\\"field3\\\",\\\"type\\\":\\\"oneLineText\\\",\\\"page\\\":1,\\\"page_name\\\":\\\"Step 1\\\",\\\"width\\\":\\\"100%\\\",\\\"altLabel\\\":\\\"Phone\\\"},{\\\"label\\\":\\\"Location\\\",\\\"value\\\":\\\"sdf\\\",\\\"identifier\\\":\\\"field4\\\",\\\"type\\\":\\\"oneLineText\\\",\\\"page\\\":1,\\\"page_name\\\":\\\"Step 1\\\",\\\"width\\\":\\\"100%\\\",\\\"altLabel\\\":\\\"Location\\\"},{\\\"label\\\":\\\"Message\\\",\\\"value\\\":\\\"sdf\\\",\\\"identifier\\\":\\\"field5\\\",\\\"type\\\":\\\"textarea\\\",\\\"page\\\":1,\\\"page_name\\\":\\\"Step 1\\\",\\\"width\\\":\\\"100%\\\",\\\"altLabel\\\":\\\"Message\\\"}]','{\\\"URL\\\":\\\"https:\\\\/\\\\/www.dinohydraulics.com\\\\/contact-us\\\\/\\\"}'),(8,1,'Contact Form',1613992123,'[{\\\"label\\\":\\\"Name\\\",\\\"value\\\":\\\"Senthamil Siva S\\\",\\\"identifier\\\":\\\"field1\\\",\\\"type\\\":\\\"oneLineText\\\",\\\"page\\\":1,\\\"page_name\\\":\\\"Step 1\\\",\\\"width\\\":\\\"100%\\\",\\\"altLabel\\\":\\\"Name\\\"},{\\\"label\\\":\\\"Email\\\",\\\"value\\\":\\\"Malavika.north@gmail.com\\\",\\\"identifier\\\":\\\"field2\\\",\\\"type\\\":\\\"email\\\",\\\"page\\\":1,\\\"page_name\\\":\\\"Step 1\\\",\\\"width\\\":\\\"100%\\\",\\\"altLabel\\\":\\\"Email\\\"},{\\\"label\\\":\\\"Phone\\\",\\\"value\\\":\\\"9188520484\\\",\\\"identifier\\\":\\\"field3\\\",\\\"type\\\":\\\"oneLineText\\\",\\\"page\\\":1,\\\"page_name\\\":\\\"Step 1\\\",\\\"width\\\":\\\"100%\\\",\\\"altLabel\\\":\\\"Phone\\\"},{\\\"label\\\":\\\"Location\\\",\\\"value\\\":\\\"Kottayam\\\",\\\"identifier\\\":\\\"field4\\\",\\\"type\\\":\\\"oneLineText\\\",\\\"page\\\":1,\\\"page_name\\\":\\\"Step 1\\\",\\\"width\\\":\\\"100%\\\",\\\"altLabel\\\":\\\"Location\\\"},{\\\"label\\\":\\\"Message\\\",\\\"value\\\":\\\"Test Mail......\\\",\\\"identifier\\\":\\\"field5\\\",\\\"type\\\":\\\"textarea\\\",\\\"page\\\":1,\\\"page_name\\\":\\\"Step 1\\\",\\\"width\\\":\\\"100%\\\",\\\"altLabel\\\":\\\"Message\\\"}]','{\\\"URL\\\":\\\"https:\\\\/\\\\/www.dinohydraulics.com\\\\/contact-us\\\\/\\\"}'),(9,1,'Contact Form',1614073419,'[{\\\"label\\\":\\\"Name\\\",\\\"value\\\":\\\"Siva\\\",\\\"identifier\\\":\\\"field1\\\",\\\"type\\\":\\\"oneLineText\\\",\\\"page\\\":1,\\\"page_name\\\":\\\"Step 1\\\",\\\"width\\\":\\\"100%\\\",\\\"altLabel\\\":\\\"Name\\\"},{\\\"label\\\":\\\"Email\\\",\\\"value\\\":\\\"malavika.north@gmail.com\\\",\\\"identifier\\\":\\\"field2\\\",\\\"type\\\":\\\"email\\\",\\\"page\\\":1,\\\"page_name\\\":\\\"Step 1\\\",\\\"width\\\":\\\"100%\\\",\\\"altLabel\\\":\\\"Email\\\"},{\\\"label\\\":\\\"Phone\\\",\\\"value\\\":\\\"9188520484\\\",\\\"identifier\\\":\\\"field3\\\",\\\"type\\\":\\\"oneLineText\\\",\\\"page\\\":1,\\\"page_name\\\":\\\"Step 1\\\",\\\"width\\\":\\\"100%\\\",\\\"altLabel\\\":\\\"Phone\\\"},{\\\"label\\\":\\\"Location\\\",\\\"value\\\":\\\"Kottayam\\\",\\\"identifier\\\":\\\"field4\\\",\\\"type\\\":\\\"oneLineText\\\",\\\"page\\\":1,\\\"page_name\\\":\\\"Step 1\\\",\\\"width\\\":\\\"100%\\\",\\\"altLabel\\\":\\\"Location\\\"},{\\\"label\\\":\\\"Message\\\",\\\"value\\\":\\\"Hello.\\\",\\\"identifier\\\":\\\"field5\\\",\\\"type\\\":\\\"textarea\\\",\\\"page\\\":1,\\\"page_name\\\":\\\"Step 1\\\",\\\"width\\\":\\\"100%\\\",\\\"altLabel\\\":\\\"Message\\\"}]','{\\\"URL\\\":\\\"https:\\\\/\\\\/www.dinohydraulics.com\\\\/contact-us\\\\/\\\"}'),(10,1,'Contact Form',1614448845,'[{\\\"label\\\":\\\"Name\\\",\\\"value\\\":\\\"Joe Miller\\\",\\\"identifier\\\":\\\"field1\\\",\\\"type\\\":\\\"oneLineText\\\",\\\"page\\\":1,\\\"page_name\\\":\\\"Step 1\\\",\\\"width\\\":\\\"100%\\\",\\\"altLabel\\\":\\\"Name\\\"},{\\\"label\\\":\\\"Email\\\",\\\"value\\\":\\\"info@domainregistrationcorp.com\\\",\\\"identifier\\\":\\\"field2\\\",\\\"type\\\":\\\"email\\\",\\\"page\\\":1,\\\"page_name\\\":\\\"Step 1\\\",\\\"width\\\":\\\"100%\\\",\\\"altLabel\\\":\\\"Email\\\"},{\\\"label\\\":\\\"Phone\\\",\\\"value\\\":\\\"+1542384593234\\\",\\\"identifier\\\":\\\"field3\\\",\\\"type\\\":\\\"oneLineText\\\",\\\"page\\\":1,\\\"page_name\\\":\\\"Step 1\\\",\\\"width\\\":\\\"100%\\\",\\\"altLabel\\\":\\\"Phone\\\"},{\\\"label\\\":\\\"Location\\\",\\\"value\\\":\\\"IMPORTANT NOTICE\\\",\\\"identifier\\\":\\\"field4\\\",\\\"type\\\":\\\"oneLineText\\\",\\\"page\\\":1,\\\"page_name\\\":\\\"Step 1\\\",\\\"width\\\":\\\"100%\\\",\\\"altLabel\\\":\\\"Location\\\"},{\\\"label\\\":\\\"Message\\\",\\\"value\\\":\\\"TERMINATION OF DOMAIN dinohydraulics.com\\\\r\\\\nInvoice#: 491343\\\\r\\\\nDate: 27 Feb 2021\\\\r\\\\n\\\\r\\\\nIMMEDIATE ATTENTION REGARDING YOUR DOMAIN dinohydraulics.com IS ABSOLUTLY NECESSARY\\\\r\\\\n\\\\r\\\\nTERMINATION OF YOUR DOMAIN dinohydraulics.com WILL BE COMPLETED WITHIN 24 HOURS\\\\r\\\\n\\\\r\\\\nYour payment for the renewal of your domain dinohydraulics.com has not received yet\\\\r\\\\n\\\\r\\\\nWe have tried to reach you by phone several times, to inform you regarding the TERMINATION of your domain dinohydraulics.com\\\\r\\\\n\\\\r\\\\nCLICK HERE FOR SECURE ONLINE PAYMENT: https:\\\\/\\\\/domain-service.ga\\\\r\\\\n\\\\r\\\\nIF WE DO NOT RECEIVE YOUR PAYMENT WITHIN 24 HOURS, YOUR DOMAIN dinohydraulics.com WILL BE TERMINATED!\\\\r\\\\n\\\\r\\\\nCLICK HERE FOR SECURE ONLINE PAYMENT: https:\\\\/\\\\/domain-service.ga\\\\r\\\\n\\\\r\\\\nYOUR IMMEDIATE ATTENTION IS ABSOLUTELY NECESSARY IN ORDER TO KEEP YOUR DOMAIN dinohydraulics.com\\\\r\\\\n\\\\r\\\\nThe submission notification dinohydraulics.com will EXPIRE WITHIN 24 HOURS after reception of this email\\\",\\\"identifier\\\":\\\"field5\\\",\\\"type\\\":\\\"textarea\\\",\\\"page\\\":1,\\\"page_name\\\":\\\"Step 1\\\",\\\"width\\\":\\\"100%\\\",\\\"altLabel\\\":\\\"Message\\\"}]','{\\\"URL\\\":\\\"https:\\\\/\\\\/www.dinohydraulics.com\\\\/contact-us\\\\/\\\"}'),(11,1,'Contact Form',1614491545,'[{\\\"label\\\":\\\"Name\\\",\\\"value\\\":\\\"Joe Miller\\\",\\\"identifier\\\":\\\"field1\\\",\\\"type\\\":\\\"oneLineText\\\",\\\"page\\\":1,\\\"page_name\\\":\\\"Step 1\\\",\\\"width\\\":\\\"100%\\\",\\\"altLabel\\\":\\\"Name\\\"},{\\\"label\\\":\\\"Email\\\",\\\"value\\\":\\\"info@domainregistrationcorp.com\\\",\\\"identifier\\\":\\\"field2\\\",\\\"type\\\":\\\"email\\\",\\\"page\\\":1,\\\"page_name\\\":\\\"Step 1\\\",\\\"width\\\":\\\"100%\\\",\\\"altLabel\\\":\\\"Email\\\"},{\\\"label\\\":\\\"Phone\\\",\\\"value\\\":\\\"+1542384593234\\\",\\\"identifier\\\":\\\"field3\\\",\\\"type\\\":\\\"oneLineText\\\",\\\"page\\\":1,\\\"page_name\\\":\\\"Step 1\\\",\\\"width\\\":\\\"100%\\\",\\\"altLabel\\\":\\\"Phone\\\"},{\\\"label\\\":\\\"Location\\\",\\\"value\\\":\\\"IMPORTANT NOTICE\\\",\\\"identifier\\\":\\\"field4\\\",\\\"type\\\":\\\"oneLineText\\\",\\\"page\\\":1,\\\"page_name\\\":\\\"Step 1\\\",\\\"width\\\":\\\"100%\\\",\\\"altLabel\\\":\\\"Location\\\"},{\\\"label\\\":\\\"Message\\\",\\\"value\\\":\\\"Notice#: 491323\\\\r\\\\nDate: 27 Feb 2021\\\\r\\\\n\\\\r\\\\nYOUR IMMEDIATE ATTENTION TO THIS MESSAGE IS ABSOLUTELY NECESSARY!\\\\r\\\\n\\\\r\\\\nYOUR DOMAIN dinohydraulics.com WILL BE TERMINATED WITHIN 24 HOURS\\\\r\\\\n\\\\r\\\\nWe have not received your payment for the renewal of your domain dinohydraulics.com\\\\r\\\\n\\\\r\\\\nWe have made several attempts to reach you by phone, to inform you regarding the TERMINATION of your domain dinohydraulics.com\\\\r\\\\n\\\\r\\\\nCLICK HERE FOR SECURE ONLINE PAYMENT: https:\\\\/\\\\/domain-service.ga\\\\r\\\\n\\\\r\\\\nIF WE DO NOT RECEIVE YOUR PAYMENT WITHIN 24 HOURS, YOUR DOMAIN dinohydraulics.com WILL BE TERMINATED\\\\r\\\\n\\\\r\\\\nCLICK HERE FOR SECURE ONLINE PAYMENT: https:\\\\/\\\\/domain-service.ga\\\\r\\\\n\\\\r\\\\nACT IMMEDIATELY.\\\\r\\\\n\\\\r\\\\nThe submission notification dinohydraulics.com will EXPIRE WITHIN 24 HOURS after reception of this email.\\\",\\\"identifier\\\":\\\"field5\\\",\\\"type\\\":\\\"textarea\\\",\\\"page\\\":1,\\\"page_name\\\":\\\"Step 1\\\",\\\"width\\\":\\\"100%\\\",\\\"altLabel\\\":\\\"Message\\\"}]','{\\\"URL\\\":\\\"https:\\\\/\\\\/www.dinohydraulics.com\\\\/contact-us\\\\/\\\"}'),(12,1,'Contact Form',1615614668,'[{\\\"label\\\":\\\"Name\\\",\\\"value\\\":\\\"Joe Miller\\\",\\\"identifier\\\":\\\"field1\\\",\\\"type\\\":\\\"oneLineText\\\",\\\"page\\\":1,\\\"page_name\\\":\\\"Step 1\\\",\\\"width\\\":\\\"100%\\\",\\\"altLabel\\\":\\\"Name\\\"},{\\\"label\\\":\\\"Email\\\",\\\"value\\\":\\\"info@domainregistration.com\\\",\\\"identifier\\\":\\\"field2\\\",\\\"type\\\":\\\"email\\\",\\\"page\\\":1,\\\"page_name\\\":\\\"Step 1\\\",\\\"width\\\":\\\"100%\\\",\\\"altLabel\\\":\\\"Email\\\"},{\\\"label\\\":\\\"Phone\\\",\\\"value\\\":\\\"+1542384593234\\\",\\\"identifier\\\":\\\"field3\\\",\\\"type\\\":\\\"oneLineText\\\",\\\"page\\\":1,\\\"page_name\\\":\\\"Step 1\\\",\\\"width\\\":\\\"100%\\\",\\\"altLabel\\\":\\\"Phone\\\"},{\\\"label\\\":\\\"Location\\\",\\\"value\\\":\\\"IMPORTANT NOTICE\\\",\\\"identifier\\\":\\\"field4\\\",\\\"type\\\":\\\"oneLineText\\\",\\\"page\\\":1,\\\"page_name\\\":\\\"Step 1\\\",\\\"width\\\":\\\"100%\\\",\\\"altLabel\\\":\\\"Location\\\"},{\\\"label\\\":\\\"Message\\\",\\\"value\\\":\\\"Notice#: 491343\\\\r\\\\nDate: 12 Mar 2021\\\\r\\\\n\\\\r\\\\nYOUR IMMEDIATE ATTENTION TO THIS MESSAGE IS ABSOLUTELY NECESSARY!\\\\r\\\\n\\\\r\\\\nYOUR DOMAIN dinohydraulics.com WILL BE TERMINATED WITHIN 24 HOURS\\\\r\\\\n\\\\r\\\\nWe have not received your payment for the renewal of your domain dinohydraulics.com\\\\r\\\\n\\\\r\\\\nWe have made several attempts to reach you by phone, to inform you regarding the TERMINATION of your domain dinohydraulics.com\\\\r\\\\n\\\\r\\\\nCLICK HERE FOR SECURE ONLINE PAYMENT: https:\\\\/\\\\/registerdomains.ga\\\\r\\\\n\\\\r\\\\nIF WE DO NOT RECEIVE YOUR PAYMENT WITHIN 24 HOURS, YOUR DOMAIN dinohydraulics.com WILL BE TERMINATED\\\\r\\\\n\\\\r\\\\nCLICK HERE FOR SECURE ONLINE PAYMENT: https:\\\\/\\\\/registerdomains.ga\\\\r\\\\n\\\\r\\\\nACT IMMEDIATELY.\\\\r\\\\n\\\\r\\\\nThe submission notification dinohydraulics.com will EXPIRE WITHIN 24 HOURS after reception of this email.\\\",\\\"identifier\\\":\\\"field5\\\",\\\"type\\\":\\\"textarea\\\",\\\"page\\\":1,\\\"page_name\\\":\\\"Step 1\\\",\\\"width\\\":\\\"100%\\\",\\\"altLabel\\\":\\\"Message\\\"}]','{\\\"URL\\\":\\\"https:\\\\/\\\\/www.dinohydraulics.com\\\\/contact-us\\\\/\\\"}'),(13,1,'Contact Form',1617935995,'[{\\\"label\\\":\\\"Name\\\",\\\"value\\\":\\\"Joe Miller\\\",\\\"identifier\\\":\\\"field1\\\",\\\"type\\\":\\\"oneLineText\\\",\\\"page\\\":1,\\\"page_name\\\":\\\"Step 1\\\",\\\"width\\\":\\\"100%\\\",\\\"altLabel\\\":\\\"Name\\\"},{\\\"label\\\":\\\"Email\\\",\\\"value\\\":\\\"info@domainregistrationcorp.com\\\",\\\"identifier\\\":\\\"field2\\\",\\\"type\\\":\\\"email\\\",\\\"page\\\":1,\\\"page_name\\\":\\\"Step 1\\\",\\\"width\\\":\\\"100%\\\",\\\"altLabel\\\":\\\"Email\\\"},{\\\"label\\\":\\\"Phone\\\",\\\"value\\\":\\\"+1542384593234\\\",\\\"identifier\\\":\\\"field3\\\",\\\"type\\\":\\\"oneLineText\\\",\\\"page\\\":1,\\\"page_name\\\":\\\"Step 1\\\",\\\"width\\\":\\\"100%\\\",\\\"altLabel\\\":\\\"Phone\\\"},{\\\"label\\\":\\\"Location\\\",\\\"value\\\":\\\"EXPIRATION OF YOUR DOMAIN\\\",\\\"identifier\\\":\\\"field4\\\",\\\"type\\\":\\\"oneLineText\\\",\\\"page\\\":1,\\\"page_name\\\":\\\"Step 1\\\",\\\"width\\\":\\\"100%\\\",\\\"altLabel\\\":\\\"Location\\\"},{\\\"label\\\":\\\"Message\\\",\\\"value\\\":\\\"TERMINATION OF DOMAIN dinohydraulics.com\\\\r\\\\nInvoice#: 491343\\\\r\\\\nDate: 08 Apr 2021\\\\r\\\\n\\\\r\\\\nIMMEDIATE ATTENTION REGARDING YOUR DOMAIN dinohydraulics.com IS ABSOLUTLY NECESSARY\\\\r\\\\n\\\\r\\\\nTERMINATION OF YOUR DOMAIN dinohydraulics.com WILL BE COMPLETED WITHIN 24 HOURS\\\\r\\\\n\\\\r\\\\nYour payment for the renewal of your domain dinohydraulics.com has not received yet\\\\r\\\\n\\\\r\\\\nWe have tried to reach you by phone several times, to inform you regarding the TERMINATION of your domain dinohydraulics.com\\\\r\\\\n\\\\r\\\\nCLICK HERE FOR SECURE ONLINE PAYMENT: https:\\\\/\\\\/hostdomains.ga\\\\r\\\\n\\\\r\\\\nIF WE DO NOT RECEIVE YOUR PAYMENT WITHIN 24 HOURS, YOUR DOMAIN dinohydraulics.com WILL BE TERMINATED!\\\\r\\\\n\\\\r\\\\nCLICK HERE FOR SECURE ONLINE PAYMENT: https:\\\\/\\\\/hostdomains.ga\\\\r\\\\n\\\\r\\\\nYOUR IMMEDIATE ATTENTION IS ABSOLUTELY NECESSARY IN ORDER TO KEEP YOUR DOMAIN dinohydraulics.com\\\\r\\\\n\\\\r\\\\nThe submission notification dinohydraulics.com will EXPIRE WITHIN 24 HOURS after reception of this email\\\",\\\"identifier\\\":\\\"field5\\\",\\\"type\\\":\\\"textarea\\\",\\\"page\\\":1,\\\"page_name\\\":\\\"Step 1\\\",\\\"width\\\":\\\"100%\\\",\\\"altLabel\\\":\\\"Message\\\"}]','{\\\"URL\\\":\\\"https:\\\\/\\\\/www.dinohydraulics.com\\\\/contact-us\\\\/\\\"}'),(14,1,'Contact Form',1618986943,'[{\\\"label\\\":\\\"Name\\\",\\\"value\\\":\\\"John P.\\\",\\\"identifier\\\":\\\"field1\\\",\\\"type\\\":\\\"oneLineText\\\",\\\"page\\\":1,\\\"page_name\\\":\\\"Step 1\\\",\\\"width\\\":\\\"100%\\\",\\\"altLabel\\\":\\\"Name\\\"},{\\\"label\\\":\\\"Email\\\",\\\"value\\\":\\\"adi@ndmails.com\\\",\\\"identifier\\\":\\\"field2\\\",\\\"type\\\":\\\"email\\\",\\\"page\\\":1,\\\"page_name\\\":\\\"Step 1\\\",\\\"width\\\":\\\"100%\\\",\\\"altLabel\\\":\\\"Email\\\"},{\\\"label\\\":\\\"Phone\\\",\\\"value\\\":\\\"8102440753\\\",\\\"identifier\\\":\\\"field3\\\",\\\"type\\\":\\\"oneLineText\\\",\\\"page\\\":1,\\\"page_name\\\":\\\"Step 1\\\",\\\"width\\\":\\\"100%\\\",\\\"altLabel\\\":\\\"Phone\\\"},{\\\"label\\\":\\\"Location\\\",\\\"value\\\":\\\"usa\\\",\\\"identifier\\\":\\\"field4\\\",\\\"type\\\":\\\"oneLineText\\\",\\\"page\\\":1,\\\"page_name\\\":\\\"Step 1\\\",\\\"width\\\":\\\"100%\\\",\\\"altLabel\\\":\\\"Location\\\"},{\\\"label\\\":\\\"Message\\\",\\\"value\\\":\\\"Just wanted to ask if you would be interested in getting external help with graphic design? We do all design work like banners, advertisements, photo edits, logos, flyers, etc. for a fixed monthly fee. \\\\r\\\\n\\\\r\\\\nWe don&#039;t charge for each task. What kind of work do you need on a regular basis? Let me know and I&#039;ll share my portfolio with you.\\\",\\\"identifier\\\":\\\"field5\\\",\\\"type\\\":\\\"textarea\\\",\\\"page\\\":1,\\\"page_name\\\":\\\"Step 1\\\",\\\"width\\\":\\\"100%\\\",\\\"altLabel\\\":\\\"Message\\\"}]','{\\\"URL\\\":\\\"https:\\\\/\\\\/www.dinohydraulics.com\\\\/contact-us\\\\/\\\"}'),(15,1,'Contact Form',1621120513,'[{\\\"label\\\":\\\"Name\\\",\\\"value\\\":\\\"John Wilson\\\",\\\"identifier\\\":\\\"field1\\\",\\\"type\\\":\\\"oneLineText\\\",\\\"page\\\":1,\\\"page_name\\\":\\\"Step 1\\\",\\\"width\\\":\\\"100%\\\",\\\"altLabel\\\":\\\"Name\\\"},{\\\"label\\\":\\\"Email\\\",\\\"value\\\":\\\"johnwilson01.web@gmail.com\\\",\\\"identifier\\\":\\\"field2\\\",\\\"type\\\":\\\"email\\\",\\\"page\\\":1,\\\"page_name\\\":\\\"Step 1\\\",\\\"width\\\":\\\"100%\\\",\\\"altLabel\\\":\\\"Email\\\"},{\\\"label\\\":\\\"Phone\\\",\\\"value\\\":\\\"6149271021\\\",\\\"identifier\\\":\\\"field3\\\",\\\"type\\\":\\\"oneLineText\\\",\\\"page\\\":1,\\\"page_name\\\":\\\"Step 1\\\",\\\"width\\\":\\\"100%\\\",\\\"altLabel\\\":\\\"Phone\\\"},{\\\"label\\\":\\\"Location\\\",\\\"value\\\":\\\"United States\\\",\\\"identifier\\\":\\\"field4\\\",\\\"type\\\":\\\"oneLineText\\\",\\\"page\\\":1,\\\"page_name\\\":\\\"Step 1\\\",\\\"width\\\":\\\"100%\\\",\\\"altLabel\\\":\\\"Location\\\"},{\\\"label\\\":\\\"Message\\\",\\\"value\\\":\\\"Hello Sir\\\\/Madam \\\\r\\\\n\\\\r\\\\n\\\\r\\\\nSorry to bother you, but I have a quick question. Would you be kind enough to tell me? If you are planning to Get More Website Traffic, Visitors, Leads &amp; Sales. We are Specialized In SEO, PPC, Social Media Marketing and Web Designing. Let our professional explain to you better, How we work to increase traffic to the website\\\\/business through Google, Bing, AOL, and Yahoo search engines.\\\\r\\\\n\\\\r\\\\n\\\\r\\\\nPlease share your phone number and suitable time to talk, so I can explain it to you better.\\\\r\\\\n\\\\r\\\\n\\\\r\\\\n10 years of Experience | Partnered with 20+ Digital Agencies | 60+ SEO, SMO- SEM Google Ads Certified Professionals.\\\\r\\\\n\\\\r\\\\n\\\\r\\\\nHave A Great Day!\\\\r\\\\nJohn (Digital Marketing Consultant)\\\\r\\\\n\\\\r\\\\nCall : (614) 927-1021\\\\r\\\\n  \\\\t\\\",\\\"identifier\\\":\\\"field5\\\",\\\"type\\\":\\\"textarea\\\",\\\"page\\\":1,\\\"page_name\\\":\\\"Step 1\\\",\\\"width\\\":\\\"100%\\\",\\\"altLabel\\\":\\\"Message\\\"}]','{\\\"URL\\\":\\\"https:\\\\/\\\\/www.dinohydraulics.com\\\\/contact-us\\\\/\\\"}'),(16,1,'Contact Form',1622522756,'[{\\\"label\\\":\\\"Name\\\",\\\"value\\\":\\\"John Taylor\\\",\\\"identifier\\\":\\\"field1\\\",\\\"type\\\":\\\"oneLineText\\\",\\\"page\\\":1,\\\"page_name\\\":\\\"Step 1\\\",\\\"width\\\":\\\"100%\\\",\\\"altLabel\\\":\\\"Name\\\"},{\\\"label\\\":\\\"Email\\\",\\\"value\\\":\\\"taylorfam44@gmail.com\\\",\\\"identifier\\\":\\\"field2\\\",\\\"type\\\":\\\"email\\\",\\\"page\\\":1,\\\"page_name\\\":\\\"Step 1\\\",\\\"width\\\":\\\"100%\\\",\\\"altLabel\\\":\\\"Email\\\"},{\\\"label\\\":\\\"Phone\\\",\\\"value\\\":\\\"605-256-2588\\\",\\\"identifier\\\":\\\"field3\\\",\\\"type\\\":\\\"oneLineText\\\",\\\"page\\\":1,\\\"page_name\\\":\\\"Step 1\\\",\\\"width\\\":\\\"100%\\\",\\\"altLabel\\\":\\\"Phone\\\"},{\\\"label\\\":\\\"Location\\\",\\\"value\\\":\\\"N\\\\/A\\\",\\\"identifier\\\":\\\"field4\\\",\\\"type\\\":\\\"oneLineText\\\",\\\"page\\\":1,\\\"page_name\\\":\\\"Step 1\\\",\\\"width\\\":\\\"100%\\\",\\\"altLabel\\\":\\\"Location\\\"},{\\\"label\\\":\\\"Message\\\",\\\"value\\\":\\\"Hi There,\\\\r\\\\n\\\\r\\\\nJust a heads-up that I believe the word &quot;upto&quot; is spelled wrong on your website.  I had a couple of errors on my site before I started using a service to monitor for them.  There are a few sites that do this but we like SpellingReport.com and ErrorSearch.com.\\\\r\\\\n\\\\r\\\\n-John\\\",\\\"identifier\\\":\\\"field5\\\",\\\"type\\\":\\\"textarea\\\",\\\"page\\\":1,\\\"page_name\\\":\\\"Step 1\\\",\\\"width\\\":\\\"100%\\\",\\\"altLabel\\\":\\\"Message\\\"}]','{\\\"URL\\\":\\\"https:\\\\/\\\\/www.dinohydraulics.com\\\\/contact-us\\\\/\\\"}'),(17,1,'Contact Form',1626256361,'[{\\\"label\\\":\\\"Name\\\",\\\"value\\\":\\\"MANAV\\\",\\\"identifier\\\":\\\"field1\\\",\\\"type\\\":\\\"oneLineText\\\",\\\"page\\\":1,\\\"page_name\\\":\\\"Step 1\\\",\\\"width\\\":\\\"100%\\\",\\\"altLabel\\\":\\\"Name\\\"},{\\\"label\\\":\\\"Email\\\",\\\"value\\\":\\\"manishaverma1051@gmail.com\\\",\\\"identifier\\\":\\\"field2\\\",\\\"type\\\":\\\"email\\\",\\\"page\\\":1,\\\"page_name\\\":\\\"Step 1\\\",\\\"width\\\":\\\"100%\\\",\\\"altLabel\\\":\\\"Email\\\"},{\\\"label\\\":\\\"Phone\\\",\\\"value\\\":\\\"9315974983\\\",\\\"identifier\\\":\\\"field3\\\",\\\"type\\\":\\\"oneLineText\\\",\\\"page\\\":1,\\\"page_name\\\":\\\"Step 1\\\",\\\"width\\\":\\\"100%\\\",\\\"altLabel\\\":\\\"Phone\\\"},{\\\"label\\\":\\\"Location\\\",\\\"value\\\":\\\"DELHI\\\",\\\"identifier\\\":\\\"field4\\\",\\\"type\\\":\\\"oneLineText\\\",\\\"page\\\":1,\\\"page_name\\\":\\\"Step 1\\\",\\\"width\\\":\\\"100%\\\",\\\"altLabel\\\":\\\"Location\\\"},{\\\"label\\\":\\\"Message\\\",\\\"value\\\":\\\"DEAR K.V. GOPINATHAN\\\\r\\\\n\\\\r\\\\nThis is to inform you that your Trademark*DINO* registered in the Trademarks Registry Office under Application Number  *2174889 is*Expiring on 14th of July 2021\\\\r\\\\n\\\\r\\\\nNon Renewal of the Aforesaid Trademark will lead to the Trademark being put off the records of the Register of the Trademarks.\\\\r\\\\n\\\\r\\\\nFor Renewal of your Trademark for next 10 years, Kindly contact the\\\\r\\\\nundersigned to know more about the Renewal Process_.\\\\r\\\\n\\\\r\\\\nThanks and Regards\\\\r\\\\nMANAV\\\\r\\\\n\\\\r\\\\nManisha Verma Advocates and Co. {Agent Code 1051}\\\\r\\\\nC\\\\/O SHUBHRA LEGAL CONSULTANTS PRIVATE LTD\\\\r\\\\nQP-105 First Floor Pitampura Delhi-110034\\\\r\\\\n+91-9315974983, +9717829162,011-43678179\\\\r\\\\n\\\",\\\"identifier\\\":\\\"field5\\\",\\\"type\\\":\\\"textarea\\\",\\\"page\\\":1,\\\"page_name\\\":\\\"Step 1\\\",\\\"width\\\":\\\"100%\\\",\\\"altLabel\\\":\\\"Message\\\"}]','{\\\"URL\\\":\\\"https:\\\\/\\\\/www.dinohydraulics.com\\\\/contact-us\\\\/\\\"}');

--
-- Table structure for table `dino_formcraft_3_views`
--

CREATE TABLE `dino_formcraft_3_views` (
  `id` mediumint(9) NOT NULL AUTO_INCREMENT,
  `form` int(11) NOT NULL,
  `views` int(11) NOT NULL,
  `submissions` int(11) NOT NULL,
  `payment` float NOT NULL DEFAULT '0',
  `_date` datetime NOT NULL DEFAULT '0000-00-00 00:00:00',
  UNIQUE KEY `id` (`id`)
) ENGINE=InnoDB AUTO_INCREMENT=521 DEFAULT CHARSET=utf8mb4 COLLATE=utf8mb4_unicode_520_ci;

--
-- Dumping data for table `dino_formcraft_3_views`
--

INSERT INTO `dino_formcraft_3_views` VALUES (1,1,12,0,0,'2020-07-05 00:00:00'),(2,1,2,0,0,'2020-07-10 00:00:00'),(3,1,1,0,0,'2020-07-13 00:00:00'),(4,1,2,0,0,'2020-07-25 00:00:00'),(5,1,7,0,0,'2020-07-26 00:00:00'),(6,1,3,0,0,'2020-07-27 00:00:00'),(7,1,4,0,0,'2020-07-28 00:00:00'),(8,1,5,0,0,'2020-07-29 00:00:00'),(9,1,6,0,0,'2020-07-30 00:00:00'),(10,1,9,0,0,'2020-07-31 00:00:00'),(11,1,2,0,0,'2020-08-01 00:00:00'),(12,1,9,0,0,'2020-08-02 00:00:00'),(13,1,4,0,0,'2020-08-03 00:00:00'),(14,1,5,0,0,'2020-08-04 00:00:00'),(15,1,2,0,0,'2020-08-05 00:00:00'),(16,1,5,0,0,'2020-08-06 00:00:00'),(17,1,6,0,0,'2020-08-07 00:00:00'),(18,1,2,0,0,'2020-08-08 00:00:00'),(19,1,4,0,0,'2020-08-09 00:00:00'),(20,1,5,0,0,'2020-08-10 00:00:00'),(21,1,2,0,0,'2020-08-11 00:00:00'),(22,1,3,0,0,'2020-08-12 00:00:00'),(23,1,1,0,0,'2020-08-13 00:00:00'),(24,1,1,0,0,'2020-08-14 00:00:00'),(25,1,1,0,0,'2020-08-14 00:00:00'),(26,1,1,0,0,'2020-08-15 00:00:00'),(27,1,3,0,0,'2020-08-16 00:00:00'),(28,1,5,0,0,'2020-08-17 00:00:00'),(29,1,3,0,0,'2020-08-18 00:00:00'),(30,1,3,0,0,'2020-08-18 00:00:00'),(31,1,5,0,0,'2020-08-20 00:00:00'),(32,1,6,0,0,'2020-08-21 00:00:00'),(33,1,3,0,0,'2020-08-22 00:00:00'),(34,1,5,0,0,'2020-08-23 00:00:00'),(35,1,5,0,0,'2020-08-24 00:00:00'),(36,1,3,0,0,'2020-08-25 00:00:00'),(37,1,1,0,0,'2020-08-26 00:00:00'),(38,1,4,0,0,'2020-08-27 00:00:00'),(39,1,9,0,0,'2020-08-28 00:00:00'),(40,1,6,0,0,'2020-08-29 00:00:00'),(41,1,4,0,0,'2020-08-30 00:00:00'),(42,1,1,0,0,'2020-08-31 00:00:00'),(43,1,3,0,0,'2020-09-01 00:00:00'),(44,1,3,0,0,'2020-09-01 00:00:00'),(45,1,4,0,0,'2020-09-02 00:00:00'),(46,1,3,0,0,'2020-09-03 00:00:00'),(47,1,3,0,0,'2020-09-04 00:00:00'),(48,1,8,0,0,'2020-09-06 00:00:00'),(49,1,1,0,0,'2020-09-07 00:00:00'),(50,1,2,0,0,'2020-09-08 00:00:00'),(51,1,2,0,0,'2020-09-08 00:00:00'),(52,1,4,0,0,'2020-09-09 00:00:00'),(53,1,4,0,0,'2020-09-10 00:00:00'),(54,1,4,0,0,'2020-09-11 00:00:00'),(55,1,4,0,0,'2020-09-12 00:00:00'),(56,1,2,0,0,'2020-09-13 00:00:00'),(57,1,5,0,0,'2020-09-14 00:00:00'),(58,1,6,0,0,'2020-09-15 00:00:00'),(59,1,4,0,0,'2020-09-16 00:00:00'),(60,1,9,0,0,'2020-09-17 00:00:00'),(61,1,9,0,0,'2020-09-18 00:00:00'),(62,1,1,0,0,'2020-09-19 00:00:00'),(63,1,4,0,0,'2020-09-20 00:00:00'),(64,1,3,0,0,'2020-09-21 00:00:00'),(65,1,5,0,0,'2020-09-22 00:00:00'),(66,1,1,0,0,'2020-09-23 00:00:00'),(67,1,5,0,0,'2020-09-24 00:00:00'),(68,1,2,0,0,'2020-09-25 00:00:00'),(69,1,5,0,0,'2020-09-26 00:00:00'),(70,1,3,0,0,'2020-09-27 00:00:00'),(71,1,3,0,0,'2020-09-27 00:00:00'),(72,1,4,0,0,'2020-09-28 00:00:00'),(73,1,4,0,0,'2020-09-28 00:00:00'),(74,1,2,1,0,'2020-09-29 00:00:00'),(75,1,6,0,0,'2020-09-30 00:00:00'),(76,1,4,0,0,'2020-10-01 00:00:00'),(77,1,5,0,0,'2020-10-02 00:00:00'),(78,1,8,0,0,'2020-10-03 00:00:00'),(79,1,8,0,0,'2020-10-03 00:00:00'),(80,1,2,0,0,'2020-10-04 00:00:00'),(81,1,2,0,0,'2020-10-05 00:00:00'),(82,1,5,0,0,'2020-10-06 00:00:00'),(83,1,4,0,0,'2020-10-07 00:00:00'),(84,1,2,0,0,'2020-10-08 00:00:00'),(85,1,3,0,0,'2020-10-09 00:00:00'),(86,1,3,0,0,'2020-10-09 00:00:00'),(87,1,3,0,0,'2020-10-10 00:00:00'),(88,1,1,0,0,'2020-10-11 00:00:00'),(89,1,5,0,0,'2020-10-12 00:00:00'),(90,1,9,0,0,'2020-10-13 00:00:00'),(91,1,10,0,0,'2020-10-14 00:00:00'),(92,1,12,0,0,'2020-10-15 00:00:00'),(93,1,16,0,0,'2020-10-16 00:00:00'),(94,1,9,0,0,'2020-10-17 00:00:00'),(95,1,16,0,0,'2020-10-18 00:00:00'),(96,1,10,0,0,'2020-10-19 00:00:00'),(97,1,6,0,0,'2020-10-20 00:00:00'),(98,1,8,0,0,'2020-10-21 00:00:00'),(99,1,8,0,0,'2020-10-21 00:00:00'),(100,1,9,0,0,'2020-10-22 00:00:00'),(101,1,5,0,0,'2020-10-23 00:00:00'),(102,1,3,0,0,'2020-10-24 00:00:00'),(103,1,3,0,0,'2020-10-25 00:00:00'),(104,1,6,0,0,'2020-10-26 00:00:00'),(105,1,13,0,0,'2020-10-27 00:00:00'),(106,1,4,0,0,'2020-10-28 00:00:00'),(107,1,2,0,0,'2020-10-29 00:00:00'),(108,1,9,0,0,'2020-10-30 00:00:00'),(109,1,7,0,0,'2020-10-31 00:00:00'),(110,1,6,0,0,'2020-11-01 00:00:00'),(111,1,4,0,0,'2020-11-02 00:00:00'),(112,1,8,0,0,'2020-11-03 00:00:00'),(113,1,11,0,0,'2020-11-04 00:00:00'),(114,1,6,0,0,'2020-11-05 00:00:00'),(115,1,6,0,0,'2020-11-06 00:00:00'),(116,1,8,0,0,'2020-11-07 00:00:00'),(117,1,6,0,0,'2020-11-08 00:00:00'),(118,1,3,0,0,'2020-11-09 00:00:00'),(119,1,5,0,0,'2020-11-10 00:00:00'),(120,1,8,0,0,'2020-11-11 00:00:00'),(121,1,8,0,0,'2020-11-11 00:00:00'),(122,1,3,0,0,'2020-11-12 00:00:00'),(123,1,8,0,0,'2020-11-13 00:00:00'),(124,1,6,0,0,'2020-11-14 00:00:00'),(125,1,3,0,0,'2020-11-15 00:00:00'),(126,1,3,0,0,'2020-11-16 00:00:00'),(127,1,5,0,0,'2020-11-17 00:00:00'),(128,1,5,0,0,'2020-11-17 00:00:00'),(129,1,8,0,0,'2020-11-18 00:00:00'),(130,1,3,0,0,'2020-11-19 00:00:00'),(131,1,4,0,0,'2020-11-20 00:00:00'),(132,1,3,0,0,'2020-11-21 00:00:00'),(133,1,3,0,0,'2020-11-22 00:00:00'),(134,1,2,0,0,'2020-11-23 00:00:00'),(135,1,5,0,0,'2020-11-24 00:00:00'),(136,1,6,0,0,'2020-11-25 00:00:00'),(137,1,2,0,0,'2020-11-26 00:00:00'),(138,1,5,0,0,'2020-11-27 00:00:00'),(139,1,3,0,0,'2020-11-28 00:00:00'),(140,1,2,0,0,'2020-11-29 00:00:00'),(141,1,6,0,0,'2020-11-30 00:00:00'),(142,1,8,0,0,'2020-12-01 00:00:00'),(143,1,3,0,0,'2020-12-02 00:00:00'),(144,1,1,0,0,'2020-12-03 00:00:00'),(145,1,1,0,0,'2020-12-03 00:00:00'),(146,1,3,0,0,'2020-12-04 00:00:00'),(147,1,1,0,0,'2020-12-05 00:00:00'),(148,1,3,0,0,'2020-12-06 00:00:00'),(149,1,11,0,0,'2020-12-07 00:00:00'),(150,1,3,0,0,'2020-12-08 00:00:00'),(151,1,3,0,0,'2020-12-08 00:00:00'),(152,1,4,0,0,'2020-12-09 00:00:00'),(153,1,2,0,0,'2020-12-10 00:00:00'),(154,1,6,0,0,'2020-12-11 00:00:00'),(155,1,1,0,0,'2020-12-12 00:00:00'),(156,1,5,0,0,'2020-12-13 00:00:00'),(157,1,8,0,0,'2020-12-14 00:00:00'),(158,1,11,0,0,'2020-12-15 00:00:00'),(159,1,2,0,0,'2020-12-16 00:00:00'),(160,1,3,0,0,'2020-12-17 00:00:00'),(161,1,7,0,0,'2020-12-18 00:00:00'),(162,1,6,0,0,'2020-12-19 00:00:00'),(163,1,4,0,0,'2020-12-20 00:00:00'),(164,1,7,0,0,'2020-12-21 00:00:00'),(165,1,16,0,0,'2020-12-22 00:00:00'),(166,1,23,0,0,'2020-12-23 00:00:00'),(167,1,58,0,0,'2020-12-24 00:00:00'),(168,1,29,0,0,'2020-12-25 00:00:00'),(169,1,36,0,0,'2020-12-26 00:00:00'),(170,1,40,0,0,'2020-12-27 00:00:00'),(171,1,19,0,0,'2020-12-28 00:00:00'),(172,1,19,0,0,'2020-12-28 00:00:00'),(173,1,30,0,0,'2020-12-29 00:00:00'),(174,1,58,0,0,'2020-12-30 00:00:00'),(175,1,27,0,0,'2020-12-31 00:00:00'),(176,1,38,0,0,'2021-01-01 00:00:00'),(177,1,28,0,0,'2021-01-02 00:00:00'),(178,1,17,0,0,'2021-01-03 00:00:00'),(179,1,23,0,0,'2021-01-04 00:00:00'),(180,1,23,0,0,'2021-01-04 00:00:00'),(181,1,37,0,0,'2021-01-05 00:00:00'),(182,1,36,0,0,'2021-01-06 00:00:00'),(183,1,33,0,0,'2021-01-07 00:00:00'),(184,1,33,0,0,'2021-01-07 00:00:00'),(185,1,21,0,0,'2021-01-08 00:00:00'),(186,1,49,0,0,'2021-01-09 00:00:00'),(187,1,23,0,0,'2021-01-10 00:00:00'),(188,1,13,0,0,'2021-01-11 00:00:00'),(189,1,13,0,0,'2021-01-11 00:00:00'),(190,1,1,0,0,'2021-01-13 00:00:00'),(191,1,6,0,0,'2021-01-15 00:00:00'),(192,1,12,1,0,'2021-01-16 00:00:00'),(193,1,3,0,0,'2021-01-17 00:00:00'),(194,1,3,0,0,'2021-01-17 00:00:00'),(195,1,18,1,0,'2021-01-18 00:00:00'),(196,1,16,0,0,'2021-01-19 00:00:00'),(197,1,15,0,0,'2021-01-20 00:00:00'),(198,1,4,0,0,'2021-01-21 00:00:00'),(199,1,17,0,0,'2021-01-22 00:00:00'),(200,1,29,0,0,'2021-01-23 00:00:00'),(201,1,24,4,0,'2021-01-24 00:00:00'),(202,1,24,0,0,'2021-01-25 00:00:00'),(203,1,18,0,0,'2021-01-26 00:00:00'),(204,1,19,0,0,'2021-01-27 00:00:00'),(205,1,19,0,0,'2021-01-27 00:00:00'),(206,1,19,0,0,'2021-01-27 00:00:00'),(207,1,19,0,0,'2021-01-28 00:00:00'),(208,1,23,0,0,'2021-01-29 00:00:00'),(209,1,16,0,0,'2021-01-30 00:00:00'),(210,1,12,0,0,'2021-01-31 00:00:00'),(211,1,4,0,0,'2021-02-01 00:00:00'),(212,1,17,0,0,'2021-02-02 00:00:00'),(213,1,19,0,0,'2021-02-03 00:00:00'),(214,1,26,0,0,'2021-02-04 00:00:00'),(215,1,5,0,0,'2021-02-05 00:00:00'),(216,1,3,0,0,'2021-02-06 00:00:00'),(217,1,10,0,0,'2021-02-07 00:00:00'),(218,1,16,0,0,'2021-02-08 00:00:00'),(219,1,26,0,0,'2021-02-09 00:00:00'),(220,1,22,0,0,'2021-02-10 00:00:00'),(221,1,21,0,0,'2021-02-11 00:00:00'),(222,1,12,0,0,'2021-02-12 00:00:00'),(223,1,13,0,0,'2021-02-13 00:00:00'),(224,1,13,0,0,'2021-02-13 00:00:00'),(225,1,12,0,0,'2021-02-14 00:00:00'),(226,1,21,0,0,'2021-02-15 00:00:00'),(227,1,19,0,0,'2021-02-16 00:00:00'),(228,1,17,0,0,'2021-02-17 00:00:00'),(229,1,17,0,0,'2021-02-17 00:00:00'),(230,1,31,0,0,'2021-02-18 00:00:00'),(231,1,15,0,0,'2021-02-19 00:00:00'),(232,1,17,0,0,'2021-02-20 00:00:00'),(233,1,11,0,0,'2021-02-21 00:00:00'),(234,1,11,1,0,'2021-02-22 00:00:00'),(235,1,21,1,0,'2021-02-23 00:00:00'),(236,1,8,0,0,'2021-02-24 00:00:00'),(237,1,26,0,0,'2021-02-25 00:00:00'),(238,1,26,0,0,'2021-02-25 00:00:00'),(239,1,25,0,0,'2021-02-26 00:00:00'),(240,1,5,1,0,'2021-02-27 00:00:00'),(241,1,11,1,0,'2021-02-28 00:00:00'),(242,1,19,0,0,'2021-03-01 00:00:00'),(243,1,30,0,0,'2021-03-02 00:00:00'),(244,1,13,0,0,'2021-03-03 00:00:00'),(245,1,20,0,0,'2021-03-04 00:00:00'),(246,1,44,0,0,'2021-03-05 00:00:00'),(247,1,41,0,0,'2021-03-06 00:00:00'),(248,1,41,0,0,'2021-03-06 00:00:00'),(249,1,31,0,0,'2021-03-07 00:00:00'),(250,1,15,0,0,'2021-03-08 00:00:00'),(251,1,7,0,0,'2021-03-09 00:00:00'),(252,1,26,0,0,'2021-03-10 00:00:00'),(253,1,22,0,0,'2021-03-11 00:00:00'),(254,1,20,0,0,'2021-03-12 00:00:00'),(255,1,20,0,0,'2021-03-12 00:00:00'),(256,1,11,1,0,'2021-03-13 00:00:00'),(257,1,11,1,0,'2021-03-13 00:00:00'),(258,1,14,0,0,'2021-03-14 00:00:00'),(259,1,25,0,0,'2021-03-15 00:00:00'),(260,1,23,0,0,'2021-03-16 00:00:00'),(261,1,14,0,0,'2021-03-17 00:00:00'),(262,1,14,0,0,'2021-03-17 00:00:00'),(263,1,9,0,0,'2021-03-18 00:00:00'),(264,1,9,0,0,'2021-03-18 00:00:00'),(265,1,24,0,0,'2021-03-19 00:00:00'),(266,1,28,0,0,'2021-03-20 00:00:00'),(267,1,19,0,0,'2021-03-21 00:00:00'),(268,1,18,0,0,'2021-03-22 00:00:00'),(269,1,19,0,0,'2021-03-23 00:00:00'),(270,1,14,0,0,'2021-03-24 00:00:00'),(271,1,18,0,0,'2021-03-25 00:00:00'),(272,1,22,0,0,'2021-03-26 00:00:00'),(273,1,22,0,0,'2021-03-27 00:00:00'),(274,1,8,0,0,'2021-03-28 00:00:00'),(275,1,15,0,0,'2021-03-29 00:00:00'),(276,1,6,0,0,'2021-03-30 00:00:00'),(277,1,19,0,0,'2021-03-31 00:00:00'),(278,1,23,0,0,'2021-04-01 00:00:00'),(279,1,26,0,0,'2021-04-02 00:00:00'),(280,1,26,0,0,'2021-04-02 00:00:00'),(281,1,4,0,0,'2021-04-03 00:00:00'),(282,1,15,0,0,'2021-04-04 00:00:00'),(283,1,16,0,0,'2021-04-05 00:00:00'),(284,1,27,0,0,'2021-04-06 00:00:00'),(285,1,18,0,0,'2021-04-07 00:00:00'),(286,1,36,0,0,'2021-04-08 00:00:00'),(287,1,20,1,0,'2021-04-09 00:00:00'),(288,1,10,0,0,'2021-04-10 00:00:00'),(289,1,26,0,0,'2021-04-11 00:00:00'),(290,1,26,0,0,'2021-04-11 00:00:00'),(291,1,20,0,0,'2021-04-12 00:00:00'),(292,1,24,0,0,'2021-04-13 00:00:00'),(293,1,15,0,0,'2021-04-14 00:00:00'),(294,1,39,0,0,'2021-04-15 00:00:00'),(295,1,47,0,0,'2021-04-16 00:00:00'),(296,1,47,0,0,'2021-04-16 00:00:00'),(297,1,29,0,0,'2021-04-17 00:00:00'),(298,1,22,0,0,'2021-04-18 00:00:00'),(299,1,16,0,0,'2021-04-19 00:00:00'),(300,1,19,0,0,'2021-04-20 00:00:00'),(301,1,44,1,0,'2021-04-21 00:00:00'),(302,1,44,1,0,'2021-04-21 00:00:00'),(303,1,29,0,0,'2021-04-22 00:00:00'),(304,1,12,0,0,'2021-04-23 00:00:00'),(305,1,21,0,0,'2021-04-24 00:00:00'),(306,1,17,0,0,'2021-04-25 00:00:00'),(307,1,25,0,0,'2021-04-26 00:00:00'),(308,1,17,0,0,'2021-04-27 00:00:00'),(309,1,26,0,0,'2021-04-28 00:00:00'),(310,1,46,0,0,'2021-04-29 00:00:00'),(311,1,34,0,0,'2021-04-30 00:00:00'),(312,1,13,0,0,'2021-05-01 00:00:00'),(313,1,6,0,0,'2021-05-02 00:00:00'),(314,1,14,0,0,'2021-05-03 00:00:00'),(315,1,14,0,0,'2021-05-04 00:00:00'),(316,1,14,0,0,'2021-05-05 00:00:00'),(317,1,13,0,0,'2021-05-06 00:00:00'),(318,1,16,0,0,'2021-05-07 00:00:00'),(319,1,9,0,0,'2021-05-08 00:00:00'),(320,1,14,0,0,'2021-05-09 00:00:00'),(321,1,18,0,0,'2021-05-10 00:00:00'),(322,1,13,0,0,'2021-05-11 00:00:00'),(323,1,18,0,0,'2021-05-12 00:00:00'),(324,1,19,0,0,'2021-05-13 00:00:00'),(325,1,20,0,0,'2021-05-14 00:00:00'),(326,1,16,1,0,'2021-05-15 00:00:00'),(327,1,19,0,0,'2021-05-16 00:00:00'),(328,1,13,0,0,'2021-05-17 00:00:00'),(329,1,13,0,0,'2021-05-17 00:00:00'),(330,1,14,0,0,'2021-05-18 00:00:00'),(331,1,10,0,0,'2021-05-19 00:00:00'),(332,1,10,0,0,'2021-05-20 00:00:00'),(333,1,10,0,0,'2021-05-20 00:00:00'),(334,1,7,0,0,'2021-05-21 00:00:00'),(335,1,18,0,0,'2021-05-22 00:00:00'),(336,1,14,0,0,'2021-05-23 00:00:00'),(337,1,11,0,0,'2021-05-24 00:00:00'),(338,1,15,0,0,'2021-05-25 00:00:00'),(339,1,9,0,0,'2021-05-26 00:00:00'),(340,1,9,0,0,'2021-05-27 00:00:00'),(341,1,12,0,0,'2021-05-28 00:00:00'),(342,1,18,0,0,'2021-05-29 00:00:00'),(343,1,12,0,0,'2021-05-30 00:00:00'),(344,1,12,0,0,'2021-05-30 00:00:00'),(345,1,12,0,0,'2021-05-31 00:00:00'),(346,1,12,0,0,'2021-05-31 00:00:00'),(347,1,12,1,0,'2021-06-01 00:00:00'),(348,1,13,0,0,'2021-06-02 00:00:00'),(349,1,6,0,0,'2021-06-03 00:00:00'),(350,1,6,0,0,'2021-06-04 00:00:00'),(351,1,17,0,0,'2021-06-05 00:00:00'),(352,1,17,0,0,'2021-06-05 00:00:00'),(353,1,8,0,0,'2021-06-06 00:00:00'),(354,1,11,0,0,'2021-06-07 00:00:00'),(355,1,15,0,0,'2021-06-08 00:00:00'),(356,1,11,0,0,'2021-06-09 00:00:00'),(357,1,18,0,0,'2021-06-10 00:00:00'),(358,1,10,0,0,'2021-06-11 00:00:00'),(359,1,6,0,0,'2021-06-12 00:00:00'),(360,1,2,0,0,'2021-06-13 00:00:00'),(361,1,4,0,0,'2021-06-14 00:00:00'),(362,1,5,0,0,'2021-06-15 00:00:00'),(363,1,5,0,0,'2021-06-16 00:00:00'),(364,1,6,0,0,'2021-06-17 00:00:00'),(365,1,3,0,0,'2021-06-18 00:00:00'),(366,1,7,0,0,'2021-06-19 00:00:00'),(367,1,6,0,0,'2021-06-20 00:00:00'),(368,1,3,0,0,'2021-06-21 00:00:00'),(369,1,9,0,0,'2021-06-22 00:00:00'),(370,1,19,0,0,'2021-06-23 00:00:00'),(371,1,11,0,0,'2021-06-24 00:00:00'),(372,1,11,0,0,'2021-06-24 00:00:00'),(373,1,12,0,0,'2021-06-25 00:00:00'),(374,1,13,0,0,'2021-06-26 00:00:00'),(375,1,22,0,0,'2021-06-27 00:00:00'),(376,1,25,0,0,'2021-06-28 00:00:00'),(377,1,4,0,0,'2021-06-29 00:00:00'),(378,1,1,0,0,'2021-06-30 00:00:00'),(379,1,1,0,0,'2021-07-01 00:00:00'),(380,1,1,0,0,'2021-07-02 00:00:00'),(381,1,1,0,0,'2021-07-03 00:00:00'),(382,1,19,0,0,'2021-07-04 00:00:00'),(383,1,18,0,0,'2021-07-05 00:00:00'),(384,1,18,0,0,'2021-07-06 00:00:00'),(385,1,13,0,0,'2021-07-07 00:00:00'),(386,1,17,0,0,'2021-07-08 00:00:00'),(387,1,23,0,0,'2021-07-09 00:00:00'),(388,1,18,0,0,'2021-07-10 00:00:00'),(389,1,27,0,0,'2021-07-11 00:00:00'),(390,1,17,0,0,'2021-07-12 00:00:00'),(391,1,32,0,0,'2021-07-13 00:00:00'),(392,1,29,1,0,'2021-07-14 00:00:00'),(393,1,10,0,0,'2021-07-15 00:00:00'),(394,1,31,0,0,'2021-07-16 00:00:00'),(395,1,40,0,0,'2021-07-17 00:00:00'),(396,1,40,0,0,'2021-07-17 00:00:00'),(397,1,28,0,0,'2021-07-18 00:00:00'),(398,1,34,0,0,'2021-07-19 00:00:00'),(399,1,22,0,0,'2021-07-20 00:00:00'),(400,1,40,0,0,'2021-07-21 00:00:00'),(401,1,42,0,0,'2021-07-22 00:00:00'),(402,1,22,0,0,'2021-07-23 00:00:00'),(403,1,19,0,0,'2021-07-24 00:00:00'),(404,1,14,0,0,'2021-07-25 00:00:00'),(405,1,14,0,0,'2021-07-25 00:00:00'),(406,1,29,0,0,'2021-07-26 00:00:00'),(407,1,29,0,0,'2021-07-26 00:00:00'),(408,1,41,0,0,'2021-07-27 00:00:00'),(409,1,28,0,0,'2021-07-28 00:00:00'),(410,1,23,0,0,'2021-07-29 00:00:00'),(411,1,17,0,0,'2021-07-30 00:00:00'),(412,1,45,0,0,'2021-07-31 00:00:00'),(413,1,35,0,0,'2021-08-01 00:00:00'),(414,1,15,0,0,'2021-08-02 00:00:00'),(415,1,25,0,0,'2021-08-03 00:00:00'),(416,1,40,0,0,'2021-08-04 00:00:00'),(417,1,25,0,0,'2021-08-05 00:00:00'),(418,1,36,0,0,'2021-08-06 00:00:00'),(419,1,36,0,0,'2021-08-07 00:00:00'),(420,1,43,0,0,'2021-08-08 00:00:00'),(421,1,55,0,0,'2021-08-09 00:00:00'),(422,1,55,0,0,'2021-08-10 00:00:00'),(423,1,43,0,0,'2021-08-11 00:00:00'),(424,1,46,0,0,'2021-08-12 00:00:00'),(425,1,47,0,0,'2021-08-13 00:00:00'),(426,1,47,0,0,'2021-08-14 00:00:00'),(427,1,34,0,0,'2021-08-15 00:00:00'),(428,1,34,0,0,'2021-08-15 00:00:00'),(429,1,19,0,0,'2021-08-16 00:00:00'),(430,1,35,0,0,'2021-08-17 00:00:00'),(431,1,25,0,0,'2021-08-18 00:00:00'),(432,1,28,0,0,'2021-08-19 00:00:00'),(433,1,38,0,0,'2021-08-20 00:00:00'),(434,1,28,0,0,'2021-08-21 00:00:00'),(435,1,26,0,0,'2021-08-22 00:00:00'),(436,1,45,0,0,'2021-08-23 00:00:00'),(437,1,46,0,0,'2021-08-24 00:00:00'),(438,1,48,0,0,'2021-08-25 00:00:00'),(439,1,49,0,0,'2021-08-26 00:00:00'),(440,1,48,0,0,'2021-08-27 00:00:00'),(441,1,43,0,0,'2021-08-28 00:00:00'),(442,1,34,0,0,'2021-08-29 00:00:00'),(443,1,45,0,0,'2021-08-30 00:00:00'),(444,1,37,0,0,'2021-08-31 00:00:00'),(445,1,22,0,0,'2021-09-01 00:00:00'),(446,1,25,0,0,'2021-09-02 00:00:00'),(447,1,46,0,0,'2021-09-03 00:00:00'),(448,1,46,0,0,'2021-09-03 00:00:00'),(449,1,28,0,0,'2021-09-04 00:00:00'),(450,1,17,0,0,'2021-09-05 00:00:00'),(451,1,31,0,0,'2021-09-06 00:00:00'),(452,1,41,0,0,'2021-09-07 00:00:00'),(453,1,37,0,0,'2021-09-08 00:00:00'),(454,1,44,0,0,'2021-09-09 00:00:00'),(455,1,27,0,0,'2021-09-10 00:00:00'),(456,1,40,0,0,'2021-09-11 00:00:00'),(457,1,20,0,0,'2021-09-12 00:00:00'),(458,1,17,0,0,'2021-09-13 00:00:00'),(459,1,28,0,0,'2021-09-14 00:00:00'),(460,1,28,0,0,'2021-09-15 00:00:00'),(461,1,26,0,0,'2021-09-16 00:00:00'),(462,1,16,0,0,'2021-09-17 00:00:00'),(463,1,34,0,0,'2021-09-18 00:00:00'),(464,1,21,0,0,'2021-09-19 00:00:00'),(465,1,16,0,0,'2021-09-20 00:00:00'),(466,1,16,0,0,'2021-09-20 00:00:00'),(467,1,23,0,0,'2021-09-21 00:00:00'),(468,1,23,0,0,'2021-09-21 00:00:00'),(469,1,30,0,0,'2021-09-22 00:00:00'),(470,1,33,0,0,'2021-09-23 00:00:00'),(471,1,32,0,0,'2021-09-24 00:00:00'),(472,1,6,0,0,'2021-09-25 00:00:00'),(473,1,2,0,0,'2021-09-26 00:00:00'),(474,1,3,0,0,'2021-09-27 00:00:00'),(475,1,3,0,0,'2021-09-27 00:00:00'),(476,1,6,0,0,'2021-09-28 00:00:00'),(477,1,6,0,0,'2021-09-28 00:00:00'),(478,1,4,0,0,'2021-09-29 00:00:00'),(479,1,8,0,0,'2021-09-30 00:00:00'),(480,1,13,0,0,'2021-10-01 00:00:00'),(481,1,6,0,0,'2021-10-02 00:00:00'),(482,1,27,0,0,'2021-10-03 00:00:00'),(483,1,12,0,0,'2021-10-04 00:00:00'),(484,1,14,0,0,'2021-10-05 00:00:00'),(485,1,14,0,0,'2021-10-05 00:00:00'),(486,1,22,0,0,'2021-10-06 00:00:00'),(487,1,19,0,0,'2021-10-07 00:00:00'),(488,1,20,0,0,'2021-10-08 00:00:00'),(489,1,19,0,0,'2021-10-09 00:00:00'),(490,1,25,0,0,'2021-10-10 00:00:00'),(491,1,21,0,0,'2021-10-11 00:00:00'),(492,1,10,0,0,'2021-10-12 00:00:00'),(493,1,25,0,0,'2021-10-13 00:00:00'),(494,1,17,0,0,'2021-10-14 00:00:00'),(495,1,21,0,0,'2021-10-15 00:00:00'),(496,1,17,0,0,'2021-10-16 00:00:00'),(497,1,21,0,0,'2021-10-17 00:00:00'),(498,1,15,0,0,'2021-10-18 00:00:00'),(499,1,6,0,0,'2021-10-19 00:00:00'),(500,1,24,0,0,'2021-10-20 00:00:00'),(501,1,38,0,0,'2021-10-21 00:00:00'),(502,1,20,0,0,'2021-10-22 00:00:00'),(503,1,12,0,0,'2021-10-23 00:00:00'),(504,1,37,0,0,'2021-10-24 00:00:00'),(505,1,15,0,0,'2021-10-25 00:00:00'),(506,1,22,0,0,'2021-10-26 00:00:00'),(507,1,23,0,0,'2021-10-27 00:00:00'),(508,1,38,0,0,'2021-10-28 00:00:00'),(509,1,38,0,0,'2021-10-28 00:00:00'),(510,1,29,0,0,'2021-10-29 00:00:00'),(511,1,28,0,0,'2021-10-30 00:00:00'),(512,1,28,0,0,'2021-10-30 00:00:00'),(513,1,18,0,0,'2021-10-31 00:00:00'),(514,1,3,0,0,'2021-11-01 00:00:00'),(515,1,15,0,0,'2021-11-03 00:00:00'),(516,1,22,0,0,'2021-11-04 00:00:00'),(517,1,29,0,0,'2021-11-05 00:00:00'),(518,1,46,0,0,'2021-11-06 00:00:00'),(519,1,20,0,0,'2021-11-07 00:00:00'),(520,1,8,0,0,'2021-11-08 00:00:00');

--
-- Table structure for table `dino_ig_actions`
--

CREATE TABLE `dino_ig_actions` (
  `contact_id` bigint(20) unsigned DEFAULT NULL,
  `message_id` bigint(20) unsigned DEFAULT NULL,
  `campaign_id` bigint(20) unsigned DEFAULT NULL,
  `type` tinyint(1) NOT NULL DEFAULT '0',
  `count` int(11) unsigned NOT NULL DEFAULT '0',
  `link_id` bigint(20) unsigned NOT NULL DEFAULT '0',
  `list_id` int(11) unsigned NOT NULL DEFAULT '0',
  `ip` varchar(50) COLLATE utf8mb4_unicode_520_ci DEFAULT NULL,
  `country` varchar(50) COLLATE utf8mb4_unicode_520_ci DEFAULT NULL,
  `device` varchar(50) COLLATE utf8mb4_unicode_520_ci DEFAULT NULL,
  `browser` varchar(50) COLLATE utf8mb4_unicode_520_ci DEFAULT NULL,
  `email_client` varchar(50) COLLATE utf8mb4_unicode_520_ci DEFAULT NULL,
  `os` varchar(50) COLLATE utf8mb4_unicode_520_ci DEFAULT NULL,
  `created_at` int(11) unsigned NOT NULL DEFAULT '0',
  `updated_at` int(11) unsigned NOT NULL DEFAULT '0',
  UNIQUE KEY `id` (`contact_id`,`message_id`,`campaign_id`,`type`,`link_id`,`list_id`),
  KEY `contact_id` (`contact_id`),
  KEY `message_id` (`message_id`),
  KEY `campaign_id` (`campaign_id`),
  KEY `type` (`type`)
) ENGINE=InnoDB DEFAULT CHARSET=utf8mb4 COLLATE=utf8mb4_unicode_520_ci;

--
-- Dumping data for table `dino_ig_actions`
--

INSERT INTO `dino_ig_actions` VALUES (2,NULL,NULL,1,1,0,2,'','','','','','',1602180315,1602180315),(2,0,0,2,1,0,0,'','','','','','',1602180315,1602180315),(3,NULL,NULL,1,1,0,2,'','','','','','',1605623986,1605623986),(3,0,0,2,2,0,0,'','','','','','',1605623986,1605624111),(1,0,0,2,1,0,0,'','','','','','',1605624111,1605624111),(4,NULL,NULL,1,1,0,2,'','','','','','',1607267700,1607267700),(4,0,0,2,1,0,0,'','','','','','',1607267700,1607267700),(5,NULL,NULL,1,1,0,2,'','','','','','',1607882231,1607882231),(5,0,0,2,1,0,0,'','','','','','',1607882231,1607882231),(6,NULL,NULL,1,1,0,2,'','','','','','',1611050514,1611050514),(6,0,0,2,1,0,0,'','','','','','',1611050514,1611050514),(7,NULL,NULL,1,1,0,2,'','','','','','',1611500921,1611500921),(7,0,0,2,3,0,0,'','','','','','',1611500921,1611501124),(8,NULL,NULL,1,1,0,2,'','','','','','',1611501052,1611501052),(8,0,0,2,2,0,0,'','','','','','',1611501052,1611501142),(7,NULL,NULL,1,1,0,2,'','','','','','',1611501098,1611501098),(7,NULL,NULL,1,1,0,2,'','','','','','',1611501124,1611501124),(0,0,0,2,2,0,0,'','','','','','',1611501143,1613138255),(9,NULL,NULL,1,1,0,2,'','','','','','',1612733537,1612733537),(9,0,0,2,1,0,0,'','','','','','',1612733537,1612733537),(10,NULL,NULL,1,1,0,2,'','','','','','',1612752647,1612752647),(10,0,0,2,1,0,0,'','','','','','',1612752647,1612752647),(11,NULL,NULL,1,1,0,1,'','','','','','',1613043326,1613043326),(11,0,0,2,2,0,0,'','','','','','',1613043326,1613138254),(12,NULL,NULL,1,1,0,1,'','','','','','',1613159880,1613159880),(12,0,0,2,1,0,0,'','','','','','',1613159880,1613159880),(13,NULL,NULL,1,1,0,1,'','','','','','',1613162276,1613162276),(13,0,0,2,1,0,0,'','','','','','',1613162277,1613162277),(14,NULL,NULL,1,1,0,1,'','','','','','',1613162313,1613162313),(14,0,0,2,1,0,0,'','','','','','',1613162314,1613162314),(15,NULL,NULL,1,1,0,1,'','','','','','',1613162346,1613162346),(15,0,0,2,1,0,0,'','','','','','',1613162346,1613162346),(16,NULL,NULL,1,1,0,1,'','','','','','',1613162380,1613162380),(16,0,0,2,1,0,0,'','','','','','',1613162381,1613162381),(17,NULL,NULL,1,1,0,1,'','','','','','',1613162421,1613162421),(17,0,0,2,1,0,0,'','','','','','',1613162421,1613162421),(18,NULL,NULL,1,1,0,1,'','','','','','',1613162487,1613162487),(18,0,0,2,1,0,0,'','','','','','',1613162487,1613162487),(19,NULL,NULL,1,1,0,1,'','','','','','',1613162523,1613162523),(19,0,0,2,1,0,0,'','','','','','',1613162523,1613162523),(20,NULL,NULL,1,1,0,1,'','','','','','',1613162643,1613162643),(20,0,0,2,1,0,0,'','','','','','',1613162643,1613162643),(21,NULL,NULL,1,1,0,1,'','','','','','',1613162679,1613162679),(21,0,0,2,1,0,0,'','','','','','',1613162679,1613162679),(22,NULL,NULL,1,1,0,1,'','','','','','',1613162713,1613162713),(22,0,0,2,1,0,0,'','','','','','',1613162713,1613162713),(23,NULL,NULL,1,1,0,1,'','','','','','',1613162821,1613162821),(23,0,0,2,1,0,0,'','','','','','',1613162822,1613162822),(24,NULL,NULL,1,1,0,1,'','','','','','',1613162894,1613162894),(24,0,0,2,1,0,0,'','','','','','',1613162895,1613162895),(25,NULL,NULL,1,1,0,1,'','','','','','',1613162967,1613162967),(25,0,0,2,1,0,0,'','','','','','',1613162967,1613162967),(26,NULL,NULL,1,1,0,1,'','','','','','',1613163001,1613163001),(26,0,0,2,1,0,0,'','','','','','',1613163001,1613163001),(27,NULL,NULL,1,1,0,1,'','','','','','',1613163037,1613163037),(27,0,0,2,1,0,0,'','','','','','',1613163037,1613163037),(28,NULL,NULL,1,1,0,1,'','','','','','',1613163071,1613163071),(28,0,0,2,1,0,0,'','','','','','',1613163071,1613163071),(29,NULL,NULL,1,1,0,1,'','','','','','',1613163174,1613163174),(29,0,0,2,1,0,0,'','','','','','',1613163175,1613163175),(30,NULL,NULL,1,1,0,1,'','','','','','',1613163211,1613163211),(30,0,0,2,1,0,0,'','','','','','',1613163211,1613163211),(31,NULL,NULL,1,1,0,1,'','','','','','',1613163314,1613163314),(31,0,0,2,1,0,0,'','','','','','',1613163314,1613163314),(32,NULL,NULL,1,1,0,1,'','','','','','',1613163351,1613163351),(32,0,0,2,1,0,0,'','','','','','',1613163351,1613163351),(33,NULL,NULL,1,1,0,1,'','','','','','',1613163386,1613163386),(33,0,0,2,1,0,0,'','','','','','',1613163387,1613163387),(34,NULL,NULL,1,1,0,1,'','','','','','',1613163421,1613163421),(34,0,0,2,1,0,0,'','','','','','',1613163421,1613163421),(35,NULL,NULL,1,1,0,1,'','','','','','',1613163454,1613163454),(35,0,0,2,1,0,0,'','','','','','',1613163454,1613163454),(36,NULL,NULL,1,1,0,1,'','','','','','',1613163527,1613163527),(36,0,0,2,1,0,0,'','','','','','',1613163527,1613163527),(37,NULL,NULL,1,1,0,1,'','','','','','',1613163562,1613163562),(37,0,0,2,1,0,0,'','','','','','',1613163562,1613163562),(38,NULL,NULL,1,1,0,1,'','','','','','',1613163598,1613163598),(38,0,0,2,1,0,0,'','','','','','',1613163598,1613163598),(39,NULL,NULL,1,1,0,1,'','','','','','',1613163633,1613163633),(39,0,0,2,1,0,0,'','','','','','',1613163633,1613163633),(40,NULL,NULL,1,1,0,1,'','','','','','',1613163701,1613163701),(40,0,0,2,1,0,0,'','','','','','',1613163701,1613163701),(41,NULL,NULL,1,1,0,1,'','','','','','',1613163739,1613163739),(41,0,0,2,1,0,0,'','','','','','',1613163740,1613163740),(42,NULL,NULL,1,1,0,1,'','','','','','',1613163774,1613163774),(42,0,0,2,1,0,0,'','','','','','',1613163774,1613163774),(43,NULL,NULL,1,1,0,1,'','','','','','',1613163809,1613163809),(43,0,0,2,1,0,0,'','','','','','',1613163809,1613163809),(44,NULL,NULL,1,1,0,1,'','','','','','',1613163878,1613163878),(44,0,0,2,1,0,0,'','','','','','',1613163879,1613163879),(45,NULL,NULL,1,1,0,1,'','','','','','',1613163945,1613163945),(45,0,0,2,1,0,0,'','','','','','',1613163945,1613163945),(46,NULL,NULL,1,1,0,1,'','','','','','',1613164012,1613164012),(46,0,0,2,1,0,0,'','','','','','',1613164012,1613164012),(47,NULL,NULL,1,1,0,1,'','','','','','',1613164047,1613164047),(47,0,0,2,1,0,0,'','','','','','',1613164047,1613164047),(48,NULL,NULL,1,1,0,1,'','','','','','',1613164150,1613164150),(48,0,0,2,1,0,0,'','','','','','',1613164150,1613164150),(49,NULL,NULL,1,1,0,1,'','','','','','',1613164186,1613164186),(49,0,0,2,1,0,0,'','','','','','',1613164187,1613164187),(50,NULL,NULL,1,1,0,1,'','','','','','',1613164258,1613164258),(50,0,0,2,1,0,0,'','','','','','',1613164258,1613164258),(51,NULL,NULL,1,1,0,1,'','','','','','',1613164330,1613164330),(51,0,0,2,1,0,0,'','','','','','',1613164330,1613164330),(52,NULL,NULL,1,1,0,1,'','','','','','',1613164366,1613164366),(52,0,0,2,1,0,0,'','','','','','',1613164366,1613164366),(53,NULL,NULL,1,1,0,1,'','','','','','',1613164401,1613164401),(53,0,0,2,1,0,0,'','','','','','',1613164401,1613164401),(54,NULL,NULL,1,1,0,1,'','','','','','',1613164433,1613164433),(54,0,0,2,1,0,0,'','','','','','',1613164434,1613164434),(55,NULL,NULL,1,1,0,1,'','','','','','',1613164469,1613164469),(55,0,0,2,1,0,0,'','','','','','',1613164469,1613164469),(56,NULL,NULL,1,1,0,1,'','','','','','',1613164502,1613164502),(56,0,0,2,1,0,0,'','','','','','',1613164502,1613164502),(57,NULL,NULL,1,1,0,1,'','','','','','',1613164537,1613164537),(57,0,0,2,1,0,0,'','','','','','',1613164537,1613164537),(58,NULL,NULL,1,1,0,1,'','','','','','',1613164705,1613164705),(58,0,0,2,1,0,0,'','','','','','',1613164705,1613164705),(59,NULL,NULL,1,1,0,1,'','','','','','',1613164813,1613164813),(59,0,0,2,1,0,0,'','','','','','',1613164813,1613164813),(60,NULL,NULL,1,1,0,1,'','','','','','',1613164847,1613164847),(60,0,0,2,1,0,0,'','','','','','',1613164847,1613164847),(61,NULL,NULL,1,1,0,1,'','','','','','',1613164918,1613164918),(61,0,0,2,1,0,0,'','','','','','',1613164918,1613164918),(62,NULL,NULL,1,1,0,1,'','','','','','',1613164951,1613164951),(62,0,0,2,1,0,0,'','','','','','',1613164951,1613164951),(63,NULL,NULL,1,1,0,1,'','','','','','',1613165020,1613165020),(63,0,0,2,1,0,0,'','','','','','',1613165020,1613165020),(64,NULL,NULL,1,1,0,1,'','','','','','',1613165055,1613165055),(64,0,0,2,1,0,0,'','','','','','',1613165055,1613165055),(65,NULL,NULL,1,1,0,1,'','','','','','',1613165090,1613165090),(65,0,0,2,1,0,0,'','','','','','',1613165090,1613165090),(66,NULL,NULL,1,1,0,1,'','','','','','',1613165231,1613165231),(66,0,0,2,1,0,0,'','','','','','',1613165231,1613165231),(67,NULL,NULL,1,1,0,1,'','','','','','',1613165300,1613165300),(67,0,0,2,1,0,0,'','','','','','',1613165300,1613165300),(68,NULL,NULL,1,1,0,1,'','','','','','',1613165368,1613165368),(68,0,0,2,1,0,0,'','','','','','',1613165368,1613165368),(69,NULL,NULL,1,1,0,1,'','','','','','',1613165403,1613165403),(69,0,0,2,1,0,0,'','','','','','',1613165403,1613165403),(70,NULL,NULL,1,1,0,1,'','','','','','',1613165641,1613165641),(70,0,0,2,1,0,0,'','','','','','',1613165642,1613165642),(71,NULL,NULL,1,1,0,1,'','','','','','',1613165675,1613165675),(71,0,0,2,1,0,0,'','','','','','',1613165675,1613165675),(72,NULL,NULL,1,1,0,1,'','','','','','',1613165849,1613165849),(72,0,0,2,1,0,0,'','','','','','',1613165849,1613165849),(73,NULL,NULL,1,1,0,1,'','','','','','',1613165919,1613165919),(73,0,0,2,1,0,0,'','','','','','',1613165919,1613165919),(74,NULL,NULL,1,1,0,1,'','','','','','',1613165956,1613165956),(74,0,0,2,1,0,0,'','','','','','',1613165956,1613165956),(75,NULL,NULL,1,1,0,1,'','','','','','',1613165988,1613165988),(75,0,0,2,1,0,0,'','','','','','',1613165988,1613165988),(76,NULL,NULL,1,1,0,1,'','','','','','',1613166057,1613166057),(76,0,0,2,1,0,0,'','','','','','',1613166057,1613166057),(77,NULL,NULL,1,1,0,1,'','','','','','',1613166198,1613166198),(77,0,0,2,1,0,0,'','','','','','',1613166198,1613166198),(78,NULL,NULL,1,1,0,1,'','','','','','',1613166270,1613166270),(78,0,0,2,1,0,0,'','','','','','',1613166270,1613166270),(79,NULL,NULL,1,1,0,1,'','','','','','',1613166305,1613166305),(79,0,0,2,1,0,0,'','','','','','',1613166305,1613166305),(80,NULL,NULL,1,1,0,1,'','','','','','',1613166339,1613166339),(80,0,0,2,1,0,0,'','','','','','',1613166339,1613166339),(81,NULL,NULL,1,1,0,1,'','','','','','',1613166374,1613166374),(81,0,0,2,1,0,0,'','','','','','',1613166374,1613166374),(82,NULL,NULL,1,1,0,1,'','','','','','',1613166443,1613166443),(82,0,0,2,1,0,0,'','','','','','',1613166443,1613166443),(83,NULL,NULL,1,1,0,2,'','','','','','',1615749833,1615749833),(83,0,0,2,1,0,0,'','','','','','',1615749833,1615749833),(84,NULL,NULL,1,1,0,2,'','','','','','',1616542349,1616542349),(84,0,0,2,1,0,0,'','','','','','',1616542349,1616542349),(85,NULL,NULL,1,1,0,2,'','','','','','',1621445818,1621445818),(85,0,0,2,1,0,0,'','','','','','',1621445818,1621445818),(86,NULL,NULL,1,1,0,2,'','','','','','',1625474030,1625474030),(86,0,0,2,1,0,0,'','','','','','',1625474030,1625474030),(87,NULL,NULL,1,1,0,2,'','','','','','',1625987461,1625987461),(87,0,0,2,1,0,0,'','','','','','',1625987461,1625987461),(88,NULL,NULL,1,1,0,2,'','','','','','',1628728868,1628728868),(88,0,0,2,1,0,0,'','','','','','',1628728868,1628728868),(89,NULL,NULL,1,1,0,2,'','','','','','',1631629694,1631629694),(89,0,0,2,1,0,0,'','','','','','',1631629694,1631629694);

--
-- Table structure for table `dino_ig_blocked_emails`
--

CREATE TABLE `dino_ig_blocked_emails` (
  `id` int(10) NOT NULL AUTO_INCREMENT,
  `email` varchar(50) COLLATE utf8mb4_unicode_520_ci DEFAULT NULL,
  `ip` varchar(45) COLLATE utf8mb4_unicode_520_ci DEFAULT NULL,
  `created_on` timestamp NOT NULL DEFAULT CURRENT_TIMESTAMP,
  PRIMARY KEY (`id`)
) ENGINE=InnoDB AUTO_INCREMENT=5 DEFAULT CHARSET=utf8mb4 COLLATE=utf8mb4_unicode_520_ci;

--
-- Dumping data for table `dino_ig_blocked_emails`
--

INSERT INTO `dino_ig_blocked_emails` VALUES (1,'tan-semen@mail.ru','45.146.230.233','2021-02-12 15:17:38'),(2,'turarbek@mail.ru','5.183.129.21','2021-02-12 15:24:05'),(3,'kosarev_g_l@mail.ru','45.155.61.183','2021-02-12 15:41:33'),(4,'irma.ivanovna@mail.ru','45.146.230.233','2021-02-12 16:08:04');

--
-- Table structure for table `dino_ig_campaigns`
--

CREATE TABLE `dino_ig_campaigns` (
  `id` int(10) NOT NULL AUTO_INCREMENT,
  `slug` varchar(255) COLLATE utf8mb4_unicode_520_ci DEFAULT NULL,
  `name` varchar(255) COLLATE utf8mb4_unicode_520_ci DEFAULT NULL,
  `type` varchar(50) COLLATE utf8mb4_unicode_520_ci DEFAULT NULL,
  `parent_id` int(10) unsigned DEFAULT NULL,
  `parent_type` varchar(50) COLLATE utf8mb4_unicode_520_ci DEFAULT NULL,
  `subject` varchar(255) COLLATE utf8mb4_unicode_520_ci DEFAULT NULL,
  `body` longtext COLLATE utf8mb4_unicode_520_ci,
  `from_name` varchar(250) COLLATE utf8mb4_unicode_520_ci DEFAULT NULL,
  `from_email` varchar(150) COLLATE utf8mb4_unicode_520_ci DEFAULT NULL,
  `reply_to_name` varchar(250) COLLATE utf8mb4_unicode_520_ci DEFAULT NULL,
  `reply_to_email` varchar(150) COLLATE utf8mb4_unicode_520_ci DEFAULT NULL,
  `categories` text COLLATE utf8mb4_unicode_520_ci,
  `list_ids` text COLLATE utf8mb4_unicode_520_ci NOT NULL,
  `base_template_id` int(10) NOT NULL,
  `status` tinyint(4) NOT NULL,
  `meta` longtext COLLATE utf8mb4_unicode_520_ci,
  `created_at` datetime DEFAULT NULL,
  `updated_at` datetime DEFAULT NULL,
  `deleted_at` datetime DEFAULT NULL,
  PRIMARY KEY (`id`),
  KEY `type` (`type`),
  KEY `status` (`status`),
  KEY `base_template_id` (`base_template_id`)
) ENGINE=InnoDB DEFAULT CHARSET=utf8mb4 COLLATE=utf8mb4_unicode_520_ci;

--
-- Dumping data for table `dino_ig_campaigns`
--


--
-- Table structure for table `dino_ig_contact_meta`
--

CREATE TABLE `dino_ig_contact_meta` (
  `id` int(10) NOT NULL AUTO_INCREMENT,
  `contact_id` bigint(10) unsigned NOT NULL,
  `meta_key` varchar(255) COLLATE utf8mb4_unicode_520_ci DEFAULT NULL,
  `meta_value` longtext COLLATE utf8mb4_unicode_520_ci,
  PRIMARY KEY (`id`),
  KEY `contact_id` (`contact_id`),
  KEY `meta_ley` (`meta_key`)
) ENGINE=InnoDB DEFAULT CHARSET=utf8mb4 COLLATE=utf8mb4_unicode_520_ci;

--
-- Dumping data for table `dino_ig_contact_meta`
--


--
-- Table structure for table `dino_ig_contactmeta`
--

CREATE TABLE `dino_ig_contactmeta` (
  `meta_id` bigint(20) NOT NULL AUTO_INCREMENT,
  `contact_id` bigint(20) unsigned NOT NULL,
  `meta_key` varchar(255) COLLATE utf8mb4_unicode_520_ci DEFAULT NULL,
  `meta_value` longtext COLLATE utf8mb4_unicode_520_ci,
  PRIMARY KEY (`meta_id`),
  KEY `contact_id` (`contact_id`),
  KEY `meta_ley` (`meta_key`)
) ENGINE=InnoDB DEFAULT CHARSET=utf8mb4 COLLATE=utf8mb4_unicode_520_ci;

--
-- Dumping data for table `dino_ig_contactmeta`
--


--
-- Table structure for table `dino_ig_contacts`
--

CREATE TABLE `dino_ig_contacts` (
  `id` int(10) NOT NULL AUTO_INCREMENT,
  `wp_user_id` int(10) NOT NULL DEFAULT '0',
  `first_name` varchar(50) COLLATE utf8mb4_unicode_520_ci DEFAULT NULL,
  `last_name` varchar(50) COLLATE utf8mb4_unicode_520_ci DEFAULT NULL,
  `email` varchar(50) COLLATE utf8mb4_unicode_520_ci NOT NULL,
  `source` varchar(50) COLLATE utf8mb4_unicode_520_ci DEFAULT NULL,
  `form_id` int(10) NOT NULL DEFAULT '0',
  `status` varchar(10) COLLATE utf8mb4_unicode_520_ci DEFAULT NULL,
  `unsubscribed` tinyint(1) NOT NULL DEFAULT '0',
  `hash` varchar(50) COLLATE utf8mb4_unicode_520_ci DEFAULT NULL,
  `created_at` datetime DEFAULT NULL,
  `updated_at` datetime DEFAULT NULL,
  `is_verified` tinyint(1) DEFAULT '0',
  `is_disposable` tinyint(1) DEFAULT '0',
  `is_rolebased` tinyint(1) DEFAULT '0',
  `is_webmail` tinyint(1) DEFAULT '0',
  `is_deliverable` tinyint(1) DEFAULT '0',
  `is_sendsafely` tinyint(1) DEFAULT '0',
  `meta` longtext CHARACTER SET utf8,
  PRIMARY KEY (`id`),
  KEY `wp_user_id` (`wp_user_id`),
  KEY `email` (`email`),
  KEY `status` (`status`),
  KEY `form_id` (`form_id`)
) ENGINE=InnoDB AUTO_INCREMENT=90 DEFAULT CHARSET=utf8mb4 COLLATE=utf8mb4_unicode_520_ci;

--
-- Dumping data for table `dino_ig_contacts`
--

INSERT INTO `dino_ig_contacts` VALUES (1,1,'phoenixxlab@gmail.com','','phoenixxlab@gmail.com','admin',0,'verified',0,'mhdzuo-xaihky-ychkgb-npjwex-uqxcho','2020-07-01 03:21:45','0000-00-00 00:00:00',1,0,0,0,1,1,''),(2,0,'info','','info@domainworld.com','form',1,'verified',0,'faxutp-nlykfi-ljmuds-fkpnbv-pjvyod','2020-10-08 18:05:15',NULL,1,0,0,0,1,1,NULL),(3,0,'jaifarthamid','','jaifarthamid@gmail.com','form',1,'verified',0,'xiegyw-xedbzt-crjboh-hwdmia-afiryx','2020-11-17 14:39:46',NULL,1,0,0,0,1,1,NULL),(4,0,'amykandj','','amykandj@yahoo.com','form',1,'verified',0,'yguzsc-xraozq-nskbjy-npiyoq-doynei','2020-12-06 15:15:00',NULL,1,0,0,0,1,1,NULL),(5,0,'raneesh222','','raneesh222@gmail.com','form',1,'verified',0,'bklaox-stpznc-aesdgm-phftsz-ikhudc','2020-12-13 17:57:11',NULL,1,0,0,0,1,1,NULL),(6,0,'devadathan1206','','devadathan1206@gmail.com','form',1,'verified',0,'djcwvu-xtlefo-qglknp-yrxsgm-oqnaby','2021-01-19 10:01:54',NULL,1,0,0,0,1,1,NULL),(7,0,'mridul.mmas','','mridul.mmas@gmail.com','form',1,'verified',0,'clfzai-ozugby-vctfyk-czneoq-dcgqsp','2021-01-24 15:08:41',NULL,1,0,0,0,1,1,NULL),(8,0,'info','','info@dinohydraulics.com','form',1,'verified',0,'chknve-rhteuj-hfbnde-ikqtym-pfqahw','2021-01-24 15:10:52',NULL,1,0,0,0,1,1,NULL),(9,0,'biroswalter','','biroswalter@yahoo.com','form',1,'verified',0,'ngwvcj-stbdlh-wlrjsg-blczfk-defkcp','2021-02-07 21:32:17',NULL,1,0,0,0,1,1,NULL),(10,0,'info','','info@domainregistercorp.com','form',1,'verified',0,'cfixvn-vaqusi-vtreku-nswhib-hbxstc','2021-02-08 02:50:47',NULL,1,0,0,0,1,1,NULL),(11,0,'ПРИШЛА','ВЫПЛАТА www.mail.ru','xian@trackthatnow-my.ru','form',1,'verified',0,'uekisw-dpagyc-txyngz-krlopv-hcgydw','2021-02-11 11:35:26',NULL,1,0,0,0,1,1,NULL),(12,0,'ВАМ','ВЫПЛАТА www.smsc.ru/?17987sv','mts55mif@gmail.com','form',1,'verified',0,'bonejl-gpctkm-jhctuf-weqxcf-vmfxoq','2021-02-12 19:58:00',NULL,1,0,0,0,1,1,NULL),(13,0,'НОВАЯ','ВЫПЛАТА www.smsc.ru/?3gak8f8','al56mukenani@gmail.com','form',1,'verified',0,'iwjqal-yndtce-dpfnbq-ptdejb-icwrft','2021-02-12 20:37:56',NULL,1,0,0,0,1,1,NULL),(14,0,'ПРИШЛА','ВЫПЛАТА www.smsc.ru/?3gak8f8','andzelinos@gmail.com','form',1,'verified',0,'etdnrc-chgjls-aojekz-aofhrz-wazivj','2021-02-12 20:38:33',NULL,1,0,0,0,1,1,NULL),(15,0,'ПРИШЛА','ВЫПЛАТА www.smsc.ru/?3gak8f8','stanislavtarasevich363@gmail.com','form',1,'verified',0,'opcbdk-uznbfp-mblspd-mkilqr-puhlft','2021-02-12 20:39:05',NULL,1,0,0,0,1,1,NULL),(16,0,'ВАМ','ВЫПЛАТА www.smsc.ru/?3gak8f8','krut28092@gmail.com','form',1,'verified',0,'xwcgqz-vxezab-ozldwf-oyuncf-qduexz','2021-02-12 20:39:40',NULL,1,0,0,0,1,1,NULL),(17,0,'ВАМ','ВЫПЛАТА www.smsc.ru/?3gak8f8','svetlanaishina49@gmail.com','form',1,'verified',0,'jcwoen-jmgyui-avmpgk-jsfvml-fxnbmg','2021-02-12 20:40:21',NULL,1,0,0,0,1,1,NULL),(18,0,'НОВАЯ','ВЫПЛАТА www.smsc.ru/?3gak8f8','jelyazko.da@gmail.com','form',1,'verified',0,'cftuab-ecwqlb-bcjkoz-ofyecn-kojemh','2021-02-12 20:41:27',NULL,1,0,0,0,1,1,NULL),(19,0,'ВАМ','ВЫПЛАТА www.smsc.ru/?3gak8f8','jameslemayan39@gmail.com','form',1,'verified',0,'lbvftz-cvpdby-vhucpr-ifoljw-hewfkj','2021-02-12 20:42:03',NULL,1,0,0,0,1,1,NULL),(20,0,'НАЧИСЛЕНА','СУММА www.smsc.ru/?3gak8f8','oksanapodgornaya72@gmail.com','form',1,'verified',0,'szghfn-mibfgt-xbtpfz-syhmvn-xbpfyu','2021-02-12 20:44:03',NULL,1,0,0,0,1,1,NULL),(21,0,'НОВАЯ','СУММА www.smsc.ru/?3gak8f8','matviygacenko3@gmail.com','form',1,'verified',0,'wltfbg-megfxp-zkqtdw-ulahjg-utnilz','2021-02-12 20:44:39',NULL,1,0,0,0,1,1,NULL),(22,0,'ВАМ','ВЫПЛАТА www.smsc.ru/?3gak8f8','sanalukasin5@gmail.com','form',1,'verified',0,'mjfrli-bnvkmh-xzuthq-zdgxuy-ubhcix','2021-02-12 20:45:13',NULL,1,0,0,0,1,1,NULL),(23,0,'ВАМ','ВЫПЛАТА www.smsc.ru/?3gak8f8','bereznanasta042@gmail.com','form',1,'verified',0,'epionc-kgdhpi-bavhqz-ehyzig-uwhqae','2021-02-12 20:47:01',NULL,1,0,0,0,1,1,NULL),(24,0,'НОВАЯ','ВЫПЛАТА www.smsc.ru/?3gak8f8','ninadp29@gmail.com','form',1,'verified',0,'lnmxkr-gymnwd-kbpgoa-ilcamd-htflxy','2021-02-12 20:48:14',NULL,1,0,0,0,1,1,NULL),(25,0,'НОВАЯ','ВЫПЛАТА www.smsc.ru/?3gak8f8','murat.koblanov@bk.ru','form',1,'verified',0,'msopad-qodfbs-riovql-rnlxfe-ofqyse','2021-02-12 20:49:27',NULL,1,0,0,0,1,1,NULL),(26,0,'НОВАЯ','СУММА www.smsc.ru/?3gak8f8','jana19880806@gmail.com','form',1,'verified',0,'oivaub-rluzgb-jpeycl-zinsxo-fnysrg','2021-02-12 20:50:01',NULL,1,0,0,0,1,1,NULL),(27,0,'ПРИШЛА','СУММА www.smsc.ru/?3gak8f8','sardor1422a@gmail.com','form',1,'verified',0,'gejziy-pzrodm-suxedc-gwctbx-invzhq','2021-02-12 20:50:37',NULL,1,0,0,0,1,1,NULL),(28,0,'НОВАЯ','ВЫПЛАТА www.smsc.ru/?3gak8f8','evgenijsoin7@gmail.com','form',1,'verified',0,'rtfksp-aiwsrz-lwepvr-aysidp-ibluqh','2021-02-12 20:51:11',NULL,1,0,0,0,1,1,NULL),(29,0,'ПРИШЛА','СУММА www.smsc.ru/?3gak8f8','valikponam@gmail.com','form',1,'verified',0,'lhdikm-rcodij-ustwag-xenkfs-alejdm','2021-02-12 20:52:54',NULL,1,0,0,0,1,1,NULL),(30,0,'ВАМ','ВЫПЛАТА www.smsc.ru/?3gak8f8','fantastikum10@gmail.com','form',1,'verified',0,'sjxkwr-tefvom-lxoczq-ozemar-ymrfqu','2021-02-12 20:53:31',NULL,1,0,0,0,1,1,NULL),(31,0,'ВАМ','ВЫПЛАТА www.smsc.ru/?3gak8f8','lolamb1990@gmail.com','form',1,'verified',0,'jbflnh-vmgywe-rwleho-nwtclb-tdblju','2021-02-12 20:55:14',NULL,1,0,0,0,1,1,NULL),(32,0,'ВАМ','ВЫПЛАТА www.smsc.ru/?3gak8f8','emelanovau222@gmail.com','form',1,'verified',0,'cazgey-fvkwhs-lgqktx-eikbhn-fkidam','2021-02-12 20:55:51',NULL,1,0,0,0,1,1,NULL),(33,0,'НОВАЯ','СУММА www.smsc.ru/?3gak8f8','yura066290@yandex.ru','form',1,'verified',0,'kryajx-epcszw-fxtrqv-oktdlj-rctmkp','2021-02-12 20:56:26',NULL,1,0,0,0,1,1,NULL),(34,0,'ВАМ','ВЫПЛАТА www.smsc.ru/?3gak8f8','muzaka980@gmail.com','form',1,'verified',0,'zktgpm-hykivg-finxvw-udvcsn-gbcdtv','2021-02-12 20:57:01',NULL,1,0,0,0,1,1,NULL),(35,0,'ВАМ','ВЫПЛАТА www.smsc.ru/?3gak8f8','sivushenko.olga62@gmail.com','form',1,'verified',0,'rpxhea-lifhoa-xgwyfk-ljqzxg-lgzeqa','2021-02-12 20:57:34',NULL,1,0,0,0,1,1,NULL),(36,0,'ПРИШЛА','СУММА www.smsc.ru/?3gak8f8','muradiksanov@gmail.com','form',1,'verified',0,'pafsxd-uejkyh-tqepgd-xvzpnb-ibkznt','2021-02-12 20:58:47',NULL,1,0,0,0,1,1,NULL),(37,0,'ВАМ','ВЫПЛАТА www.smsc.ru/?3gak8f8','azizkhodjaeva9000@gmail.com','form',1,'verified',0,'uizxwg-wkloua-kheybx-hmxgat-oyzgwf','2021-02-12 20:59:22',NULL,1,0,0,0,1,1,NULL),(38,0,'ПРИШЛА','ВЫПЛАТА www.smsc.ru/?3gak8f8','moldobaevmisa@gmail.com','form',1,'verified',0,'sfcxoh-ieupnf-vanems-dxulcf-mqhnkr','2021-02-12 20:59:58',NULL,1,0,0,0,1,1,NULL),(39,0,'ВАМ','ВЫПЛАТА www.smsc.ru/?3gak8f8','oleksejceburahov@gmail.com','form',1,'verified',0,'pgrywb-gbmwnc-vhlbdm-vfugzp-avkjqi','2021-02-12 21:00:33',NULL,1,0,0,0,1,1,NULL),(40,0,'НОВАЯ','ВЫПЛАТА www.smsc.ru/?3gak8f8','varisnuki@gmail.com','form',1,'verified',0,'zquypr-wpfhbo-nlhcys-cofvxp-ptgabz','2021-02-12 21:01:41',NULL,1,0,0,0,1,1,NULL),(41,0,'ВАМ','ВЫПЛАТА www.smsc.ru/?3gak8f8','demianenko1404@gmail.com','form',1,'verified',0,'qyhkmi-wejohv-wzrdoy-rqmhxn-cyamnd','2021-02-12 21:02:19',NULL,1,0,0,0,1,1,NULL),(42,0,'ВАМ','ВЫПЛАТА www.smsc.ru/?3gak8f8','dawavikamiwa1987@gmail.com','form',1,'verified',0,'soynfu-drnslf-xgkweb-vgdmiy-hjzwrl','2021-02-12 21:02:54',NULL,1,0,0,0,1,1,NULL),(43,0,'ПРИШЛА','СУММА www.smsc.ru/?3gak8f8','abdusalamovmma@gmail.com','form',1,'verified',0,'txezgd-fbqctk-tmdhqg-bzapuv-wlxpty','2021-02-12 21:03:29',NULL,1,0,0,0,1,1,NULL),(44,0,'ВАМ','ВЫПЛАТА www.smsc.ru/?3gak8f8','peresypkinaleksandr@gmail.com','form',1,'verified',0,'atepjx-ijafto-gjahns-jryeak-enkgcm','2021-02-12 21:04:38',NULL,1,0,0,0,1,1,NULL),(45,0,'ВАМ','ВЫПЛАТА www.smsc.ru/?3gak8f8','natalya19832607@gmail.com','form',1,'verified',0,'lchxev-ciqdrg-jqycuw-jwkubm-wgokqd','2021-02-12 21:05:45',NULL,1,0,0,0,1,1,NULL),(46,0,'ВАМ','ВЫПЛАТА www.smsc.ru/?3gak8f8','erika.mistoft@gmail.com','form',1,'verified',0,'hltixb-dgqhki-gfbqsy-okpxig-rutzih','2021-02-12 21:06:52',NULL,1,0,0,0,1,1,NULL),(47,0,'НОВАЯ','ВЫПЛАТА www.smsc.ru/?3gak8f8','zelenina.gordenko@gmail.com','form',1,'verified',0,'wahkmc-lobrdt-gczatv-gqwsuy-andipy','2021-02-12 21:07:27',NULL,1,0,0,0,1,1,NULL),(48,0,'ВАМ','ВЫПЛАТА www.smsc.ru/?3gak8f8','elena19621958@gmail.com','form',1,'verified',0,'zhyjvt-oitqgx-xmvykw-dqrvwy-tisczk','2021-02-12 21:09:10',NULL,1,0,0,0,1,1,NULL),(49,0,'НАЧИСЛЕНА','СУММА www.smsc.ru/?3gak8f8','janna.pop42@gmail.com','form',1,'verified',0,'hpfcgj-rwpyus-kvmqbl-hdlkzg-ymbghn','2021-02-12 21:09:46',NULL,1,0,0,0,1,1,NULL),(50,0,'НОВАЯ','ВЫПЛАТА www.smsc.ru/?3gak8f8','boichuk.lanochka94@gmail.com','form',1,'verified',0,'szfmya-bjfmwn-oxekgz-guyvit-qkenix','2021-02-12 21:10:58',NULL,1,0,0,0,1,1,NULL),(51,0,'ВАМ','ВЫПЛАТА www.smsc.ru/?3gak8f8','zaicchkova@gmail.com','form',1,'verified',0,'dhofji-zvqine-ehnsrx-gjxpse-snukzf','2021-02-12 21:12:10',NULL,1,0,0,0,1,1,NULL),(52,0,'ВАМ','ВЫПЛАТА www.smsc.ru/?3gak8f8','verasidorova92967@gmail.com','form',1,'verified',0,'pjskvt-wzcvyn-ngckbu-gmsntr-jnwplz','2021-02-12 21:12:46',NULL,1,0,0,0,1,1,NULL),(53,0,'ВАМ','ВЫПЛАТА www.smsc.ru/?3gak8f8','igornovak1011@gmail.com','form',1,'verified',0,'gaxofb-ozljhm-ubdayg-jtoylm-cnmtfj','2021-02-12 21:13:21',NULL,1,0,0,0,1,1,NULL),(54,0,'ВАМ','ВЫПЛАТА www.smsc.ru/?3gak8f8','tangryberdiyagshymyradow@gmail.com','form',1,'verified',0,'xabmsv-jaxzsb-pvmnbr-tponvl-rajoft','2021-02-12 21:13:53',NULL,1,0,0,0,1,1,NULL),(55,0,'ВАМ','ВЫПЛАТА www.smsc.ru/?3gak8f8','gabdulinnurlan5@gmail.com','form',1,'verified',0,'izkvoh-kjxgbd-ymkhlp-gcvfjr-gkpwui','2021-02-12 21:14:29',NULL,1,0,0,0,1,1,NULL),(56,0,'ВАМ','ВЫПЛАТА www.smsc.ru/?3gak8f8','zhenya.kazantsev.84@list.ru','form',1,'verified',0,'vmgslt-hcafoz-tgyxuq-dgfenw-eaolvx','2021-02-12 21:15:02',NULL,1,0,0,0,1,1,NULL),(57,0,'ВАМ','ВЫПЛАТА www.smsc.ru/?3gak8f8','jurakrasnikov@gmail.com','form',1,'verified',0,'tdryfi-jvizah-zfoylj-jvuend-xrwoqb','2021-02-12 21:15:37',NULL,1,0,0,0,1,1,NULL),(58,0,'ПРИШЛА','ВЫПЛАТА www.smsc.ru/?3gak8f8','dorosenkom481@gmail.com','form',1,'verified',0,'nekmoy-garedm-rlosze-xnmbzv-uitfvr','2021-02-12 21:18:25',NULL,1,0,0,0,1,1,NULL),(59,0,'ВАМ','ВЫПЛАТА www.smsc.ru/?3gak8f8','nikolaeva.danochka@yandex.ru','form',1,'verified',0,'bcodnu-vbkexw-sfzumc-hgrjtp-vsbtkr','2021-02-12 21:20:13',NULL,1,0,0,0,1,1,NULL),(60,0,'ПРИШЛА','ВЫПЛАТА www.smsc.ru/?3gak8f8','gabanovavladlena88@gmail.com','form',1,'verified',0,'jzvuis-mvxjwn-lxrwpc-izomcp-bkdope','2021-02-12 21:20:47',NULL,1,0,0,0,1,1,NULL),(61,0,'ВАМ','ВЫПЛАТА www.smsc.ru/?3gak8f8','paculavova@gmail.com','form',1,'verified',0,'kyzpts-frpavb-przutg-yamrbg-whdmca','2021-02-12 21:21:58',NULL,1,0,0,0,1,1,NULL),(62,0,'ВАМ','ВЫПЛАТА www.smsc.ru/?3gak8f8','frolova.nuriya@inbox.ru','form',1,'verified',0,'qijmsc-gdyfrw-czlmgo-gldmor-zktubm','2021-02-12 21:22:31',NULL,1,0,0,0,1,1,NULL),(63,0,'ВАМ','ВЫПЛАТА www.smsc.ru/?3gak8f8','ysmaylovrysbek@gmail.com','form',1,'verified',0,'mftwek-bfxodj-iortpl-cgylmf-kehpyj','2021-02-12 21:23:40',NULL,1,0,0,0,1,1,NULL),(64,0,'НОВАЯ','ВЫПЛАТА www.smsc.ru/?3gak8f8','lenarichi12@gmail.com','form',1,'verified',0,'qtkixf-mdnbgc-brvxet-nqvodz-zwqxfh','2021-02-12 21:24:15',NULL,1,0,0,0,1,1,NULL),(65,0,'ВАМ','ВЫПЛАТА www.smsc.ru/?3gak8f8','vanobd84@gmail.com','form',1,'verified',0,'hzwjov-aqoyzf-iewvhc-ychwxl-qmvoyb','2021-02-12 21:24:50',NULL,1,0,0,0,1,1,NULL),(66,0,'ПРИШЛА','СУММА www.smsc.ru/?3gak8f8','vpikas096@gmail.com','form',1,'verified',0,'pgkadq-pfkwmv-zvcelm-wkzxdn-qbtegd','2021-02-12 21:27:11',NULL,1,0,0,0,1,1,NULL),(67,0,'ВАМ','ВЫПЛАТА www.smsc.ru/?3gak8f8','evgenijgovorin40@gmail.com','form',1,'verified',0,'pkubnm-wfjgab-dmoiwv-nmowbs-twlkbs','2021-02-12 21:28:20',NULL,1,0,0,0,1,1,NULL),(68,0,'НОВАЯ','СУММА www.smsc.ru/?3gak8f8','rojkoula4@gmail.com','form',1,'verified',0,'lrbzga-qhuyoa-magntw-qptklw-wevlis','2021-02-12 21:29:28',NULL,1,0,0,0,1,1,NULL),(69,0,'ВАМ','ВЫПЛАТА www.smsc.ru/?3gak8f8','vladkobernickij31@gmail.com','form',1,'verified',0,'qtuibj-apufmb-ywitev-jwfrtg-dtswie','2021-02-12 21:30:03',NULL,1,0,0,0,1,1,NULL),(70,0,'ВАМ','ВЫПЛАТА www.smsc.ru/?3gak8f8','ochir301980@gmail.com','form',1,'verified',0,'eivjzp-qxbkvn-ythgvf-ghkuvt-ykxbmn','2021-02-12 21:34:01',NULL,1,0,0,0,1,1,NULL),(71,0,'НОВАЯ','СУММА www.smsc.ru/?3gak8f8','avstrieckapitan@gmail.com','form',1,'verified',0,'zydjes-clyvnh-xvsdgm-tpjsvy-aivcsh','2021-02-12 21:34:35',NULL,1,0,0,0,1,1,NULL),(72,0,'ВАМ','ВЫПЛАТА www.smsc.ru/?3gak8f8','kacanviktor21@gmail.com','form',1,'verified',0,'mtadiw-bostjp-wcgmzp-nsxjfq-abetkx','2021-02-12 21:37:29',NULL,1,0,0,0,1,1,NULL),(73,0,'ПРИШЛА','СУММА www.smsc.ru/?3gak8f8','viorellopotenco1975@gmail.com','form',1,'verified',0,'icuyow-vlmgbs-exazif-lfdcys-kiuwan','2021-02-12 21:38:39',NULL,1,0,0,0,1,1,NULL),(74,0,'ВАМ','ВЫПЛАТА www.smsc.ru/?3gak8f8','kristinazavgorodneva999@gmail.com','form',1,'verified',0,'aekxir-aisfbt-xfyzhi-foayxm-bjewcr','2021-02-12 21:39:16',NULL,1,0,0,0,1,1,NULL),(75,0,'НОВАЯ','СУММА www.smsc.ru/?3gak8f8','comfypro11062017@gmail.com','form',1,'verified',0,'fwtzex-gndzhq-svejxl-xskvnq-vzrknf','2021-02-12 21:39:48',NULL,1,0,0,0,1,1,NULL),(76,0,'ПРИШЛА','СУММА www.smsc.ru/?3gak8f8','alenenochek.tsvetochek@gmail.com','form',1,'verified',0,'lznrda-acbgdu-lauzrg-tkvujh-ksxezj','2021-02-12 21:40:57',NULL,1,0,0,0,1,1,NULL),(77,0,'ВАМ','ВЫПЛАТА www.smsc.ru/?3gak8f8','tatanaermiskina035@gmail.com','form',1,'verified',0,'wjgcho-pdlvxn-vycjst-pjmvbg-soqbtx','2021-02-12 21:43:18',NULL,1,0,0,0,1,1,NULL),(78,0,'ВАМ','ВЫПЛАТА www.smsc.ru/?3gak8f8','irinavira001@gmail.com','form',1,'verified',0,'jiwzba-syrbng-qxlmpz-cnqads-sqclzh','2021-02-12 21:44:29',NULL,1,0,0,0,1,1,NULL),(79,0,'НОВАЯ','ВЫПЛАТА www.smsc.ru/?3gak8f8','smirnovadarina100@gmail.com','form',1,'verified',0,'rzekin-xbzqot-nufvts-kuahzq-yagblt','2021-02-12 21:45:05',NULL,1,0,0,0,1,1,NULL),(80,0,'ВАМ','ВЫПЛАТА www.smsc.ru/?3gak8f8','golubnichiy.dmitriy1995@gmail.com','form',1,'verified',0,'daifpq-zdrqcp-pbznao-klxnef-czasgx','2021-02-12 21:45:39',NULL,1,0,0,0,1,1,NULL),(81,0,'НАЧИСЛЕНА','СУММА www.smsc.ru/?3gak8f8','yukitaphoenix@gmail.com','form',1,'verified',0,'ubodtf-nfmxij-wvxcqr-fuvqbx-dlnfzs','2021-02-12 21:46:14',NULL,1,0,0,0,1,1,NULL),(82,0,'ПРИШЛА','СУММА www.smsc.ru/?3gak8f8','abasevvladimir3@gmail.com','form',1,'verified',0,'licheb-ygbrph-schuqf-rvlkfb-ogfbau','2021-02-12 21:47:23',NULL,1,0,0,0,1,1,NULL),(83,0,'someracd','','someracd@comcast.net','form',1,'verified',0,'qrlkvy-npmxtd-pqzajg-xymuhj-xzsduw','2021-03-14 19:23:53',NULL,1,0,0,0,1,1,NULL),(84,0,'yvonnemacdonald','','yvonnemacdonald@yahoo.ca','form',1,'verified',0,'dtglup-kbdnov-yjbiqm-gqvfuk-lrjmfv','2021-03-23 23:32:29',NULL,1,0,0,0,1,1,NULL),(85,0,'ceethe1','','ceethe1@yahoo.com','form',1,'verified',0,'gescqx-cxmguo-zaltxv-ejfkxn-cdmvua','2021-05-19 17:36:58',NULL,1,0,0,0,1,1,NULL),(86,0,'beatrice2ii','','beatrice2ii@yahoo.com','form',1,'verified',0,'tvfjre-pqkaou-nbusqf-pyqsou-hnjiso','2021-07-05 08:33:50',NULL,1,0,0,0,1,1,NULL),(87,0,'jenniferperez72','','jenniferperez72@gmail.com','form',1,'verified',0,'emqjxp-enfpwu-soyblx-myrdgq-amktcj','2021-07-11 07:11:01',NULL,1,0,0,0,1,1,NULL),(88,0,'janet5955','','janet5955@aol.com','form',1,'verified',0,'dotzhg-jlzwou-otdzfm-ocgfhj-rsxkvb','2021-08-12 00:41:08',NULL,1,0,0,0,1,1,NULL),(89,0,'karemnmohamed','','karemnmohamed@gmail.com','form',1,'verified',0,'fqbcul-cjtznf-wjqsky-jzbgpa-kpbghn','2021-09-14 14:28:13',NULL,1,0,0,0,1,1,NULL);

--
-- Table structure for table `dino_ig_contacts_ips`
--

CREATE TABLE `dino_ig_contacts_ips` (
  `ip` varchar(45) COLLATE utf8mb4_unicode_520_ci NOT NULL,
  `created_on` timestamp NOT NULL DEFAULT CURRENT_TIMESTAMP,
  PRIMARY KEY (`created_on`,`ip`),
  KEY `ip` (`ip`)
) ENGINE=InnoDB DEFAULT CHARSET=utf8mb4 COLLATE=utf8mb4_unicode_520_ci;

--
-- Dumping data for table `dino_ig_contacts_ips`
--

INSERT INTO `dino_ig_contacts_ips` VALUES ('27.122.59.100','2021-09-14 14:28:13');

--
-- Table structure for table `dino_ig_forms`
--

CREATE TABLE `dino_ig_forms` (
  `id` int(10) NOT NULL AUTO_INCREMENT,
  `name` varchar(255) COLLATE utf8mb4_unicode_520_ci NOT NULL,
  `body` longtext COLLATE utf8mb4_unicode_520_ci,
  `settings` longtext COLLATE utf8mb4_unicode_520_ci,
  `styles` longtext COLLATE utf8mb4_unicode_520_ci,
  `created_at` datetime DEFAULT NULL,
  `updated_at` datetime DEFAULT NULL,
  `deleted_at` datetime DEFAULT NULL,
  `af_id` int(10) NOT NULL DEFAULT '0',
  PRIMARY KEY (`id`)
) ENGINE=InnoDB AUTO_INCREMENT=2 DEFAULT CHARSET=utf8mb4 COLLATE=utf8mb4_unicode_520_ci;

--
-- Dumping data for table `dino_ig_forms`
--

INSERT INTO `dino_ig_forms` VALUES (1,'First Form','a:4:{i:0;a:5:{s:4:\"type\";s:4:\"text\";s:4:\"name\";s:4:\"Name\";s:2:\"id\";s:4:\"name\";s:6:\"params\";a:4:{s:5:\"label\";s:0:\"\";s:12:\"place_holder\";s:0:\"\";s:4:\"show\";b:0;s:8:\"required\";b:0;}s:8:\"position\";i:1;}i:1;a:5:{s:4:\"type\";s:4:\"text\";s:4:\"name\";s:5:\"Email\";s:2:\"id\";s:5:\"email\";s:6:\"params\";a:4:{s:5:\"label\";s:0:\"\";s:12:\"place_holder\";s:24:\"Enter your email address\";s:4:\"show\";b:1;s:8:\"required\";b:1;}s:8:\"position\";i:2;}i:2;a:5:{s:4:\"type\";s:8:\"checkbox\";s:4:\"name\";s:5:\"Lists\";s:2:\"id\";s:5:\"lists\";s:6:\"params\";a:4:{s:5:\"label\";s:5:\"Lists\";s:4:\"show\";b:0;s:8:\"required\";b:1;s:6:\"values\";a:1:{i:0;s:1:\"2\";}}s:8:\"position\";i:3;}i:3;a:5:{s:4:\"type\";s:6:\"submit\";s:4:\"name\";s:6:\"submit\";s:2:\"id\";s:6:\"submit\";s:6:\"params\";a:3:{s:5:\"label\";s:9:\"Subscribe\";s:4:\"show\";b:1;s:8:\"required\";b:1;}s:8:\"position\";i:4;}}','a:5:{s:5:\"lists\";a:1:{i:0;s:1:\"2\";}s:4:\"desc\";s:0:\"\";s:12:\"form_version\";s:3:\"1.0\";s:7:\"captcha\";s:2:\"no\";s:4:\"gdpr\";a:2:{s:7:\"consent\";s:2:\"no\";s:12:\"consent_text\";s:35:\"Please accept terms &amp; condition\";}}',NULL,'2020-07-01 03:21:45','2020-07-01 03:22:18',NULL,0);

--
-- Table structure for table `dino_ig_links`
--

CREATE TABLE `dino_ig_links` (
  `id` bigint(20) unsigned NOT NULL AUTO_INCREMENT,
  `message_id` int(10) unsigned NOT NULL,
  `campaign_id` int(10) unsigned NOT NULL,
  `link` varchar(2083) COLLATE utf8mb4_unicode_520_ci NOT NULL,
  `hash` varchar(20) COLLATE utf8mb4_unicode_520_ci NOT NULL,
  `i` tinyint(1) unsigned NOT NULL,
  `created_at` datetime DEFAULT NULL,
  PRIMARY KEY (`id`),
  KEY `campaign_id` (`campaign_id`),
  KEY `message_id` (`message_id`),
  KEY `link` (`link`(100))
) ENGINE=InnoDB DEFAULT CHARSET=utf8mb4 COLLATE=utf8mb4_unicode_520_ci;

--
-- Dumping data for table `dino_ig_links`
--


--
-- Table structure for table `dino_ig_lists`
--

CREATE TABLE `dino_ig_lists` (
  `id` int(10) NOT NULL AUTO_INCREMENT,
  `slug` varchar(255) COLLATE utf8mb4_unicode_520_ci NOT NULL,
  `name` varchar(255) COLLATE utf8mb4_unicode_520_ci NOT NULL,
  `created_at` datetime DEFAULT NULL,
  `updated_at` datetime DEFAULT NULL,
  `deleted_at` datetime DEFAULT NULL,
  PRIMARY KEY (`id`)
) ENGINE=InnoDB AUTO_INCREMENT=3 DEFAULT CHARSET=utf8mb4 COLLATE=utf8mb4_unicode_520_ci;

--
-- Dumping data for table `dino_ig_lists`
--

INSERT INTO `dino_ig_lists` VALUES (1,'test','Test','2020-07-01 03:21:45',NULL,NULL),(2,'main','Main','2020-07-01 03:21:45',NULL,NULL);

--
-- Table structure for table `dino_ig_lists_contacts`
--

CREATE TABLE `dino_ig_lists_contacts` (
  `id` int(10) NOT NULL AUTO_INCREMENT,
  `list_id` int(10) NOT NULL,
  `contact_id` int(10) NOT NULL,
  `status` varchar(50) COLLATE utf8mb4_unicode_520_ci NOT NULL,
  `optin_type` tinyint(4) NOT NULL,
  `subscribed_at` datetime DEFAULT NULL,
  `subscribed_ip` varchar(45) COLLATE utf8mb4_unicode_520_ci DEFAULT NULL,
  `unsubscribed_at` datetime DEFAULT NULL,
  `unsubscribed_ip` varchar(45) COLLATE utf8mb4_unicode_520_ci DEFAULT NULL,
  PRIMARY KEY (`id`)
) ENGINE=InnoDB AUTO_INCREMENT=93 DEFAULT CHARSET=utf8mb4 COLLATE=utf8mb4_unicode_520_ci;

--
-- Dumping data for table `dino_ig_lists_contacts`
--

INSERT INTO `dino_ig_lists_contacts` VALUES (1,1,1,'subscribed',1,'2020-07-01 03:21:45',NULL,NULL,NULL),(2,2,1,'subscribed',1,'2020-07-01 03:21:45',NULL,NULL,NULL),(3,2,2,'unconfirmed',2,'0000-00-00 00:00:00','179.61.156.15',NULL,NULL),(4,2,3,'subscribed',2,'2020-11-17 14:41:51','157.44.182.229',NULL,NULL),(5,2,4,'unconfirmed',2,'0000-00-00 00:00:00','51.68.215.249',NULL,NULL),(6,2,5,'unconfirmed',2,'0000-00-00 00:00:00','157.46.218.23',NULL,NULL),(7,2,6,'unconfirmed',2,'0000-00-00 00:00:00','157.46.133.164',NULL,NULL),(9,2,8,'subscribed',2,'2021-01-24 15:12:22','103.70.198.67',NULL,NULL),(11,2,7,'unconfirmed',2,'0000-00-00 00:00:00','42.107.192.168',NULL,NULL),(12,2,9,'unconfirmed',2,'0000-00-00 00:00:00','146.59.235.27',NULL,NULL),(13,2,10,'unconfirmed',2,'0000-00-00 00:00:00','186.179.12.104',NULL,NULL),(14,1,11,'subscribed',2,'2021-02-12 13:57:34','193.187.107.22',NULL,NULL),(15,1,12,'unconfirmed',2,'0000-00-00 00:00:00','176.53.172.150',NULL,NULL),(16,1,13,'unconfirmed',2,'0000-00-00 00:00:00','91.188.245.107',NULL,NULL),(17,1,14,'unconfirmed',2,'0000-00-00 00:00:00','45.145.168.155',NULL,NULL),(18,1,15,'unconfirmed',2,'0000-00-00 00:00:00','91.188.245.107',NULL,NULL),(19,1,16,'unconfirmed',2,'0000-00-00 00:00:00','5.101.1.177',NULL,NULL),(20,1,17,'unconfirmed',2,'0000-00-00 00:00:00','91.188.221.108',NULL,NULL),(21,1,18,'unconfirmed',2,'0000-00-00 00:00:00','45.145.171.33',NULL,NULL),(22,1,19,'unconfirmed',2,'0000-00-00 00:00:00','5.183.129.21',NULL,NULL),(23,1,20,'unconfirmed',2,'0000-00-00 00:00:00','45.140.175.164',NULL,NULL),(24,1,21,'unconfirmed',2,'0000-00-00 00:00:00','45.95.31.200',NULL,NULL),(25,1,22,'unconfirmed',2,'0000-00-00 00:00:00','31.40.202.79',NULL,NULL),(26,1,23,'unconfirmed',2,'0000-00-00 00:00:00','45.145.168.155',NULL,NULL),(27,1,24,'unconfirmed',2,'0000-00-00 00:00:00','5.101.1.177',NULL,NULL),(28,1,25,'unconfirmed',2,'0000-00-00 00:00:00','31.40.202.79',NULL,NULL),(29,1,26,'unconfirmed',2,'0000-00-00 00:00:00','45.140.175.164',NULL,NULL),(30,1,27,'unconfirmed',2,'0000-00-00 00:00:00','193.187.107.22',NULL,NULL),(31,1,28,'unconfirmed',2,'0000-00-00 00:00:00','176.53.172.150',NULL,NULL),(32,1,29,'unconfirmed',2,'0000-00-00 00:00:00','5.183.129.21',NULL,NULL),(33,1,30,'unconfirmed',2,'0000-00-00 00:00:00','91.188.221.108',NULL,NULL),(34,1,31,'unconfirmed',2,'0000-00-00 00:00:00','5.101.1.177',NULL,NULL),(35,1,32,'unconfirmed',2,'0000-00-00 00:00:00','45.155.61.183',NULL,NULL),(36,1,33,'unconfirmed',2,'0000-00-00 00:00:00','45.95.31.200',NULL,NULL),(37,1,34,'unconfirmed',2,'0000-00-00 00:00:00','176.53.172.150',NULL,NULL),(38,1,35,'unconfirmed',2,'0000-00-00 00:00:00','45.145.171.33',NULL,NULL),(39,1,36,'unconfirmed',2,'0000-00-00 00:00:00','91.188.221.108',NULL,NULL),(40,1,37,'unconfirmed',2,'0000-00-00 00:00:00','45.95.31.200',NULL,NULL),(41,1,38,'unconfirmed',2,'0000-00-00 00:00:00','45.145.168.155',NULL,NULL),(42,1,39,'unconfirmed',2,'0000-00-00 00:00:00','45.146.230.233',NULL,NULL),(43,1,40,'unconfirmed',2,'0000-00-00 00:00:00','45.155.61.183',NULL,NULL),(44,1,41,'unconfirmed',2,'0000-00-00 00:00:00','91.188.213.142',NULL,NULL),(45,1,42,'unconfirmed',2,'0000-00-00 00:00:00','5.101.1.177',NULL,NULL),(46,1,43,'unconfirmed',2,'0000-00-00 00:00:00','45.145.171.33',NULL,NULL),(47,1,44,'unconfirmed',2,'0000-00-00 00:00:00','45.146.230.233',NULL,NULL),(48,1,45,'unconfirmed',2,'0000-00-00 00:00:00','31.40.202.79',NULL,NULL),(49,1,46,'unconfirmed',2,'0000-00-00 00:00:00','45.146.230.233',NULL,NULL),(50,1,47,'unconfirmed',2,'0000-00-00 00:00:00','91.188.221.108',NULL,NULL),(51,1,48,'unconfirmed',2,'0000-00-00 00:00:00','176.53.172.150',NULL,NULL),(52,1,49,'unconfirmed',2,'0000-00-00 00:00:00','91.188.213.142',NULL,NULL),(53,1,50,'unconfirmed',2,'0000-00-00 00:00:00','31.40.202.79',NULL,NULL),(54,1,51,'unconfirmed',2,'0000-00-00 00:00:00','45.145.171.33',NULL,NULL),(55,1,52,'unconfirmed',2,'0000-00-00 00:00:00','45.95.31.200',NULL,NULL),(56,1,53,'unconfirmed',2,'0000-00-00 00:00:00','45.155.61.183',NULL,NULL),(57,1,54,'unconfirmed',2,'0000-00-00 00:00:00','193.187.107.22',NULL,NULL),(58,1,55,'unconfirmed',2,'0000-00-00 00:00:00','91.188.213.142',NULL,NULL),(59,1,56,'unconfirmed',2,'0000-00-00 00:00:00','91.188.245.107',NULL,NULL),(60,1,57,'unconfirmed',2,'0000-00-00 00:00:00','45.140.175.164',NULL,NULL),(61,1,58,'unconfirmed',2,'0000-00-00 00:00:00','176.53.172.150',NULL,NULL),(62,1,59,'unconfirmed',2,'0000-00-00 00:00:00','5.101.1.177',NULL,NULL),(63,1,60,'unconfirmed',2,'0000-00-00 00:00:00','45.95.31.200',NULL,NULL),(64,1,61,'unconfirmed',2,'0000-00-00 00:00:00','91.188.221.108',NULL,NULL),(65,1,62,'unconfirmed',2,'0000-00-00 00:00:00','5.183.129.21',NULL,NULL),(66,1,63,'unconfirmed',2,'0000-00-00 00:00:00','91.188.245.107',NULL,NULL),(67,1,64,'unconfirmed',2,'0000-00-00 00:00:00','193.187.107.22',NULL,NULL),(68,1,65,'unconfirmed',2,'0000-00-00 00:00:00','31.40.202.79',NULL,NULL),(69,1,66,'unconfirmed',2,'0000-00-00 00:00:00','176.53.173.110',NULL,NULL),(70,1,67,'unconfirmed',2,'0000-00-00 00:00:00','91.188.213.142',NULL,NULL),(71,1,68,'unconfirmed',2,'0000-00-00 00:00:00','45.140.175.164',NULL,NULL),(72,1,69,'unconfirmed',2,'0000-00-00 00:00:00','5.183.129.21',NULL,NULL),(73,1,70,'unconfirmed',2,'0000-00-00 00:00:00','193.187.107.22',NULL,NULL),(74,1,71,'unconfirmed',2,'0000-00-00 00:00:00','176.53.173.110',NULL,NULL),(75,1,72,'unconfirmed',2,'0000-00-00 00:00:00','45.95.31.200',NULL,NULL),(76,1,73,'unconfirmed',2,'0000-00-00 00:00:00','176.53.173.110',NULL,NULL),(77,1,74,'unconfirmed',2,'0000-00-00 00:00:00','5.101.1.177',NULL,NULL),(78,1,75,'unconfirmed',2,'0000-00-00 00:00:00','91.188.245.107',NULL,NULL),(79,1,76,'unconfirmed',2,'0000-00-00 00:00:00','45.145.168.155',NULL,NULL),(80,1,77,'unconfirmed',2,'0000-00-00 00:00:00','45.140.175.164',NULL,NULL),(81,1,78,'unconfirmed',2,'0000-00-00 00:00:00','176.53.173.110',NULL,NULL),(82,1,79,'unconfirmed',2,'0000-00-00 00:00:00','176.53.172.150',NULL,NULL),(83,1,80,'unconfirmed',2,'0000-00-00 00:00:00','193.187.107.22',NULL,NULL),(84,1,81,'unconfirmed',2,'0000-00-00 00:00:00','5.183.129.21',NULL,NULL),(85,1,82,'unconfirmed',2,'0000-00-00 00:00:00','91.188.221.108',NULL,NULL),(86,2,83,'unconfirmed',2,'0000-00-00 00:00:00','199.249.230.185',NULL,NULL),(87,2,84,'unconfirmed',2,'0000-00-00 00:00:00','104.244.73.193',NULL,NULL),(88,2,85,'unconfirmed',2,'0000-00-00 00:00:00','89.163.249.192',NULL,NULL),(89,2,86,'unconfirmed',2,'0000-00-00 00:00:00','5.199.143.202',NULL,NULL),(90,2,87,'unconfirmed',2,'0000-00-00 00:00:00','45.153.160.133',NULL,NULL),(91,2,88,'unconfirmed',2,'0000-00-00 00:00:00','23.129.64.162',NULL,NULL),(92,2,89,'unconfirmed',2,'0000-00-00 00:00:00','27.122.59.100',NULL,NULL);

--
-- Table structure for table `dino_ig_mailing_queue`
--

CREATE TABLE `dino_ig_mailing_queue` (
  `id` int(10) NOT NULL AUTO_INCREMENT,
  `hash` varchar(50) COLLATE utf8mb4_unicode_520_ci NOT NULL,
  `campaign_id` int(10) NOT NULL DEFAULT '0',
  `subject` text COLLATE utf8mb4_unicode_520_ci,
  `body` longtext COLLATE utf8mb4_unicode_520_ci,
  `count` int(10) unsigned NOT NULL DEFAULT '0',
  `status` varchar(10) COLLATE utf8mb4_unicode_520_ci NOT NULL,
  `start_at` datetime DEFAULT NULL,
  `finish_at` datetime DEFAULT NULL,
  `meta` longtext COLLATE utf8mb4_unicode_520_ci,
  `created_at` datetime DEFAULT NULL,
  `updated_at` datetime DEFAULT NULL,
  PRIMARY KEY (`id`),
  KEY `campaign_id` (`campaign_id`)
) ENGINE=InnoDB DEFAULT CHARSET=utf8mb4 COLLATE=utf8mb4_unicode_520_ci;

--
-- Dumping data for table `dino_ig_mailing_queue`
--


--
-- Table structure for table `dino_ig_queue`
--

CREATE TABLE `dino_ig_queue` (
  `contact_id` bigint(20) unsigned NOT NULL DEFAULT '0',
  `campaign_id` bigint(20) unsigned NOT NULL DEFAULT '0',
  `requeued` tinyint(1) unsigned NOT NULL DEFAULT '0',
  `added` int(11) unsigned NOT NULL DEFAULT '0',
  `timestamp` int(11) unsigned NOT NULL DEFAULT '0',
  `sent_at` int(11) unsigned NOT NULL DEFAULT '0',
  `priority` tinyint(1) unsigned NOT NULL DEFAULT '0',
  `count` tinyint(1) unsigned NOT NULL DEFAULT '0',
  `error` tinyint(1) unsigned NOT NULL DEFAULT '0',
  `ignore_status` tinyint(1) unsigned NOT NULL DEFAULT '0',
  `options` varchar(191) COLLATE utf8mb4_unicode_520_ci NOT NULL DEFAULT '',
  `tags` longtext COLLATE utf8mb4_unicode_520_ci NOT NULL,
  UNIQUE KEY `id` (`contact_id`,`campaign_id`,`requeued`,`options`),
  KEY `contact_id` (`contact_id`),
  KEY `campaign_id` (`campaign_id`),
  KEY `requeued` (`requeued`),
  KEY `timestamp` (`timestamp`),
  KEY `priority` (`priority`),
  KEY `count` (`count`),
  KEY `error` (`error`),
  KEY `ignore_status` (`ignore_status`)
) ENGINE=InnoDB DEFAULT CHARSET=utf8mb4 COLLATE=utf8mb4_unicode_520_ci;

--
-- Dumping data for table `dino_ig_queue`
--


--
-- Table structure for table `dino_ig_sending_queue`
--

CREATE TABLE `dino_ig_sending_queue` (
  `id` int(10) NOT NULL AUTO_INCREMENT,
  `mailing_queue_id` int(10) NOT NULL DEFAULT '0',
  `mailing_queue_hash` varchar(50) COLLATE utf8mb4_unicode_520_ci DEFAULT NULL,
  `campaign_id` int(10) NOT NULL DEFAULT '0',
  `contact_id` int(10) NOT NULL DEFAULT '0',
  `contact_hash` varchar(255) COLLATE utf8mb4_unicode_520_ci DEFAULT NULL,
  `email` varchar(50) COLLATE utf8mb4_unicode_520_ci DEFAULT NULL,
  `status` varchar(50) COLLATE utf8mb4_unicode_520_ci DEFAULT NULL,
  `links` longtext COLLATE utf8mb4_unicode_520_ci,
  `opened` int(1) DEFAULT NULL,
  `sent_at` datetime DEFAULT NULL,
  `opened_at` datetime DEFAULT NULL,
  PRIMARY KEY (`id`)
) ENGINE=InnoDB DEFAULT CHARSET=utf8mb4 COLLATE=utf8mb4_unicode_520_ci;

--
-- Dumping data for table `dino_ig_sending_queue`
--


--
-- Table structure for table `dino_ig_workflows`
--

CREATE TABLE `dino_ig_workflows` (
  `id` int(10) NOT NULL AUTO_INCREMENT,
  `name` varchar(255) COLLATE utf8mb4_unicode_520_ci DEFAULT NULL,
  `title` varchar(255) COLLATE utf8mb4_unicode_520_ci DEFAULT NULL,
  `trigger_name` varchar(250) COLLATE utf8mb4_unicode_520_ci NOT NULL,
  `trigger_options` longtext COLLATE utf8mb4_unicode_520_ci NOT NULL,
  `rules` longtext COLLATE utf8mb4_unicode_520_ci NOT NULL,
  `actions` longtext COLLATE utf8mb4_unicode_520_ci NOT NULL,
  `status` tinyint(4) NOT NULL,
  `type` tinyint(4) NOT NULL,
  `priority` int(11) DEFAULT '0',
  `meta` longtext COLLATE utf8mb4_unicode_520_ci NOT NULL,
  `created_at` datetime DEFAULT NULL,
  `updated_at` datetime DEFAULT NULL,
  PRIMARY KEY (`id`)
) ENGINE=InnoDB DEFAULT CHARSET=utf8mb4 COLLATE=utf8mb4_unicode_520_ci;

--
-- Dumping data for table `dino_ig_workflows`
--


--
-- Table structure for table `dino_ig_workflows_queue`
--

CREATE TABLE `dino_ig_workflows_queue` (
  `id` bigint(20) NOT NULL AUTO_INCREMENT,
  `workflow_id` bigint(20) DEFAULT NULL,
  `failed` int(1) NOT NULL DEFAULT '0',
  `failure_code` int(3) NOT NULL DEFAULT '0',
  `meta` longtext COLLATE utf8mb4_unicode_520_ci NOT NULL,
  `scheduled_at` datetime DEFAULT NULL,
  `created_at` datetime DEFAULT NULL,
  PRIMARY KEY (`id`)
) ENGINE=InnoDB DEFAULT CHARSET=utf8mb4 COLLATE=utf8mb4_unicode_520_ci;

--
-- Dumping data for table `dino_ig_workflows_queue`
--


--
-- Table structure for table `dino_links`
--

CREATE TABLE `dino_links` (
  `link_id` bigint(20) unsigned NOT NULL AUTO_INCREMENT,
  `link_url` varchar(255) COLLATE utf8mb4_unicode_520_ci NOT NULL DEFAULT '',
  `link_name` varchar(255) COLLATE utf8mb4_unicode_520_ci NOT NULL DEFAULT '',
  `link_image` varchar(255) COLLATE utf8mb4_unicode_520_ci NOT NULL DEFAULT '',
  `link_target` varchar(25) COLLATE utf8mb4_unicode_520_ci NOT NULL DEFAULT '',
  `link_description` varchar(255) COLLATE utf8mb4_unicode_520_ci NOT NULL DEFAULT '',
  `link_visible` varchar(20) COLLATE utf8mb4_unicode_520_ci NOT NULL DEFAULT 'Y',
  `link_owner` bigint(20) unsigned NOT NULL DEFAULT '1',
  `link_rating` int(11) NOT NULL DEFAULT '0',
  `link_updated` datetime NOT NULL DEFAULT '0000-00-00 00:00:00',
  `link_rel` varchar(255) COLLATE utf8mb4_unicode_520_ci NOT NULL DEFAULT '',
  `link_notes` mediumtext COLLATE utf8mb4_unicode_520_ci NOT NULL,
  `link_rss` varchar(255) COLLATE utf8mb4_unicode_520_ci NOT NULL DEFAULT '',
  PRIMARY KEY (`link_id`),
  KEY `link_visible` (`link_visible`)
) ENGINE=InnoDB DEFAULT CHARSET=utf8mb4 COLLATE=utf8mb4_unicode_520_ci;

--
-- Dumping data for table `dino_links`
--


--
-- Table structure for table `dino_options`
--

CREATE TABLE `dino_options` (
  `option_id` bigint(20) unsigned NOT NULL AUTO_INCREMENT,
  `option_name` varchar(191) COLLATE utf8mb4_unicode_520_ci NOT NULL DEFAULT '',
  `option_value` longtext COLLATE utf8mb4_unicode_520_ci NOT NULL,
  `autoload` varchar(20) COLLATE utf8mb4_unicode_520_ci NOT NULL DEFAULT 'yes',
  PRIMARY KEY (`option_id`),
  UNIQUE KEY `option_name` (`option_name`),
  KEY `autoload` (`autoload`)
) ENGINE=InnoDB AUTO_INCREMENT=234235 DEFAULT CHARSET=utf8mb4 COLLATE=utf8mb4_unicode_520_ci;

--
-- Dumping data for table `dino_options`
--

INSERT INTO `dino_options` VALUES (1,'siteurl','https://www.dinohydraulics.com','yes'),(2,'home','https://www.dinohydraulics.com','yes'),(3,'blogname','Malavika Engineering Works','yes'),(4,'blogdescription','','yes'),(5,'users_can_register','0','yes'),(6,'admin_email','malavikaew@gmail.com','yes'),(7,'start_of_week','1','yes'),(8,'use_balanceTags','0','yes'),(9,'use_smilies','1','yes'),(10,'require_name_email','1','yes'),(11,'comments_notify','1','yes'),(12,'posts_per_rss','10','yes'),(13,'rss_use_excerpt','0','yes'),(14,'mailserver_url','mail.example.com','yes'),(15,'mailserver_login','login@example.com','yes'),(16,'mailserver_pass','password','yes'),(17,'mailserver_port','110','yes'),(18,'default_category','1','yes'),(19,'default_comment_status','open','yes'),(20,'default_ping_status','open','yes'),(21,'default_pingback_flag','0','yes'),(22,'posts_per_page','10','yes'),(23,'date_format','F j, Y','yes'),(24,'time_format','g:i a','yes'),(25,'links_updated_date_format','F j, Y g:i a','yes'),(26,'comment_moderation','0','yes'),(27,'moderation_notify','1','yes'),(28,'permalink_structure','/%year%/%monthnum%/%day%/%postname%/','yes'),(29,'rewrite_rules','a:259:{s:24:\"^wc-auth/v([1]{1})/(.*)?\";s:63:\"index.php?wc-auth-version=$matches[1]&wc-auth-route=$matches[2]\";s:22:\"^wc-api/v([1-3]{1})/?$\";s:51:\"index.php?wc-api-version=$matches[1]&wc-api-route=/\";s:24:\"^wc-api/v([1-3]{1})(.*)?\";s:61:\"index.php?wc-api-version=$matches[1]&wc-api-route=$matches[2]\";s:11:\"products/?$\";s:27:\"index.php?post_type=product\";s:41:\"products/feed/(feed|rdf|rss|rss2|atom)/?$\";s:44:\"index.php?post_type=product&feed=$matches[1]\";s:36:\"products/(feed|rdf|rss|rss2|atom)/?$\";s:44:\"index.php?post_type=product&feed=$matches[1]\";s:28:\"products/page/([0-9]{1,})/?$\";s:45:\"index.php?post_type=product&paged=$matches[1]\";s:11:\"^wp-json/?$\";s:22:\"index.php?rest_route=/\";s:14:\"^wp-json/(.*)?\";s:33:\"index.php?rest_route=/$matches[1]\";s:21:\"^index.php/wp-json/?$\";s:22:\"index.php?rest_route=/\";s:24:\"^index.php/wp-json/(.*)?\";s:33:\"index.php?rest_route=/$matches[1]\";s:47:\"category/(.+?)/feed/(feed|rdf|rss|rss2|atom)/?$\";s:52:\"index.php?category_name=$matches[1]&feed=$matches[2]\";s:42:\"category/(.+?)/(feed|rdf|rss|rss2|atom)/?$\";s:52:\"index.php?category_name=$matches[1]&feed=$matches[2]\";s:23:\"category/(.+?)/embed/?$\";s:46:\"index.php?category_name=$matches[1]&embed=true\";s:35:\"category/(.+?)/page/?([0-9]{1,})/?$\";s:53:\"index.php?category_name=$matches[1]&paged=$matches[2]\";s:32:\"category/(.+?)/wc-api(/(.*))?/?$\";s:54:\"index.php?category_name=$matches[1]&wc-api=$matches[3]\";s:17:\"category/(.+?)/?$\";s:35:\"index.php?category_name=$matches[1]\";s:44:\"tag/([^/]+)/feed/(feed|rdf|rss|rss2|atom)/?$\";s:42:\"index.php?tag=$matches[1]&feed=$matches[2]\";s:39:\"tag/([^/]+)/(feed|rdf|rss|rss2|atom)/?$\";s:42:\"index.php?tag=$matches[1]&feed=$matches[2]\";s:20:\"tag/([^/]+)/embed/?$\";s:36:\"index.php?tag=$matches[1]&embed=true\";s:32:\"tag/([^/]+)/page/?([0-9]{1,})/?$\";s:43:\"index.php?tag=$matches[1]&paged=$matches[2]\";s:29:\"tag/([^/]+)/wc-api(/(.*))?/?$\";s:44:\"index.php?tag=$matches[1]&wc-api=$matches[3]\";s:14:\"tag/([^/]+)/?$\";s:25:\"index.php?tag=$matches[1]\";s:45:\"type/([^/]+)/feed/(feed|rdf|rss|rss2|atom)/?$\";s:50:\"index.php?post_format=$matches[1]&feed=$matches[2]\";s:40:\"type/([^/]+)/(feed|rdf|rss|rss2|atom)/?$\";s:50:\"index.php?post_format=$matches[1]&feed=$matches[2]\";s:21:\"type/([^/]+)/embed/?$\";s:44:\"index.php?post_format=$matches[1]&embed=true\";s:33:\"type/([^/]+)/page/?([0-9]{1,})/?$\";s:51:\"index.php?post_format=$matches[1]&paged=$matches[2]\";s:15:\"type/([^/]+)/?$\";s:33:\"index.php?post_format=$matches[1]\";s:55:\"product-category/(.+?)/feed/(feed|rdf|rss|rss2|atom)/?$\";s:50:\"index.php?product_cat=$matches[1]&feed=$matches[2]\";s:50:\"product-category/(.+?)/(feed|rdf|rss|rss2|atom)/?$\";s:50:\"index.php?product_cat=$matches[1]&feed=$matches[2]\";s:31:\"product-category/(.+?)/embed/?$\";s:44:\"index.php?product_cat=$matches[1]&embed=true\";s:43:\"product-category/(.+?)/page/?([0-9]{1,})/?$\";s:51:\"index.php?product_cat=$matches[1]&paged=$matches[2]\";s:25:\"product-category/(.+?)/?$\";s:33:\"index.php?product_cat=$matches[1]\";s:52:\"product-tag/([^/]+)/feed/(feed|rdf|rss|rss2|atom)/?$\";s:50:\"index.php?product_tag=$matches[1]&feed=$matches[2]\";s:47:\"product-tag/([^/]+)/(feed|rdf|rss|rss2|atom)/?$\";s:50:\"index.php?product_tag=$matches[1]&feed=$matches[2]\";s:28:\"product-tag/([^/]+)/embed/?$\";s:44:\"index.php?product_tag=$matches[1]&embed=true\";s:40:\"product-tag/([^/]+)/page/?([0-9]{1,})/?$\";s:51:\"index.php?product_tag=$matches[1]&paged=$matches[2]\";s:22:\"product-tag/([^/]+)/?$\";s:33:\"index.php?product_tag=$matches[1]\";s:35:\"product/[^/]+/attachment/([^/]+)/?$\";s:32:\"index.php?attachment=$matches[1]\";s:45:\"product/[^/]+/attachment/([^/]+)/trackback/?$\";s:37:\"index.php?attachment=$matches[1]&tb=1\";s:65:\"product/[^/]+/attachment/([^/]+)/feed/(feed|rdf|rss|rss2|atom)/?$\";s:49:\"index.php?attachment=$matches[1]&feed=$matches[2]\";s:60:\"product/[^/]+/attachment/([^/]+)/(feed|rdf|rss|rss2|atom)/?$\";s:49:\"index.php?attachment=$matches[1]&feed=$matches[2]\";s:60:\"product/[^/]+/attachment/([^/]+)/comment-page-([0-9]{1,})/?$\";s:50:\"index.php?attachment=$matches[1]&cpage=$matches[2]\";s:41:\"product/[^/]+/attachment/([^/]+)/embed/?$\";s:43:\"index.php?attachment=$matches[1]&embed=true\";s:24:\"product/([^/]+)/embed/?$\";s:40:\"index.php?product=$matches[1]&embed=true\";s:28:\"product/([^/]+)/trackback/?$\";s:34:\"index.php?product=$matches[1]&tb=1\";s:48:\"product/([^/]+)/feed/(feed|rdf|rss|rss2|atom)/?$\";s:46:\"index.php?product=$matches[1]&feed=$matches[2]\";s:43:\"product/([^/]+)/(feed|rdf|rss|rss2|atom)/?$\";s:46:\"index.php?product=$matches[1]&feed=$matches[2]\";s:36:\"product/([^/]+)/page/?([0-9]{1,})/?$\";s:47:\"index.php?product=$matches[1]&paged=$matches[2]\";s:43:\"product/([^/]+)/comment-page-([0-9]{1,})/?$\";s:47:\"index.php?product=$matches[1]&cpage=$matches[2]\";s:33:\"product/([^/]+)/wc-api(/(.*))?/?$\";s:48:\"index.php?product=$matches[1]&wc-api=$matches[3]\";s:39:\"product/[^/]+/([^/]+)/wc-api(/(.*))?/?$\";s:51:\"index.php?attachment=$matches[1]&wc-api=$matches[3]\";s:50:\"product/[^/]+/attachment/([^/]+)/wc-api(/(.*))?/?$\";s:51:\"index.php?attachment=$matches[1]&wc-api=$matches[3]\";s:32:\"product/([^/]+)(?:/([0-9]+))?/?$\";s:46:\"index.php?product=$matches[1]&page=$matches[2]\";s:24:\"product/[^/]+/([^/]+)/?$\";s:32:\"index.php?attachment=$matches[1]\";s:34:\"product/[^/]+/([^/]+)/trackback/?$\";s:37:\"index.php?attachment=$matches[1]&tb=1\";s:54:\"product/[^/]+/([^/]+)/feed/(feed|rdf|rss|rss2|atom)/?$\";s:49:\"index.php?attachment=$matches[1]&feed=$matches[2]\";s:49:\"product/[^/]+/([^/]+)/(feed|rdf|rss|rss2|atom)/?$\";s:49:\"index.php?attachment=$matches[1]&feed=$matches[2]\";s:49:\"product/[^/]+/([^/]+)/comment-page-([0-9]{1,})/?$\";s:50:\"index.php?attachment=$matches[1]&cpage=$matches[2]\";s:30:\"product/[^/]+/([^/]+)/embed/?$\";s:43:\"index.php?attachment=$matches[1]&embed=true\";s:39:\"testimonial/[^/]+/attachment/([^/]+)/?$\";s:32:\"index.php?attachment=$matches[1]\";s:49:\"testimonial/[^/]+/attachment/([^/]+)/trackback/?$\";s:37:\"index.php?attachment=$matches[1]&tb=1\";s:69:\"testimonial/[^/]+/attachment/([^/]+)/feed/(feed|rdf|rss|rss2|atom)/?$\";s:49:\"index.php?attachment=$matches[1]&feed=$matches[2]\";s:64:\"testimonial/[^/]+/attachment/([^/]+)/(feed|rdf|rss|rss2|atom)/?$\";s:49:\"index.php?attachment=$matches[1]&feed=$matches[2]\";s:64:\"testimonial/[^/]+/attachment/([^/]+)/comment-page-([0-9]{1,})/?$\";s:50:\"index.php?attachment=$matches[1]&cpage=$matches[2]\";s:45:\"testimonial/[^/]+/attachment/([^/]+)/embed/?$\";s:43:\"index.php?attachment=$matches[1]&embed=true\";s:28:\"testimonial/([^/]+)/embed/?$\";s:49:\"index.php?zozo_testimonial=$matches[1]&embed=true\";s:32:\"testimonial/([^/]+)/trackback/?$\";s:43:\"index.php?zozo_testimonial=$matches[1]&tb=1\";s:40:\"testimonial/([^/]+)/page/?([0-9]{1,})/?$\";s:56:\"index.php?zozo_testimonial=$matches[1]&paged=$matches[2]\";s:47:\"testimonial/([^/]+)/comment-page-([0-9]{1,})/?$\";s:56:\"index.php?zozo_testimonial=$matches[1]&cpage=$matches[2]\";s:37:\"testimonial/([^/]+)/wc-api(/(.*))?/?$\";s:57:\"index.php?zozo_testimonial=$matches[1]&wc-api=$matches[3]\";s:43:\"testimonial/[^/]+/([^/]+)/wc-api(/(.*))?/?$\";s:51:\"index.php?attachment=$matches[1]&wc-api=$matches[3]\";s:54:\"testimonial/[^/]+/attachment/([^/]+)/wc-api(/(.*))?/?$\";s:51:\"index.php?attachment=$matches[1]&wc-api=$matches[3]\";s:36:\"testimonial/([^/]+)(?:/([0-9]+))?/?$\";s:55:\"index.php?zozo_testimonial=$matches[1]&page=$matches[2]\";s:28:\"testimonial/[^/]+/([^/]+)/?$\";s:32:\"index.php?attachment=$matches[1]\";s:38:\"testimonial/[^/]+/([^/]+)/trackback/?$\";s:37:\"index.php?attachment=$matches[1]&tb=1\";s:58:\"testimonial/[^/]+/([^/]+)/feed/(feed|rdf|rss|rss2|atom)/?$\";s:49:\"index.php?attachment=$matches[1]&feed=$matches[2]\";s:53:\"testimonial/[^/]+/([^/]+)/(feed|rdf|rss|rss2|atom)/?$\";s:49:\"index.php?attachment=$matches[1]&feed=$matches[2]\";s:53:\"testimonial/[^/]+/([^/]+)/comment-page-([0-9]{1,})/?$\";s:50:\"index.php?attachment=$matches[1]&cpage=$matches[2]\";s:34:\"testimonial/[^/]+/([^/]+)/embed/?$\";s:43:\"index.php?attachment=$matches[1]&embed=true\";s:63:\"testimonial-categories/([^/]+)/feed/(feed|rdf|rss|rss2|atom)/?$\";s:61:\"index.php?testimonial_categories=$matches[1]&feed=$matches[2]\";s:58:\"testimonial-categories/([^/]+)/(feed|rdf|rss|rss2|atom)/?$\";s:61:\"index.php?testimonial_categories=$matches[1]&feed=$matches[2]\";s:39:\"testimonial-categories/([^/]+)/embed/?$\";s:55:\"index.php?testimonial_categories=$matches[1]&embed=true\";s:51:\"testimonial-categories/([^/]+)/page/?([0-9]{1,})/?$\";s:62:\"index.php?testimonial_categories=$matches[1]&paged=$matches[2]\";s:33:\"testimonial-categories/([^/]+)/?$\";s:44:\"index.php?testimonial_categories=$matches[1]\";s:37:\"portfolio/[^/]+/attachment/([^/]+)/?$\";s:32:\"index.php?attachment=$matches[1]\";s:47:\"portfolio/[^/]+/attachment/([^/]+)/trackback/?$\";s:37:\"index.php?attachment=$matches[1]&tb=1\";s:67:\"portfolio/[^/]+/attachment/([^/]+)/feed/(feed|rdf|rss|rss2|atom)/?$\";s:49:\"index.php?attachment=$matches[1]&feed=$matches[2]\";s:62:\"portfolio/[^/]+/attachment/([^/]+)/(feed|rdf|rss|rss2|atom)/?$\";s:49:\"index.php?attachment=$matches[1]&feed=$matches[2]\";s:62:\"portfolio/[^/]+/attachment/([^/]+)/comment-page-([0-9]{1,})/?$\";s:50:\"index.php?attachment=$matches[1]&cpage=$matches[2]\";s:43:\"portfolio/[^/]+/attachment/([^/]+)/embed/?$\";s:43:\"index.php?attachment=$matches[1]&embed=true\";s:26:\"portfolio/([^/]+)/embed/?$\";s:47:\"index.php?zozo_portfolio=$matches[1]&embed=true\";s:30:\"portfolio/([^/]+)/trackback/?$\";s:41:\"index.php?zozo_portfolio=$matches[1]&tb=1\";s:38:\"portfolio/([^/]+)/page/?([0-9]{1,})/?$\";s:54:\"index.php?zozo_portfolio=$matches[1]&paged=$matches[2]\";s:45:\"portfolio/([^/]+)/comment-page-([0-9]{1,})/?$\";s:54:\"index.php?zozo_portfolio=$matches[1]&cpage=$matches[2]\";s:35:\"portfolio/([^/]+)/wc-api(/(.*))?/?$\";s:55:\"index.php?zozo_portfolio=$matches[1]&wc-api=$matches[3]\";s:41:\"portfolio/[^/]+/([^/]+)/wc-api(/(.*))?/?$\";s:51:\"index.php?attachment=$matches[1]&wc-api=$matches[3]\";s:52:\"portfolio/[^/]+/attachment/([^/]+)/wc-api(/(.*))?/?$\";s:51:\"index.php?attachment=$matches[1]&wc-api=$matches[3]\";s:34:\"portfolio/([^/]+)(?:/([0-9]+))?/?$\";s:53:\"index.php?zozo_portfolio=$matches[1]&page=$matches[2]\";s:26:\"portfolio/[^/]+/([^/]+)/?$\";s:32:\"index.php?attachment=$matches[1]\";s:36:\"portfolio/[^/]+/([^/]+)/trackback/?$\";s:37:\"index.php?attachment=$matches[1]&tb=1\";s:56:\"portfolio/[^/]+/([^/]+)/feed/(feed|rdf|rss|rss2|atom)/?$\";s:49:\"index.php?attachment=$matches[1]&feed=$matches[2]\";s:51:\"portfolio/[^/]+/([^/]+)/(feed|rdf|rss|rss2|atom)/?$\";s:49:\"index.php?attachment=$matches[1]&feed=$matches[2]\";s:51:\"portfolio/[^/]+/([^/]+)/comment-page-([0-9]{1,})/?$\";s:50:\"index.php?attachment=$matches[1]&cpage=$matches[2]\";s:32:\"portfolio/[^/]+/([^/]+)/embed/?$\";s:43:\"index.php?attachment=$matches[1]&embed=true\";s:61:\"portfolio-categories/([^/]+)/feed/(feed|rdf|rss|rss2|atom)/?$\";s:59:\"index.php?portfolio_categories=$matches[1]&feed=$matches[2]\";s:56:\"portfolio-categories/([^/]+)/(feed|rdf|rss|rss2|atom)/?$\";s:59:\"index.php?portfolio_categories=$matches[1]&feed=$matches[2]\";s:37:\"portfolio-categories/([^/]+)/embed/?$\";s:53:\"index.php?portfolio_categories=$matches[1]&embed=true\";s:49:\"portfolio-categories/([^/]+)/page/?([0-9]{1,})/?$\";s:60:\"index.php?portfolio_categories=$matches[1]&paged=$matches[2]\";s:31:\"portfolio-categories/([^/]+)/?$\";s:42:\"index.php?portfolio_categories=$matches[1]\";s:55:\"portfolio-tags/([^/]+)/feed/(feed|rdf|rss|rss2|atom)/?$\";s:53:\"index.php?portfolio_tags=$matches[1]&feed=$matches[2]\";s:50:\"portfolio-tags/([^/]+)/(feed|rdf|rss|rss2|atom)/?$\";s:53:\"index.php?portfolio_tags=$matches[1]&feed=$matches[2]\";s:31:\"portfolio-tags/([^/]+)/embed/?$\";s:47:\"index.php?portfolio_tags=$matches[1]&embed=true\";s:43:\"portfolio-tags/([^/]+)/page/?([0-9]{1,})/?$\";s:54:\"index.php?portfolio_tags=$matches[1]&paged=$matches[2]\";s:25:\"portfolio-tags/([^/]+)/?$\";s:36:\"index.php?portfolio_tags=$matches[1]\";s:32:\"team/[^/]+/attachment/([^/]+)/?$\";s:32:\"index.php?attachment=$matches[1]\";s:42:\"team/[^/]+/attachment/([^/]+)/trackback/?$\";s:37:\"index.php?attachment=$matches[1]&tb=1\";s:62:\"team/[^/]+/attachment/([^/]+)/feed/(feed|rdf|rss|rss2|atom)/?$\";s:49:\"index.php?attachment=$matches[1]&feed=$matches[2]\";s:57:\"team/[^/]+/attachment/([^/]+)/(feed|rdf|rss|rss2|atom)/?$\";s:49:\"index.php?attachment=$matches[1]&feed=$matches[2]\";s:57:\"team/[^/]+/attachment/([^/]+)/comment-page-([0-9]{1,})/?$\";s:50:\"index.php?attachment=$matches[1]&cpage=$matches[2]\";s:38:\"team/[^/]+/attachment/([^/]+)/embed/?$\";s:43:\"index.php?attachment=$matches[1]&embed=true\";s:21:\"team/([^/]+)/embed/?$\";s:49:\"index.php?zozo_team_member=$matches[1]&embed=true\";s:25:\"team/([^/]+)/trackback/?$\";s:43:\"index.php?zozo_team_member=$matches[1]&tb=1\";s:33:\"team/([^/]+)/page/?([0-9]{1,})/?$\";s:56:\"index.php?zozo_team_member=$matches[1]&paged=$matches[2]\";s:40:\"team/([^/]+)/comment-page-([0-9]{1,})/?$\";s:56:\"index.php?zozo_team_member=$matches[1]&cpage=$matches[2]\";s:30:\"team/([^/]+)/wc-api(/(.*))?/?$\";s:57:\"index.php?zozo_team_member=$matches[1]&wc-api=$matches[3]\";s:36:\"team/[^/]+/([^/]+)/wc-api(/(.*))?/?$\";s:51:\"index.php?attachment=$matches[1]&wc-api=$matches[3]\";s:47:\"team/[^/]+/attachment/([^/]+)/wc-api(/(.*))?/?$\";s:51:\"index.php?attachment=$matches[1]&wc-api=$matches[3]\";s:29:\"team/([^/]+)(?:/([0-9]+))?/?$\";s:55:\"index.php?zozo_team_member=$matches[1]&page=$matches[2]\";s:21:\"team/[^/]+/([^/]+)/?$\";s:32:\"index.php?attachment=$matches[1]\";s:31:\"team/[^/]+/([^/]+)/trackback/?$\";s:37:\"index.php?attachment=$matches[1]&tb=1\";s:51:\"team/[^/]+/([^/]+)/feed/(feed|rdf|rss|rss2|atom)/?$\";s:49:\"index.php?attachment=$matches[1]&feed=$matches[2]\";s:46:\"team/[^/]+/([^/]+)/(feed|rdf|rss|rss2|atom)/?$\";s:49:\"index.php?attachment=$matches[1]&feed=$matches[2]\";s:46:\"team/[^/]+/([^/]+)/comment-page-([0-9]{1,})/?$\";s:50:\"index.php?attachment=$matches[1]&cpage=$matches[2]\";s:27:\"team/[^/]+/([^/]+)/embed/?$\";s:43:\"index.php?attachment=$matches[1]&embed=true\";s:52:\"team-groups/([^/]+)/feed/(feed|rdf|rss|rss2|atom)/?$\";s:54:\"index.php?team_categories=$matches[1]&feed=$matches[2]\";s:47:\"team-groups/([^/]+)/(feed|rdf|rss|rss2|atom)/?$\";s:54:\"index.php?team_categories=$matches[1]&feed=$matches[2]\";s:28:\"team-groups/([^/]+)/embed/?$\";s:48:\"index.php?team_categories=$matches[1]&embed=true\";s:40:\"team-groups/([^/]+)/page/?([0-9]{1,})/?$\";s:55:\"index.php?team_categories=$matches[1]&paged=$matches[2]\";s:22:\"team-groups/([^/]+)/?$\";s:37:\"index.php?team_categories=$matches[1]\";s:39:\"es_template/[^/]+/attachment/([^/]+)/?$\";s:32:\"index.php?attachment=$matches[1]\";s:49:\"es_template/[^/]+/attachment/([^/]+)/trackback/?$\";s:37:\"index.php?attachment=$matches[1]&tb=1\";s:69:\"es_template/[^/]+/attachment/([^/]+)/feed/(feed|rdf|rss|rss2|atom)/?$\";s:49:\"index.php?attachment=$matches[1]&feed=$matches[2]\";s:64:\"es_template/[^/]+/attachment/([^/]+)/(feed|rdf|rss|rss2|atom)/?$\";s:49:\"index.php?attachment=$matches[1]&feed=$matches[2]\";s:64:\"es_template/[^/]+/attachment/([^/]+)/comment-page-([0-9]{1,})/?$\";s:50:\"index.php?attachment=$matches[1]&cpage=$matches[2]\";s:45:\"es_template/[^/]+/attachment/([^/]+)/embed/?$\";s:43:\"index.php?attachment=$matches[1]&embed=true\";s:28:\"es_template/([^/]+)/embed/?$\";s:44:\"index.php?es_template=$matches[1]&embed=true\";s:32:\"es_template/([^/]+)/trackback/?$\";s:38:\"index.php?es_template=$matches[1]&tb=1\";s:40:\"es_template/([^/]+)/page/?([0-9]{1,})/?$\";s:51:\"index.php?es_template=$matches[1]&paged=$matches[2]\";s:47:\"es_template/([^/]+)/comment-page-([0-9]{1,})/?$\";s:51:\"index.php?es_template=$matches[1]&cpage=$matches[2]\";s:37:\"es_template/([^/]+)/wc-api(/(.*))?/?$\";s:52:\"index.php?es_template=$matches[1]&wc-api=$matches[3]\";s:43:\"es_template/[^/]+/([^/]+)/wc-api(/(.*))?/?$\";s:51:\"index.php?attachment=$matches[1]&wc-api=$matches[3]\";s:54:\"es_template/[^/]+/attachment/([^/]+)/wc-api(/(.*))?/?$\";s:51:\"index.php?attachment=$matches[1]&wc-api=$matches[3]\";s:36:\"es_template/([^/]+)(?:/([0-9]+))?/?$\";s:50:\"index.php?es_template=$matches[1]&page=$matches[2]\";s:28:\"es_template/[^/]+/([^/]+)/?$\";s:32:\"index.php?attachment=$matches[1]\";s:38:\"es_template/[^/]+/([^/]+)/trackback/?$\";s:37:\"index.php?attachment=$matches[1]&tb=1\";s:58:\"es_template/[^/]+/([^/]+)/feed/(feed|rdf|rss|rss2|atom)/?$\";s:49:\"index.php?attachment=$matches[1]&feed=$matches[2]\";s:53:\"es_template/[^/]+/([^/]+)/(feed|rdf|rss|rss2|atom)/?$\";s:49:\"index.php?attachment=$matches[1]&feed=$matches[2]\";s:53:\"es_template/[^/]+/([^/]+)/comment-page-([0-9]{1,})/?$\";s:50:\"index.php?attachment=$matches[1]&cpage=$matches[2]\";s:34:\"es_template/[^/]+/([^/]+)/embed/?$\";s:43:\"index.php?attachment=$matches[1]&embed=true\";s:12:\"robots\\.txt$\";s:18:\"index.php?robots=1\";s:13:\"favicon\\.ico$\";s:19:\"index.php?favicon=1\";s:48:\".*wp-(atom|rdf|rss|rss2|feed|commentsrss2)\\.php$\";s:18:\"index.php?feed=old\";s:20:\".*wp-app\\.php(/.*)?$\";s:19:\"index.php?error=403\";s:18:\".*wp-register.php$\";s:23:\"index.php?register=true\";s:32:\"feed/(feed|rdf|rss|rss2|atom)/?$\";s:27:\"index.php?&feed=$matches[1]\";s:27:\"(feed|rdf|rss|rss2|atom)/?$\";s:27:\"index.php?&feed=$matches[1]\";s:8:\"embed/?$\";s:21:\"index.php?&embed=true\";s:20:\"page/?([0-9]{1,})/?$\";s:28:\"index.php?&paged=$matches[1]\";s:27:\"comment-page-([0-9]{1,})/?$\";s:40:\"index.php?&page_id=112&cpage=$matches[1]\";s:17:\"wc-api(/(.*))?/?$\";s:29:\"index.php?&wc-api=$matches[2]\";s:41:\"comments/feed/(feed|rdf|rss|rss2|atom)/?$\";s:42:\"index.php?&feed=$matches[1]&withcomments=1\";s:36:\"comments/(feed|rdf|rss|rss2|atom)/?$\";s:42:\"index.php?&feed=$matches[1]&withcomments=1\";s:17:\"comments/embed/?$\";s:21:\"index.php?&embed=true\";s:26:\"comments/wc-api(/(.*))?/?$\";s:29:\"index.php?&wc-api=$matches[2]\";s:44:\"search/(.+)/feed/(feed|rdf|rss|rss2|atom)/?$\";s:40:\"index.php?s=$matches[1]&feed=$matches[2]\";s:39:\"search/(.+)/(feed|rdf|rss|rss2|atom)/?$\";s:40:\"index.php?s=$matches[1]&feed=$matches[2]\";s:20:\"search/(.+)/embed/?$\";s:34:\"index.php?s=$matches[1]&embed=true\";s:32:\"search/(.+)/page/?([0-9]{1,})/?$\";s:41:\"index.php?s=$matches[1]&paged=$matches[2]\";s:29:\"search/(.+)/wc-api(/(.*))?/?$\";s:42:\"index.php?s=$matches[1]&wc-api=$matches[3]\";s:14:\"search/(.+)/?$\";s:23:\"index.php?s=$matches[1]\";s:47:\"author/([^/]+)/feed/(feed|rdf|rss|rss2|atom)/?$\";s:50:\"index.php?author_name=$matches[1]&feed=$matches[2]\";s:42:\"author/([^/]+)/(feed|rdf|rss|rss2|atom)/?$\";s:50:\"index.php?author_name=$matches[1]&feed=$matches[2]\";s:23:\"author/([^/]+)/embed/?$\";s:44:\"index.php?author_name=$matches[1]&embed=true\";s:35:\"author/([^/]+)/page/?([0-9]{1,})/?$\";s:51:\"index.php?author_name=$matches[1]&paged=$matches[2]\";s:32:\"author/([^/]+)/wc-api(/(.*))?/?$\";s:52:\"index.php?author_name=$matches[1]&wc-api=$matches[3]\";s:17:\"author/([^/]+)/?$\";s:33:\"index.php?author_name=$matches[1]\";s:69:\"([0-9]{4})/([0-9]{1,2})/([0-9]{1,2})/feed/(feed|rdf|rss|rss2|atom)/?$\";s:80:\"index.php?year=$matches[1]&monthnum=$matches[2]&day=$matches[3]&feed=$matches[4]\";s:64:\"([0-9]{4})/([0-9]{1,2})/([0-9]{1,2})/(feed|rdf|rss|rss2|atom)/?$\";s:80:\"index.php?year=$matches[1]&monthnum=$matches[2]&day=$matches[3]&feed=$matches[4]\";s:45:\"([0-9]{4})/([0-9]{1,2})/([0-9]{1,2})/embed/?$\";s:74:\"index.php?year=$matches[1]&monthnum=$matches[2]&day=$matches[3]&embed=true\";s:57:\"([0-9]{4})/([0-9]{1,2})/([0-9]{1,2})/page/?([0-9]{1,})/?$\";s:81:\"index.php?year=$matches[1]&monthnum=$matches[2]&day=$matches[3]&paged=$matches[4]\";s:54:\"([0-9]{4})/([0-9]{1,2})/([0-9]{1,2})/wc-api(/(.*))?/?$\";s:82:\"index.php?year=$matches[1]&monthnum=$matches[2]&day=$matches[3]&wc-api=$matches[5]\";s:39:\"([0-9]{4})/([0-9]{1,2})/([0-9]{1,2})/?$\";s:63:\"index.php?year=$matches[1]&monthnum=$matches[2]&day=$matches[3]\";s:56:\"([0-9]{4})/([0-9]{1,2})/feed/(feed|rdf|rss|rss2|atom)/?$\";s:64:\"index.php?year=$matches[1]&monthnum=$matches[2]&feed=$matches[3]\";s:51:\"([0-9]{4})/([0-9]{1,2})/(feed|rdf|rss|rss2|atom)/?$\";s:64:\"index.php?year=$matches[1]&monthnum=$matches[2]&feed=$matches[3]\";s:32:\"([0-9]{4})/([0-9]{1,2})/embed/?$\";s:58:\"index.php?year=$matches[1]&monthnum=$matches[2]&embed=true\";s:44:\"([0-9]{4})/([0-9]{1,2})/page/?([0-9]{1,})/?$\";s:65:\"index.php?year=$matches[1]&monthnum=$matches[2]&paged=$matches[3]\";s:41:\"([0-9]{4})/([0-9]{1,2})/wc-api(/(.*))?/?$\";s:66:\"index.php?year=$matches[1]&monthnum=$matches[2]&wc-api=$matches[4]\";s:26:\"([0-9]{4})/([0-9]{1,2})/?$\";s:47:\"index.php?year=$matches[1]&monthnum=$matches[2]\";s:43:\"([0-9]{4})/feed/(feed|rdf|rss|rss2|atom)/?$\";s:43:\"index.php?year=$matches[1]&feed=$matches[2]\";s:38:\"([0-9]{4})/(feed|rdf|rss|rss2|atom)/?$\";s:43:\"index.php?year=$matches[1]&feed=$matches[2]\";s:19:\"([0-9]{4})/embed/?$\";s:37:\"index.php?year=$matches[1]&embed=true\";s:31:\"([0-9]{4})/page/?([0-9]{1,})/?$\";s:44:\"index.php?year=$matches[1]&paged=$matches[2]\";s:28:\"([0-9]{4})/wc-api(/(.*))?/?$\";s:45:\"index.php?year=$matches[1]&wc-api=$matches[3]\";s:13:\"([0-9]{4})/?$\";s:26:\"index.php?year=$matches[1]\";s:58:\"[0-9]{4}/[0-9]{1,2}/[0-9]{1,2}/[^/]+/attachment/([^/]+)/?$\";s:32:\"index.php?attachment=$matches[1]\";s:68:\"[0-9]{4}/[0-9]{1,2}/[0-9]{1,2}/[^/]+/attachment/([^/]+)/trackback/?$\";s:37:\"index.php?attachment=$matches[1]&tb=1\";s:88:\"[0-9]{4}/[0-9]{1,2}/[0-9]{1,2}/[^/]+/attachment/([^/]+)/feed/(feed|rdf|rss|rss2|atom)/?$\";s:49:\"index.php?attachment=$matches[1]&feed=$matches[2]\";s:83:\"[0-9]{4}/[0-9]{1,2}/[0-9]{1,2}/[^/]+/attachment/([^/]+)/(feed|rdf|rss|rss2|atom)/?$\";s:49:\"index.php?attachment=$matches[1]&feed=$matches[2]\";s:83:\"[0-9]{4}/[0-9]{1,2}/[0-9]{1,2}/[^/]+/attachment/([^/]+)/comment-page-([0-9]{1,})/?$\";s:50:\"index.php?attachment=$matches[1]&cpage=$matches[2]\";s:64:\"[0-9]{4}/[0-9]{1,2}/[0-9]{1,2}/[^/]+/attachment/([^/]+)/embed/?$\";s:43:\"index.php?attachment=$matches[1]&embed=true\";s:53:\"([0-9]{4})/([0-9]{1,2})/([0-9]{1,2})/([^/]+)/embed/?$\";s:91:\"index.php?year=$matches[1]&monthnum=$matches[2]&day=$matches[3]&name=$matches[4]&embed=true\";s:57:\"([0-9]{4})/([0-9]{1,2})/([0-9]{1,2})/([^/]+)/trackback/?$\";s:85:\"index.php?year=$matches[1]&monthnum=$matches[2]&day=$matches[3]&name=$matches[4]&tb=1\";s:77:\"([0-9]{4})/([0-9]{1,2})/([0-9]{1,2})/([^/]+)/feed/(feed|rdf|rss|rss2|atom)/?$\";s:97:\"index.php?year=$matches[1]&monthnum=$matches[2]&day=$matches[3]&name=$matches[4]&feed=$matches[5]\";s:72:\"([0-9]{4})/([0-9]{1,2})/([0-9]{1,2})/([^/]+)/(feed|rdf|rss|rss2|atom)/?$\";s:97:\"index.php?year=$matches[1]&monthnum=$matches[2]&day=$matches[3]&name=$matches[4]&feed=$matches[5]\";s:65:\"([0-9]{4})/([0-9]{1,2})/([0-9]{1,2})/([^/]+)/page/?([0-9]{1,})/?$\";s:98:\"index.php?year=$matches[1]&monthnum=$matches[2]&day=$matches[3]&name=$matches[4]&paged=$matches[5]\";s:72:\"([0-9]{4})/([0-9]{1,2})/([0-9]{1,2})/([^/]+)/comment-page-([0-9]{1,})/?$\";s:98:\"index.php?year=$matches[1]&monthnum=$matches[2]&day=$matches[3]&name=$matches[4]&cpage=$matches[5]\";s:62:\"([0-9]{4})/([0-9]{1,2})/([0-9]{1,2})/([^/]+)/wc-api(/(.*))?/?$\";s:99:\"index.php?year=$matches[1]&monthnum=$matches[2]&day=$matches[3]&name=$matches[4]&wc-api=$matches[6]\";s:62:\"[0-9]{4}/[0-9]{1,2}/[0-9]{1,2}/[^/]+/([^/]+)/wc-api(/(.*))?/?$\";s:51:\"index.php?attachment=$matches[1]&wc-api=$matches[3]\";s:73:\"[0-9]{4}/[0-9]{1,2}/[0-9]{1,2}/[^/]+/attachment/([^/]+)/wc-api(/(.*))?/?$\";s:51:\"index.php?attachment=$matches[1]&wc-api=$matches[3]\";s:61:\"([0-9]{4})/([0-9]{1,2})/([0-9]{1,2})/([^/]+)(?:/([0-9]+))?/?$\";s:97:\"index.php?year=$matches[1]&monthnum=$matches[2]&day=$matches[3]&name=$matches[4]&page=$matches[5]\";s:47:\"[0-9]{4}/[0-9]{1,2}/[0-9]{1,2}/[^/]+/([^/]+)/?$\";s:32:\"index.php?attachment=$matches[1]\";s:57:\"[0-9]{4}/[0-9]{1,2}/[0-9]{1,2}/[^/]+/([^/]+)/trackback/?$\";s:37:\"index.php?attachment=$matches[1]&tb=1\";s:77:\"[0-9]{4}/[0-9]{1,2}/[0-9]{1,2}/[^/]+/([^/]+)/feed/(feed|rdf|rss|rss2|atom)/?$\";s:49:\"index.php?attachment=$matches[1]&feed=$matches[2]\";s:72:\"[0-9]{4}/[0-9]{1,2}/[0-9]{1,2}/[^/]+/([^/]+)/(feed|rdf|rss|rss2|atom)/?$\";s:49:\"index.php?attachment=$matches[1]&feed=$matches[2]\";s:72:\"[0-9]{4}/[0-9]{1,2}/[0-9]{1,2}/[^/]+/([^/]+)/comment-page-([0-9]{1,})/?$\";s:50:\"index.php?attachment=$matches[1]&cpage=$matches[2]\";s:53:\"[0-9]{4}/[0-9]{1,2}/[0-9]{1,2}/[^/]+/([^/]+)/embed/?$\";s:43:\"index.php?attachment=$matches[1]&embed=true\";s:64:\"([0-9]{4})/([0-9]{1,2})/([0-9]{1,2})/comment-page-([0-9]{1,})/?$\";s:81:\"index.php?year=$matches[1]&monthnum=$matches[2]&day=$matches[3]&cpage=$matches[4]\";s:51:\"([0-9]{4})/([0-9]{1,2})/comment-page-([0-9]{1,})/?$\";s:65:\"index.php?year=$matches[1]&monthnum=$matches[2]&cpage=$matches[3]\";s:38:\"([0-9]{4})/comment-page-([0-9]{1,})/?$\";s:44:\"index.php?year=$matches[1]&cpage=$matches[2]\";s:27:\".?.+?/attachment/([^/]+)/?$\";s:32:\"index.php?attachment=$matches[1]\";s:37:\".?.+?/attachment/([^/]+)/trackback/?$\";s:37:\"index.php?attachment=$matches[1]&tb=1\";s:57:\".?.+?/attachment/([^/]+)/feed/(feed|rdf|rss|rss2|atom)/?$\";s:49:\"index.php?attachment=$matches[1]&feed=$matches[2]\";s:52:\".?.+?/attachment/([^/]+)/(feed|rdf|rss|rss2|atom)/?$\";s:49:\"index.php?attachment=$matches[1]&feed=$matches[2]\";s:52:\".?.+?/attachment/([^/]+)/comment-page-([0-9]{1,})/?$\";s:50:\"index.php?attachment=$matches[1]&cpage=$matches[2]\";s:33:\".?.+?/attachment/([^/]+)/embed/?$\";s:43:\"index.php?attachment=$matches[1]&embed=true\";s:16:\"(.?.+?)/embed/?$\";s:41:\"index.php?pagename=$matches[1]&embed=true\";s:20:\"(.?.+?)/trackback/?$\";s:35:\"index.php?pagename=$matches[1]&tb=1\";s:40:\"(.?.+?)/feed/(feed|rdf|rss|rss2|atom)/?$\";s:47:\"index.php?pagename=$matches[1]&feed=$matches[2]\";s:35:\"(.?.+?)/(feed|rdf|rss|rss2|atom)/?$\";s:47:\"index.php?pagename=$matches[1]&feed=$matches[2]\";s:28:\"(.?.+?)/page/?([0-9]{1,})/?$\";s:48:\"index.php?pagename=$matches[1]&paged=$matches[2]\";s:35:\"(.?.+?)/comment-page-([0-9]{1,})/?$\";s:48:\"index.php?pagename=$matches[1]&cpage=$matches[2]\";s:25:\"(.?.+?)/wc-api(/(.*))?/?$\";s:49:\"index.php?pagename=$matches[1]&wc-api=$matches[3]\";s:28:\"(.?.+?)/order-pay(/(.*))?/?$\";s:52:\"index.php?pagename=$matches[1]&order-pay=$matches[3]\";s:33:\"(.?.+?)/order-received(/(.*))?/?$\";s:57:\"index.php?pagename=$matches[1]&order-received=$matches[3]\";s:25:\"(.?.+?)/orders(/(.*))?/?$\";s:49:\"index.php?pagename=$matches[1]&orders=$matches[3]\";s:29:\"(.?.+?)/view-order(/(.*))?/?$\";s:53:\"index.php?pagename=$matches[1]&view-order=$matches[3]\";s:28:\"(.?.+?)/downloads(/(.*))?/?$\";s:52:\"index.php?pagename=$matches[1]&downloads=$matches[3]\";s:31:\"(.?.+?)/edit-account(/(.*))?/?$\";s:55:\"index.php?pagename=$matches[1]&edit-account=$matches[3]\";s:31:\"(.?.+?)/edit-address(/(.*))?/?$\";s:55:\"index.php?pagename=$matches[1]&edit-address=$matches[3]\";s:34:\"(.?.+?)/payment-methods(/(.*))?/?$\";s:58:\"index.php?pagename=$matches[1]&payment-methods=$matches[3]\";s:32:\"(.?.+?)/lost-password(/(.*))?/?$\";s:56:\"index.php?pagename=$matches[1]&lost-password=$matches[3]\";s:34:\"(.?.+?)/customer-logout(/(.*))?/?$\";s:58:\"index.php?pagename=$matches[1]&customer-logout=$matches[3]\";s:37:\"(.?.+?)/add-payment-method(/(.*))?/?$\";s:61:\"index.php?pagename=$matches[1]&add-payment-method=$matches[3]\";s:40:\"(.?.+?)/delete-payment-method(/(.*))?/?$\";s:64:\"index.php?pagename=$matches[1]&delete-payment-method=$matches[3]\";s:45:\"(.?.+?)/set-default-payment-method(/(.*))?/?$\";s:69:\"index.php?pagename=$matches[1]&set-default-payment-method=$matches[3]\";s:31:\".?.+?/([^/]+)/wc-api(/(.*))?/?$\";s:51:\"index.php?attachment=$matches[1]&wc-api=$matches[3]\";s:42:\".?.+?/attachment/([^/]+)/wc-api(/(.*))?/?$\";s:51:\"index.php?attachment=$matches[1]&wc-api=$matches[3]\";s:24:\"(.?.+?)(?:/([0-9]+))?/?$\";s:47:\"index.php?pagename=$matches[1]&page=$matches[2]\";}','yes'),(30,'hack_file','0','yes'),(31,'blog_charset','UTF-8','yes'),(32,'moderation_keys','','no'),(33,'active_plugins','a:11:{i:0;s:41:\"Ultimate_VC_Addons/Ultimate_VC_Addons.php\";i:1;s:51:\"all-in-one-wp-security-and-firewall/wp-security.php\";i:2;s:39:\"email-subscribers/email-subscribers.php\";i:3;s:29:\"formcraft3/formcraft-main.php\";i:4;s:27:\"js_composer/js_composer.php\";i:5;s:23:\"revslider/revslider.php\";i:6;s:25:\"simple-css/simple-css.php\";i:7;s:33:\"w3-total-cache/w3-total-cache.php\";i:8;s:27:\"woocommerce/woocommerce.php\";i:9;s:44:\"yith-woocommerce-category-accordion/init.php\";i:10;s:35:\"zozothemes-core/zozothemes-core.php\";}','yes'),(34,'category_base','','yes'),(35,'ping_sites','http://rpc.pingomatic.com/','yes'),(36,'comment_max_links','2','yes'),(37,'gmt_offset','0','yes'),(38,'default_email_category','1','yes'),(39,'recently_edited','','no'),(40,'template','mist','yes'),(41,'stylesheet','mist','yes'),(42,'comment_whitelist','1','yes'),(43,'blacklist_keys','','no'),(44,'comment_registration','0','yes'),(45,'html_type','text/html','yes'),(46,'use_trackback','0','yes'),(47,'default_role','subscriber','yes'),(48,'db_version','47018','yes'),(49,'uploads_use_yearmonth_folders','1','yes'),(50,'upload_path','','yes'),(51,'blog_public','1','yes'),(52,'default_link_category','2','yes'),(53,'show_on_front','page','yes'),(54,'tag_base','','yes'),(55,'show_avatars','1','yes'),(56,'avatar_rating','G','yes'),(57,'upload_url_path','','yes'),(58,'thumbnail_size_w','150','yes'),(59,'thumbnail_size_h','150','yes'),(60,'thumbnail_crop','1','yes'),(61,'medium_size_w','300','yes'),(62,'medium_size_h','300','yes'),(63,'avatar_default','mystery','yes'),(64,'large_size_w','600','yes'),(65,'large_size_h','600','yes'),(66,'image_default_link_type','none','yes'),(67,'image_default_size','','yes'),(68,'image_default_align','','yes'),(69,'close_comments_for_old_posts','0','yes'),(70,'close_comments_days_old','14','yes'),(71,'thread_comments','1','yes'),(72,'thread_comments_depth','5','yes'),(73,'page_comments','0','yes'),(74,'comments_per_page','50','yes'),(75,'default_comments_page','newest','yes'),(76,'comment_order','asc','yes'),(77,'sticky_posts','a:0:{}','yes'),(78,'widget_categories','a:2:{i:2;a:4:{s:5:\"title\";s:0:\"\";s:5:\"count\";i:0;s:12:\"hierarchical\";i:0;s:8:\"dropdown\";i:0;}s:12:\"_multiwidget\";i:1;}','yes'),(79,'widget_text','a:2:{i:1;a:0:{}s:12:\"_multiwidget\";i:1;}','yes'),(80,'widget_rss','a:2:{i:1;a:0:{}s:12:\"_multiwidget\";i:1;}','yes'),(81,'uninstall_plugins','a:1:{s:29:\"formcraft3/formcraft-main.php\";s:17:\"formcraft3_delete\";}','no'),(82,'timezone_string','','yes'),(83,'page_for_posts','0','yes'),(84,'page_on_front','112','yes'),(85,'default_post_format','0','yes'),(86,'link_manager_enabled','0','yes'),(87,'finished_splitting_shared_terms','1','yes'),(88,'site_icon','147','yes'),(89,'medium_large_size_w','768','yes'),(90,'medium_large_size_h','0','yes'),(91,'wp_page_for_privacy_policy','3','yes'),(92,'show_comments_cookies_opt_in','1','yes'),(93,'admin_email_lifespan','1609120523','yes'),(94,'initial_db_version','47018','yes'),(95,'dino_user_roles','a:7:{s:13:\"administrator\";a:2:{s:4:\"name\";s:13:\"Administrator\";s:12:\"capabilities\";a:114:{s:13:\"switch_themes\";b:1;s:11:\"edit_themes\";b:1;s:16:\"activate_plugins\";b:1;s:12:\"edit_plugins\";b:1;s:10:\"edit_users\";b:1;s:10:\"edit_files\";b:1;s:14:\"manage_options\";b:1;s:17:\"moderate_comments\";b:1;s:17:\"manage_categories\";b:1;s:12:\"manage_links\";b:1;s:12:\"upload_files\";b:1;s:6:\"import\";b:1;s:15:\"unfiltered_html\";b:1;s:10:\"edit_posts\";b:1;s:17:\"edit_others_posts\";b:1;s:20:\"edit_published_posts\";b:1;s:13:\"publish_posts\";b:1;s:10:\"edit_pages\";b:1;s:4:\"read\";b:1;s:8:\"level_10\";b:1;s:7:\"level_9\";b:1;s:7:\"level_8\";b:1;s:7:\"level_7\";b:1;s:7:\"level_6\";b:1;s:7:\"level_5\";b:1;s:7:\"level_4\";b:1;s:7:\"level_3\";b:1;s:7:\"level_2\";b:1;s:7:\"level_1\";b:1;s:7:\"level_0\";b:1;s:17:\"edit_others_pages\";b:1;s:20:\"edit_published_pages\";b:1;s:13:\"publish_pages\";b:1;s:12:\"delete_pages\";b:1;s:19:\"delete_others_pages\";b:1;s:22:\"delete_published_pages\";b:1;s:12:\"delete_posts\";b:1;s:19:\"delete_others_posts\";b:1;s:22:\"delete_published_posts\";b:1;s:20:\"delete_private_posts\";b:1;s:18:\"edit_private_posts\";b:1;s:18:\"read_private_posts\";b:1;s:20:\"delete_private_pages\";b:1;s:18:\"edit_private_pages\";b:1;s:18:\"read_private_pages\";b:1;s:12:\"delete_users\";b:1;s:12:\"create_users\";b:1;s:17:\"unfiltered_upload\";b:1;s:14:\"edit_dashboard\";b:1;s:14:\"update_plugins\";b:1;s:14:\"delete_plugins\";b:1;s:15:\"install_plugins\";b:1;s:13:\"update_themes\";b:1;s:14:\"install_themes\";b:1;s:11:\"update_core\";b:1;s:10:\"list_users\";b:1;s:12:\"remove_users\";b:1;s:13:\"promote_users\";b:1;s:18:\"edit_theme_options\";b:1;s:13:\"delete_themes\";b:1;s:6:\"export\";b:1;s:18:\"manage_woocommerce\";b:1;s:24:\"view_woocommerce_reports\";b:1;s:12:\"edit_product\";b:1;s:12:\"read_product\";b:1;s:14:\"delete_product\";b:1;s:13:\"edit_products\";b:1;s:20:\"edit_others_products\";b:1;s:16:\"publish_products\";b:1;s:21:\"read_private_products\";b:1;s:15:\"delete_products\";b:1;s:23:\"delete_private_products\";b:1;s:25:\"delete_published_products\";b:1;s:22:\"delete_others_products\";b:1;s:21:\"edit_private_products\";b:1;s:23:\"edit_published_products\";b:1;s:20:\"manage_product_terms\";b:1;s:18:\"edit_product_terms\";b:1;s:20:\"delete_product_terms\";b:1;s:20:\"assign_product_terms\";b:1;s:15:\"edit_shop_order\";b:1;s:15:\"read_shop_order\";b:1;s:17:\"delete_shop_order\";b:1;s:16:\"edit_shop_orders\";b:1;s:23:\"edit_others_shop_orders\";b:1;s:19:\"publish_shop_orders\";b:1;s:24:\"read_private_shop_orders\";b:1;s:18:\"delete_shop_orders\";b:1;s:26:\"delete_private_shop_orders\";b:1;s:28:\"delete_published_shop_orders\";b:1;s:25:\"delete_others_shop_orders\";b:1;s:24:\"edit_private_shop_orders\";b:1;s:26:\"edit_published_shop_orders\";b:1;s:23:\"manage_shop_order_terms\";b:1;s:21:\"edit_shop_order_terms\";b:1;s:23:\"delete_shop_order_terms\";b:1;s:23:\"assign_shop_order_terms\";b:1;s:16:\"edit_shop_coupon\";b:1;s:16:\"read_shop_coupon\";b:1;s:18:\"delete_shop_coupon\";b:1;s:17:\"edit_shop_coupons\";b:1;s:24:\"edit_others_shop_coupons\";b:1;s:20:\"publish_shop_coupons\";b:1;s:25:\"read_private_shop_coupons\";b:1;s:19:\"delete_shop_coupons\";b:1;s:27:\"delete_private_shop_coupons\";b:1;s:29:\"delete_published_shop_coupons\";b:1;s:26:\"delete_others_shop_coupons\";b:1;s:25:\"edit_private_shop_coupons\";b:1;s:27:\"edit_published_shop_coupons\";b:1;s:24:\"manage_shop_coupon_terms\";b:1;s:22:\"edit_shop_coupon_terms\";b:1;s:24:\"delete_shop_coupon_terms\";b:1;s:24:\"assign_shop_coupon_terms\";b:1;}}s:6:\"editor\";a:2:{s:4:\"name\";s:6:\"Editor\";s:12:\"capabilities\";a:34:{s:17:\"moderate_comments\";b:1;s:17:\"manage_categories\";b:1;s:12:\"manage_links\";b:1;s:12:\"upload_files\";b:1;s:15:\"unfiltered_html\";b:1;s:10:\"edit_posts\";b:1;s:17:\"edit_others_posts\";b:1;s:20:\"edit_published_posts\";b:1;s:13:\"publish_posts\";b:1;s:10:\"edit_pages\";b:1;s:4:\"read\";b:1;s:7:\"level_7\";b:1;s:7:\"level_6\";b:1;s:7:\"level_5\";b:1;s:7:\"level_4\";b:1;s:7:\"level_3\";b:1;s:7:\"level_2\";b:1;s:7:\"level_1\";b:1;s:7:\"level_0\";b:1;s:17:\"edit_others_pages\";b:1;s:20:\"edit_published_pages\";b:1;s:13:\"publish_pages\";b:1;s:12:\"delete_pages\";b:1;s:19:\"delete_others_pages\";b:1;s:22:\"delete_published_pages\";b:1;s:12:\"delete_posts\";b:1;s:19:\"delete_others_posts\";b:1;s:22:\"delete_published_posts\";b:1;s:20:\"delete_private_posts\";b:1;s:18:\"edit_private_posts\";b:1;s:18:\"read_private_posts\";b:1;s:20:\"delete_private_pages\";b:1;s:18:\"edit_private_pages\";b:1;s:18:\"read_private_pages\";b:1;}}s:6:\"author\";a:2:{s:4:\"name\";s:6:\"Author\";s:12:\"capabilities\";a:10:{s:12:\"upload_files\";b:1;s:10:\"edit_posts\";b:1;s:20:\"edit_published_posts\";b:1;s:13:\"publish_posts\";b:1;s:4:\"read\";b:1;s:7:\"level_2\";b:1;s:7:\"level_1\";b:1;s:7:\"level_0\";b:1;s:12:\"delete_posts\";b:1;s:22:\"delete_published_posts\";b:1;}}s:11:\"contributor\";a:2:{s:4:\"name\";s:11:\"Contributor\";s:12:\"capabilities\";a:5:{s:10:\"edit_posts\";b:1;s:4:\"read\";b:1;s:7:\"level_1\";b:1;s:7:\"level_0\";b:1;s:12:\"delete_posts\";b:1;}}s:10:\"subscriber\";a:2:{s:4:\"name\";s:10:\"Subscriber\";s:12:\"capabilities\";a:2:{s:4:\"read\";b:1;s:7:\"level_0\";b:1;}}s:8:\"customer\";a:2:{s:4:\"name\";s:8:\"Customer\";s:12:\"capabilities\";a:1:{s:4:\"read\";b:1;}}s:12:\"shop_manager\";a:2:{s:4:\"name\";s:12:\"Shop manager\";s:12:\"capabilities\";a:92:{s:7:\"level_9\";b:1;s:7:\"level_8\";b:1;s:7:\"level_7\";b:1;s:7:\"level_6\";b:1;s:7:\"level_5\";b:1;s:7:\"level_4\";b:1;s:7:\"level_3\";b:1;s:7:\"level_2\";b:1;s:7:\"level_1\";b:1;s:7:\"level_0\";b:1;s:4:\"read\";b:1;s:18:\"read_private_pages\";b:1;s:18:\"read_private_posts\";b:1;s:10:\"edit_posts\";b:1;s:10:\"edit_pages\";b:1;s:20:\"edit_published_posts\";b:1;s:20:\"edit_published_pages\";b:1;s:18:\"edit_private_pages\";b:1;s:18:\"edit_private_posts\";b:1;s:17:\"edit_others_posts\";b:1;s:17:\"edit_others_pages\";b:1;s:13:\"publish_posts\";b:1;s:13:\"publish_pages\";b:1;s:12:\"delete_posts\";b:1;s:12:\"delete_pages\";b:1;s:20:\"delete_private_pages\";b:1;s:20:\"delete_private_posts\";b:1;s:22:\"delete_published_pages\";b:1;s:22:\"delete_published_posts\";b:1;s:19:\"delete_others_posts\";b:1;s:19:\"delete_others_pages\";b:1;s:17:\"manage_categories\";b:1;s:12:\"manage_links\";b:1;s:17:\"moderate_comments\";b:1;s:12:\"upload_files\";b:1;s:6:\"export\";b:1;s:6:\"import\";b:1;s:10:\"list_users\";b:1;s:18:\"edit_theme_options\";b:1;s:18:\"manage_woocommerce\";b:1;s:24:\"view_woocommerce_reports\";b:1;s:12:\"edit_product\";b:1;s:12:\"read_product\";b:1;s:14:\"delete_product\";b:1;s:13:\"edit_products\";b:1;s:20:\"edit_others_products\";b:1;s:16:\"publish_products\";b:1;s:21:\"read_private_products\";b:1;s:15:\"delete_products\";b:1;s:23:\"delete_private_products\";b:1;s:25:\"delete_published_products\";b:1;s:22:\"delete_others_products\";b:1;s:21:\"edit_private_products\";b:1;s:23:\"edit_published_products\";b:1;s:20:\"manage_product_terms\";b:1;s:18:\"edit_product_terms\";b:1;s:20:\"delete_product_terms\";b:1;s:20:\"assign_product_terms\";b:1;s:15:\"edit_shop_order\";b:1;s:15:\"read_shop_order\";b:1;s:17:\"delete_shop_order\";b:1;s:16:\"edit_shop_orders\";b:1;s:23:\"edit_others_shop_orders\";b:1;s:19:\"publish_shop_orders\";b:1;s:24:\"read_private_shop_orders\";b:1;s:18:\"delete_shop_orders\";b:1;s:26:\"delete_private_shop_orders\";b:1;s:28:\"delete_published_shop_orders\";b:1;s:25:\"delete_others_shop_orders\";b:1;s:24:\"edit_private_shop_orders\";b:1;s:26:\"edit_published_shop_orders\";b:1;s:23:\"manage_shop_order_terms\";b:1;s:21:\"edit_shop_order_terms\";b:1;s:23:\"delete_shop_order_terms\";b:1;s:23:\"assign_shop_order_terms\";b:1;s:16:\"edit_shop_coupon\";b:1;s:16:\"read_shop_coupon\";b:1;s:18:\"delete_shop_coupon\";b:1;s:17:\"edit_shop_coupons\";b:1;s:24:\"edit_others_shop_coupons\";b:1;s:20:\"publish_shop_coupons\";b:1;s:25:\"read_private_shop_coupons\";b:1;s:19:\"delete_shop_coupons\";b:1;s:27:\"delete_private_shop_coupons\";b:1;s:29:\"delete_published_shop_coupons\";b:1;s:26:\"delete_others_shop_coupons\";b:1;s:25:\"edit_private_shop_coupons\";b:1;s:27:\"edit_published_shop_coupons\";b:1;s:24:\"manage_shop_coupon_terms\";b:1;s:22:\"edit_shop_coupon_terms\";b:1;s:24:\"delete_shop_coupon_terms\";b:1;s:24:\"assign_shop_coupon_terms\";b:1;}}}','yes'),(96,'fresh_site','0','yes'),(97,'widget_search','a:2:{i:2;a:1:{s:5:\"title\";s:0:\"\";}s:12:\"_multiwidget\";i:1;}','yes'),(98,'widget_recent-posts','a:2:{i:2;a:2:{s:5:\"title\";s:0:\"\";s:6:\"number\";i:5;}s:12:\"_multiwidget\";i:1;}','yes'),(99,'widget_recent-comments','a:2:{i:2;a:2:{s:5:\"title\";s:0:\"\";s:6:\"number\";i:5;}s:12:\"_multiwidget\";i:1;}','yes'),(100,'widget_archives','a:2:{i:2;a:3:{s:5:\"title\";s:0:\"\";s:5:\"count\";i:0;s:8:\"dropdown\";i:0;}s:12:\"_multiwidget\";i:1;}','yes'),(101,'widget_meta','a:2:{i:2;a:1:{s:5:\"title\";s:0:\"\";}s:12:\"_multiwidget\";i:1;}','yes'),(102,'sidebars_widgets','a:10:{s:19:\"wp_inactive_widgets\";a:3:{i:0;s:10:\"archives-2\";i:1;s:12:\"categories-2\";i:2;s:6:\"meta-2\";}s:7:\"primary\";a:3:{i:0;s:8:\"search-2\";i:1;s:14:\"recent-posts-2\";i:2;s:17:\"recent-comments-2\";}s:9:\"secondary\";a:0:{}s:14:\"secondary-menu\";a:0:{}s:15:\"footer-widget-1\";a:1:{i:0;s:13:\"custom_html-2\";}s:15:\"footer-widget-2\";a:1:{i:0;s:10:\"nav_menu-2\";}s:15:\"footer-widget-3\";a:1:{i:0;s:13:\"custom_html-3\";}s:15:\"footer-widget-4\";a:1:{i:0;s:24:\"email-subscribers-form-2\";}s:12:\"shop-sidebar\";a:1:{i:0;s:28:\"yith_wc_category_accordion-2\";}s:13:\"array_version\";i:3;}','yes'),(103,'cron','a:25:{i:1636356644;a:1:{s:26:\"action_scheduler_run_queue\";a:1:{s:32:\"0d04ed39571b55704c122d726248bbac\";a:3:{s:8:\"schedule\";s:12:\"every_minute\";s:4:\"args\";a:1:{i:0;s:7:\"WP Cron\";}s:8:\"interval\";i:60;}}}i:1636357080;a:1:{s:25:\"ig_es_cron_auto_responder\";a:1:{s:32:\"40cd750bba9870f18aada2478b24840a\";a:3:{s:8:\"schedule\";s:19:\"ig_es_cron_interval\";s:4:\"args\";a:0:{}s:8:\"interval\";i:900;}}}i:1636357200;a:1:{s:17:\"ig_es_cron_worker\";a:1:{s:32:\"40cd750bba9870f18aada2478b24840a\";a:3:{s:8:\"schedule\";s:19:\"ig_es_cron_interval\";s:4:\"args\";a:0:{}s:8:\"interval\";i:900;}}}i:1636357310;a:1:{s:32:\"woocommerce_cancel_unpaid_orders\";a:1:{s:32:\"40cd750bba9870f18aada2478b24840a\";a:2:{s:8:\"schedule\";b:0;s:4:\"args\";a:0:{}}}}i:1636357626;a:1:{s:18:\"w3_pgcache_cleanup\";a:1:{s:32:\"40cd750bba9870f18aada2478b24840a\";a:3:{s:8:\"schedule\";s:18:\"w3_pgcache_cleanup\";s:4:\"args\";a:0:{}s:8:\"interval\";i:3600;}}}i:1636357723;a:1:{s:18:\"w3_dbcache_cleanup\";a:1:{s:32:\"40cd750bba9870f18aada2478b24840a\";a:3:{s:8:\"schedule\";s:18:\"w3_dbcache_cleanup\";s:4:\"args\";a:0:{}s:8:\"interval\";i:3600;}}}i:1636358100;a:1:{s:10:\"ig_es_cron\";a:1:{s:32:\"40cd750bba9870f18aada2478b24840a\";a:3:{s:8:\"schedule\";s:6:\"hourly\";s:4:\"args\";a:0:{}s:8:\"interval\";i:3600;}}}i:1636358124;a:1:{s:34:\"wp_privacy_delete_old_export_files\";a:1:{s:32:\"40cd750bba9870f18aada2478b24840a\";a:3:{s:8:\"schedule\";s:6:\"hourly\";s:4:\"args\";a:0:{}s:8:\"interval\";i:3600;}}}i:1636358209;a:1:{s:33:\"wc_admin_process_orders_milestone\";a:1:{s:32:\"40cd750bba9870f18aada2478b24840a\";a:3:{s:8:\"schedule\";s:6:\"hourly\";s:4:\"args\";a:0:{}s:8:\"interval\";i:3600;}}}i:1636358232;a:1:{s:29:\"wc_admin_unsnooze_admin_notes\";a:1:{s:32:\"40cd750bba9870f18aada2478b24840a\";a:3:{s:8:\"schedule\";s:6:\"hourly\";s:4:\"args\";a:0:{}s:8:\"interval\";i:3600;}}}i:1636359753;a:1:{s:24:\"aiowps_hourly_cron_event\";a:1:{s:32:\"40cd750bba9870f18aada2478b24840a\";a:3:{s:8:\"schedule\";s:6:\"hourly\";s:4:\"args\";a:0:{}s:8:\"interval\";i:3600;}}}i:1636362278;a:1:{s:28:\"woocommerce_cleanup_sessions\";a:1:{s:32:\"40cd750bba9870f18aada2478b24840a\";a:3:{s:8:\"schedule\";s:10:\"twicedaily\";s:4:\"args\";a:0:{}s:8:\"interval\";i:43200;}}}i:1636379724;a:2:{s:17:\"wp_update_plugins\";a:1:{s:32:\"40cd750bba9870f18aada2478b24840a\";a:3:{s:8:\"schedule\";s:10:\"twicedaily\";s:4:\"args\";a:0:{}s:8:\"interval\";i:43200;}}s:16:\"wp_update_themes\";a:1:{s:32:\"40cd750bba9870f18aada2478b24840a\";a:3:{s:8:\"schedule\";s:10:\"twicedaily\";s:4:\"args\";a:0:{}s:8:\"interval\";i:43200;}}}i:1636383091;a:1:{s:16:\"wp_version_check\";a:1:{s:32:\"40cd750bba9870f18aada2478b24840a\";a:3:{s:8:\"schedule\";s:10:\"twicedaily\";s:4:\"args\";a:0:{}s:8:\"interval\";i:43200;}}}i:1636416000;a:1:{s:27:\"woocommerce_scheduled_sales\";a:1:{s:32:\"40cd750bba9870f18aada2478b24840a\";a:3:{s:8:\"schedule\";s:5:\"daily\";s:4:\"args\";a:0:{}s:8:\"interval\";i:86400;}}}i:1636422924;a:1:{s:32:\"recovery_mode_clean_expired_keys\";a:1:{s:32:\"40cd750bba9870f18aada2478b24840a\";a:3:{s:8:\"schedule\";s:5:\"daily\";s:4:\"args\";a:0:{}s:8:\"interval\";i:86400;}}}i:1636422933;a:2:{s:19:\"wp_scheduled_delete\";a:1:{s:32:\"40cd750bba9870f18aada2478b24840a\";a:3:{s:8:\"schedule\";s:5:\"daily\";s:4:\"args\";a:0:{}s:8:\"interval\";i:86400;}}s:25:\"delete_expired_transients\";a:1:{s:32:\"40cd750bba9870f18aada2478b24840a\";a:3:{s:8:\"schedule\";s:5:\"daily\";s:4:\"args\";a:0:{}s:8:\"interval\";i:86400;}}}i:1636422934;a:1:{s:30:\"wp_scheduled_auto_draft_delete\";a:1:{s:32:\"40cd750bba9870f18aada2478b24840a\";a:3:{s:8:\"schedule\";s:5:\"daily\";s:4:\"args\";a:0:{}s:8:\"interval\";i:86400;}}}i:1636427088;a:2:{s:33:\"woocommerce_cleanup_personal_data\";a:1:{s:32:\"40cd750bba9870f18aada2478b24840a\";a:3:{s:8:\"schedule\";s:5:\"daily\";s:4:\"args\";a:0:{}s:8:\"interval\";i:86400;}}s:30:\"woocommerce_tracker_send_event\";a:1:{s:32:\"40cd750bba9870f18aada2478b24840a\";a:3:{s:8:\"schedule\";s:5:\"daily\";s:4:\"args\";a:0:{}s:8:\"interval\";i:86400;}}}i:1636430210;a:1:{s:14:\"wc_admin_daily\";a:1:{s:32:\"40cd750bba9870f18aada2478b24840a\";a:3:{s:8:\"schedule\";s:5:\"daily\";s:4:\"args\";a:0:{}s:8:\"interval\";i:86400;}}}i:1636435353;a:1:{s:23:\"aiowps_daily_cron_event\";a:1:{s:32:\"40cd750bba9870f18aada2478b24840a\";a:3:{s:8:\"schedule\";s:5:\"daily\";s:4:\"args\";a:0:{}s:8:\"interval\";i:86400;}}}i:1636437878;a:1:{s:24:\"woocommerce_cleanup_logs\";a:1:{s:32:\"40cd750bba9870f18aada2478b24840a\";a:3:{s:8:\"schedule\";s:5:\"daily\";s:4:\"args\";a:0:{}s:8:\"interval\";i:86400;}}}i:1636595724;a:1:{s:30:\"wp_site_health_scheduled_check\";a:1:{s:32:\"40cd750bba9870f18aada2478b24840a\";a:3:{s:8:\"schedule\";s:6:\"weekly\";s:4:\"args\";a:0:{}s:8:\"interval\";i:604800;}}}i:1636686338;a:1:{s:25:\"woocommerce_geoip_updater\";a:1:{s:32:\"40cd750bba9870f18aada2478b24840a\";a:3:{s:8:\"schedule\";s:11:\"fifteendays\";s:4:\"args\";a:0:{}s:8:\"interval\";i:1296000;}}}s:7:\"version\";i:2;}','yes'),(104,'widget_pages','a:1:{s:12:\"_multiwidget\";i:1;}','yes'),(105,'widget_calendar','a:1:{s:12:\"_multiwidget\";i:1;}','yes'),(106,'widget_media_audio','a:1:{s:12:\"_multiwidget\";i:1;}','yes'),(107,'widget_media_image','a:1:{s:12:\"_multiwidget\";i:1;}','yes'),(108,'widget_media_gallery','a:1:{s:12:\"_multiwidget\";i:1;}','yes'),(109,'widget_media_video','a:1:{s:12:\"_multiwidget\";i:1;}','yes'),(110,'widget_tag_cloud','a:1:{s:12:\"_multiwidget\";i:1;}','yes'),(111,'widget_nav_menu','a:2:{i:2;a:2:{s:5:\"title\";s:11:\"QUICK LINKS\";s:8:\"nav_menu\";i:12;}s:12:\"_multiwidget\";i:1;}','yes'),(112,'widget_custom_html','a:3:{i:2;a:2:{s:5:\"title\";s:8:\"ABOUT US\";s:7:\"content\";s:343:\"Malavika Engineering Works pioneer the field of engineering with diversified production of quality indigenous products to cater the growing industrial needs. Having cradled by “Prasanna Engineering Works”, our mother concern with above 40 years of industrial experience, we stepped into high quality engineering production in the year 2002\";}i:3;a:2:{s:5:\"title\";s:12:\"CONTACT INFO\";s:7:\"content\";s:1044:\"<table class=\"ft-tab\" border=\"0\" cellspacing=\"0\" cellpadding=\"0\">\r\n<tbody>\r\n<tr class=\"ftr-cnt\">\r\n<td class=\"ft-left\"><i class=\"fa fa-map-marker\"></i></td>\r\n<td class=\"ft-lefts\">Malavika Engineering Works</td>\r\n</tr>\r\n<tr class=\"ftr-cnt\">\r\n<td class=\"ft-left\"></td>\r\n<td class=\"ft-lefts\">Kodimatha, Kottayam</td>\r\n</tr>\r\n<tr class=\"ftr-cnt\">\r\n<td class=\"ft-left\"></td>\r\n<td class=\"ft-lefts\">Kerala, India, 686001</td>\r\n</tr>\r\n<tr class=\"ftr-cnt\">\r\n<td class=\"ft-left\"><i class=\"fa fa-phone\"></i></td>\r\n<td class=\"ft-lefts\"><a href=\"tel:+919188520481\">+91 91885 20481</a></td>\r\n</tr>\r\n<tr class=\"ftr-cnt\">\r\n<td class=\"ft-left\"><i class=\"fa fa-phone\"></i></td>\r\n<td class=\"ft-lefts\"><a href=\"tel:+919188520482\">+91 91885 20482</a></td>\r\n</tr>\r\n<tr class=\"ftr-cnt\">\r\n<td class=\"ft-left\"><i class=\"fa fa-fax\"></i></td>\r\n<td class=\"ft-lefts\">+91 479 2440669</td>\r\n</tr>\r\n<tr>\r\n<td class=\"ft-left\"><i class=\"fa fa-envelope\"></i></td>\r\n<td class=\"ft-lefts\"><a href=\"mailto:malavikaew@gmail.com\">malavikaew@gmail.com</a></td>\r\n</tr>\r\n</tbody>\r\n</table>\";}s:12:\"_multiwidget\";i:1;}','yes'),(114,'theme_mods_twentytwenty','a:2:{s:18:\"custom_css_post_id\";i:-1;s:16:\"sidebars_widgets\";a:2:{s:4:\"time\";i:1593568721;s:4:\"data\";a:3:{s:19:\"wp_inactive_widgets\";a:0:{}s:9:\"sidebar-1\";a:3:{i:0;s:8:\"search-2\";i:1;s:14:\"recent-posts-2\";i:2;s:17:\"recent-comments-2\";}s:9:\"sidebar-2\";a:3:{i:0;s:10:\"archives-2\";i:1;s:12:\"categories-2\";i:2;s:6:\"meta-2\";}}}}','yes'),(115,'recovery_keys','a:0:{}','yes'),(129,'can_compress_scripts','1','no'),(142,'recently_activated','a:0:{}','yes'),(144,'f3_keep_data','1','no'),(145,'revslider_servers','a:7:{i:0;s:16:\"themepunch.tools\";i:1;s:22:\"themepunch-ext-a.tools\";i:2;s:22:\"themepunch-ext-a.tools\";i:3;s:22:\"themepunch-ext-a.tools\";i:4;s:22:\"themepunch-ext-b.tools\";i:5;s:22:\"themepunch-ext-b.tools\";i:6;s:22:\"themepunch-ext-b.tools\";}','yes'),(146,'revslider_server_refresh','1635997234','yes'),(147,'revslider-update-check-short','1636341239','yes'),(148,'revslider-connection','1','yes'),(149,'revslider-update-hash','2289de8713a16655bd2d20d8a90df47e','yes'),(150,'revslider-latest-version','6.5.9','yes'),(151,'revslider-stable-version','4.2.0','yes'),(152,'revslider-notices','a:1:{i:0;O:8:\"stdClass\":8:{s:7:\"version\";s:5:\"9.9.9\";s:4:\"text\";s:546:\"<div style=\"display: block; background: #fff;text-align: center; height: 250px;\"><a href=\"https://account.sliderrevolution.com/portal/pricing/?utm_source=admin&utm_medium=banner&utm_campaign=srusers&utm_content=getpremium\" target=\"_blank\" rel=\"noopener\"><video style=\"object-fit: cover; background-size: cover; opacity: 1; width: 960px; height: 250px; display: inline-block;\" muted=\"\" loop=\"\" autoplay=\"\" preload=\"auto\"><source src=\"https://sliderrevolution.com/wp-content/uploads/2021/07/adminpremiumvid4.mp4\" type=\"video/mp4\"></video></a></div>\";s:4:\"code\";s:11:\"TPRSV659-02\";s:5:\"color\";s:5:\"green\";s:7:\"disable\";b:0;s:9:\"is_global\";b:0;s:4:\"type\";s:1:\"3\";s:10:\"additional\";a:0:{}}}','yes'),(153,'revslider-additions','O:8:\"stdClass\":1:{s:7:\"selling\";b:1;}','yes'),(154,'rs-addons-counter','2','yes'),(155,'revslider-addons','O:8:\"stdClass\":29:{s:25:\"revslider-particles-addon\";O:8:\"stdClass\":15:{s:2:\"id\";s:2:\"60\";s:9:\"releaseid\";s:1:\"7\";s:4:\"slug\";s:25:\"revslider-particles-addon\";s:12:\"version_from\";s:5:\"5.4.6\";s:10:\"version_to\";s:5:\"9.9.9\";s:5:\"title\";s:16:\"Particle Effects\";s:6:\"line_1\";s:17:\"Let\'s Parti(cle)!\";s:6:\"line_2\";s:51:\"Add interactive particle animations to your sliders\";s:9:\"available\";s:5:\"2.1.0\";s:10:\"background\";s:0:\"\";s:6:\"button\";s:11:\"How to use?\";s:4:\"sort\";s:2:\"10\";s:11:\"last_update\";s:10:\"2020-08-13\";s:6:\"global\";b:0;s:4:\"logo\";O:8:\"stdClass\":3:{s:3:\"img\";s:70:\"//updates.themepunch.tools/revslider/addons/images/addon_particles.jpg\";s:5:\"color\";s:0:\"\";s:4:\"text\";s:2:\"PT\";}}s:27:\"revslider-bubblemorph-addon\";O:8:\"stdClass\":15:{s:2:\"id\";s:2:\"74\";s:9:\"releaseid\";s:2:\"20\";s:4:\"slug\";s:27:\"revslider-bubblemorph-addon\";s:12:\"version_from\";s:5:\"6.0.0\";s:10:\"version_to\";s:5:\"9.9.9\";s:5:\"title\";s:11:\"BubbleMorph\";s:6:\"line_1\";s:26:\"Include BubbleMorph Layers\";s:6:\"line_2\";s:33:\"for a decorative lava lamp effect\";s:9:\"available\";s:5:\"2.2.0\";s:10:\"background\";s:0:\"\";s:6:\"button\";s:6:\"How To\";s:4:\"sort\";s:2:\"20\";s:11:\"last_update\";s:10:\"2020-10-30\";s:6:\"global\";b:0;s:4:\"logo\";O:8:\"stdClass\":3:{s:3:\"img\";s:72:\"//updates.themepunch.tools/revslider/addons/images/addon_bubblemorph.jpg\";s:5:\"color\";s:0:\"\";s:4:\"text\";s:2:\"BM\";}}s:27:\"revslider-beforeafter-addon\";O:8:\"stdClass\":15:{s:2:\"id\";s:2:\"68\";s:9:\"releaseid\";s:2:\"15\";s:4:\"slug\";s:27:\"revslider-beforeafter-addon\";s:12:\"version_from\";s:5:\"5.4.6\";s:10:\"version_to\";s:5:\"9.9.9\";s:5:\"title\";s:14:\"Before & After\";s:6:\"line_1\";s:35:\"Compare two slides before and after\";s:6:\"line_2\";s:33:\"use it vertically or horizontally\";s:9:\"available\";s:5:\"2.0.8\";s:10:\"background\";s:0:\"\";s:6:\"button\";s:6:\"How To\";s:4:\"sort\";s:2:\"40\";s:11:\"last_update\";s:10:\"2020-10-17\";s:6:\"global\";b:0;s:4:\"logo\";O:8:\"stdClass\":3:{s:3:\"img\";s:72:\"//updates.themepunch.tools/revslider/addons/images/addon_beforeafter.jpg\";s:5:\"color\";s:0:\"\";s:4:\"text\";s:2:\"BA\";}}s:26:\"revslider-typewriter-addon\";O:8:\"stdClass\":15:{s:2:\"id\";s:2:\"56\";s:9:\"releaseid\";s:1:\"3\";s:4:\"slug\";s:26:\"revslider-typewriter-addon\";s:12:\"version_from\";s:5:\"5.3.0\";s:10:\"version_to\";s:5:\"9.9.9\";s:5:\"title\";s:17:\"Typewriter Effect\";s:6:\"line_1\";s:27:\"Enhance your slider\'s text \";s:6:\"line_2\";s:24:\"with typewriter effects \";s:9:\"available\";s:5:\"2.0.3\";s:10:\"background\";s:0:\"\";s:6:\"button\";s:9:\"Configure\";s:4:\"sort\";s:2:\"50\";s:11:\"last_update\";s:10:\"2020-06-18\";s:6:\"global\";b:0;s:4:\"logo\";O:8:\"stdClass\":3:{s:3:\"img\";s:71:\"//updates.themepunch.tools/revslider/addons/images/addon_typewriter.jpg\";s:5:\"color\";s:0:\"\";s:4:\"text\";s:2:\"TW\";}}s:25:\"revslider-mousetrap-addon\";O:8:\"stdClass\":15:{s:2:\"id\";s:3:\"307\";s:9:\"releaseid\";s:2:\"24\";s:4:\"slug\";s:25:\"revslider-mousetrap-addon\";s:12:\"version_from\";s:6:\"6.2.23\";s:10:\"version_to\";s:5:\"9.9.9\";s:5:\"title\";s:9:\"Mousetrap\";s:6:\"line_1\";s:31:\"Create all kinds of interesting\";s:6:\"line_2\";s:19:\" mouse interactions\";s:9:\"available\";s:5:\"2.0.8\";s:10:\"background\";s:0:\"\";s:6:\"button\";s:6:\"How To\";s:4:\"sort\";s:2:\"60\";s:11:\"last_update\";s:10:\"2020-10-15\";s:6:\"global\";b:0;s:4:\"logo\";O:8:\"stdClass\":3:{s:3:\"img\";s:70:\"//updates.themepunch.tools/revslider/addons/images/addon_mousetrap.jpg\";s:5:\"color\";s:0:\"\";s:4:\"text\";s:2:\"MT\";}}s:28:\"revslider-liquideffect-addon\";O:8:\"stdClass\":15:{s:2:\"id\";s:2:\"75\";s:9:\"releaseid\";s:2:\"21\";s:4:\"slug\";s:28:\"revslider-liquideffect-addon\";s:12:\"version_from\";s:5:\"5.4.6\";s:10:\"version_to\";s:5:\"9.9.9\";s:5:\"title\";s:10:\"Distortion\";s:6:\"line_1\";s:22:\"Add Distortion Effects\";s:6:\"line_2\";s:30:\"to your slides and transitions\";s:9:\"available\";s:5:\"2.0.4\";s:10:\"background\";s:0:\"\";s:6:\"button\";s:6:\"How To\";s:4:\"sort\";s:2:\"70\";s:11:\"last_update\";s:10:\"2020-05-05\";s:6:\"global\";b:0;s:4:\"logo\";O:8:\"stdClass\":3:{s:3:\"img\";s:71:\"//updates.themepunch.tools/revslider/addons/images/addon_distortion.jpg\";s:5:\"color\";s:0:\"\";s:4:\"text\";s:2:\"LE\";}}s:26:\"revslider-paintbrush-addon\";O:8:\"stdClass\":15:{s:2:\"id\";s:2:\"77\";s:9:\"releaseid\";s:2:\"23\";s:4:\"slug\";s:26:\"revslider-paintbrush-addon\";s:12:\"version_from\";s:5:\"5.4.6\";s:10:\"version_to\";s:5:\"9.9.9\";s:5:\"title\";s:10:\"Paintbrush\";s:6:\"line_1\";s:14:\"Paint or Erase\";s:6:\"line_2\";s:22:\"your background images\";s:9:\"available\";s:5:\"2.1.9\";s:10:\"background\";s:0:\"\";s:6:\"button\";s:6:\"How To\";s:4:\"sort\";s:2:\"90\";s:11:\"last_update\";s:10:\"2020-06-14\";s:6:\"global\";b:0;s:4:\"logo\";O:8:\"stdClass\":3:{s:3:\"img\";s:71:\"//updates.themepunch.tools/revslider/addons/images/addon_paintbrush.jpg\";s:5:\"color\";s:0:\"\";s:4:\"text\";s:2:\"PB\";}}s:22:\"revslider-slicey-addon\";O:8:\"stdClass\":15:{s:2:\"id\";s:3:\"311\";s:9:\"releaseid\";s:2:\"13\";s:4:\"slug\";s:22:\"revslider-slicey-addon\";s:12:\"version_from\";s:5:\"5.4.6\";s:10:\"version_to\";s:5:\"9.9.9\";s:5:\"title\";s:6:\"Slicey\";s:6:\"line_1\";s:20:\"Slice \'em up nicely!\";s:6:\"line_2\";s:38:\"Create image slices of your background\";s:9:\"available\";s:5:\"2.0.6\";s:10:\"background\";s:0:\"\";s:6:\"button\";s:6:\"How To\";s:4:\"sort\";s:3:\"110\";s:11:\"last_update\";s:10:\"2020-05-05\";s:6:\"global\";b:0;s:4:\"logo\";O:8:\"stdClass\":3:{s:3:\"img\";s:67:\"//updates.themepunch.tools/revslider/addons/images/addon_slicey.jpg\";s:5:\"color\";s:0:\"\";s:4:\"text\";s:2:\"SL\";}}s:25:\"revslider-filmstrip-addon\";O:8:\"stdClass\":15:{s:2:\"id\";s:2:\"64\";s:9:\"releaseid\";s:2:\"10\";s:4:\"slug\";s:25:\"revslider-filmstrip-addon\";s:12:\"version_from\";s:5:\"5.4.6\";s:10:\"version_to\";s:5:\"9.9.9\";s:5:\"title\";s:9:\"Filmstrip\";s:6:\"line_1\";s:44:\"Display a continously rotating set of images\";s:6:\"line_2\";s:26:\"for your slide backgrounds\";s:9:\"available\";s:5:\"2.0.4\";s:10:\"background\";s:0:\"\";s:6:\"button\";s:6:\"How To\";s:4:\"sort\";s:3:\"125\";s:11:\"last_update\";s:10:\"2021-01-05\";s:6:\"global\";b:0;s:4:\"logo\";O:8:\"stdClass\":3:{s:3:\"img\";s:70:\"//updates.themepunch.tools/revslider/addons/images/addon_filmstrip.jpg\";s:5:\"color\";s:0:\"\";s:4:\"text\";s:2:\"FS\";}}s:27:\"revslider-maintenance-addon\";O:8:\"stdClass\":15:{s:2:\"id\";s:2:\"58\";s:9:\"releaseid\";s:1:\"4\";s:4:\"slug\";s:27:\"revslider-maintenance-addon\";s:12:\"version_from\";s:5:\"5.3.1\";s:10:\"version_to\";s:5:\"9.9.9\";s:5:\"title\";s:15:\"Coming & Maint.\";s:6:\"line_1\";s:37:\"Simple Coming Soon & Maintenance Page\";s:6:\"line_2\";s:42:\"Let your visitors know what\'s up and when!\";s:9:\"available\";s:5:\"2.1.3\";s:10:\"background\";s:0:\"\";s:6:\"button\";s:9:\"Configure\";s:4:\"sort\";s:3:\"127\";s:11:\"last_update\";s:10:\"2020-12-15\";s:6:\"global\";b:1;s:4:\"logo\";O:8:\"stdClass\":3:{s:3:\"img\";s:78:\"//updates.themepunch.tools/revslider/addons/images/addon_underconstruction.jpg\";s:5:\"color\";s:0:\"\";s:4:\"text\";s:2:\"MT\";}}s:24:\"revslider-revealer-addon\";O:8:\"stdClass\":15:{s:2:\"id\";s:2:\"72\";s:9:\"releaseid\";s:2:\"19\";s:4:\"slug\";s:24:\"revslider-revealer-addon\";s:12:\"version_from\";s:5:\"5.4.6\";s:10:\"version_to\";s:5:\"9.9.9\";s:5:\"title\";s:6:\"Reveal\";s:6:\"line_1\";s:9:\"Reveal...\";s:6:\"line_2\";s:37:\"...your inner beast... and RevSliders\";s:9:\"available\";s:5:\"2.0.0\";s:10:\"background\";s:0:\"\";s:6:\"button\";s:6:\"How To\";s:4:\"sort\";s:3:\"130\";s:11:\"last_update\";s:10:\"2020-01-01\";s:6:\"global\";b:0;s:4:\"logo\";O:8:\"stdClass\":3:{s:3:\"img\";s:67:\"//updates.themepunch.tools/revslider/addons/images/addon_reveal.jpg\";s:5:\"color\";s:0:\"\";s:4:\"text\";s:2:\"RV\";}}s:24:\"revslider-panorama-addon\";O:8:\"stdClass\":15:{s:2:\"id\";s:2:\"70\";s:9:\"releaseid\";s:2:\"17\";s:4:\"slug\";s:24:\"revslider-panorama-addon\";s:12:\"version_from\";s:7:\"5.4.5.2\";s:10:\"version_to\";s:5:\"9.9.9\";s:5:\"title\";s:8:\"Panorama\";s:6:\"line_1\";s:14:\"Panorama AddOn\";s:6:\"line_2\";s:28:\"Display images in 360 degree\";s:9:\"available\";s:5:\"2.1.3\";s:10:\"background\";s:0:\"\";s:6:\"button\";s:6:\"How To\";s:4:\"sort\";s:3:\"135\";s:11:\"last_update\";s:10:\"2020-10-07\";s:6:\"global\";b:0;s:4:\"logo\";O:8:\"stdClass\":3:{s:3:\"img\";s:69:\"//updates.themepunch.tools/revslider/addons/images/addon_panorama.jpg\";s:5:\"color\";s:0:\"\";s:4:\"text\";s:2:\"PN\";}}s:27:\"revslider-scrollvideo-addon\";O:8:\"stdClass\":15:{s:2:\"id\";s:3:\"310\";s:9:\"releaseid\";s:2:\"26\";s:4:\"slug\";s:27:\"revslider-scrollvideo-addon\";s:12:\"version_from\";s:5:\"6.3.0\";s:10:\"version_to\";s:5:\"9.9.9\";s:5:\"title\";s:12:\"Scroll Video\";s:6:\"line_1\";s:114:\"This addon allows you to generate a sequence of images from any html5 video and play them with scroll interaction.\";s:6:\"line_2\";s:49:\"Quality options are included for optimal results!\";s:9:\"available\";s:5:\"2.0.4\";s:10:\"background\";s:72:\"//updates.themepunch.tools/revslider/addons/images/addon_scrollvideo.jpg\";s:6:\"button\";s:6:\"How To\";s:4:\"sort\";s:3:\"140\";s:11:\"last_update\";s:10:\"2021-02-24\";s:6:\"global\";b:0;s:4:\"logo\";O:8:\"stdClass\":3:{s:3:\"img\";s:72:\"//updates.themepunch.tools/revslider/addons/images/addon_scrollvideo.jpg\";s:5:\"color\";s:0:\"\";s:4:\"text\";s:2:\"SV\";}}s:31:\"revslider-explodinglayers-addon\";O:8:\"stdClass\":15:{s:2:\"id\";s:2:\"76\";s:9:\"releaseid\";s:2:\"22\";s:4:\"slug\";s:31:\"revslider-explodinglayers-addon\";s:12:\"version_from\";s:5:\"5.4.6\";s:10:\"version_to\";s:5:\"9.9.9\";s:5:\"title\";s:16:\"Exploding Layers\";s:6:\"line_1\";s:23:\"Add explosive particles\";s:6:\"line_2\";s:24:\"to your layers animation\";s:9:\"available\";s:5:\"2.1.3\";s:10:\"background\";s:0:\"\";s:6:\"button\";s:6:\"How To\";s:4:\"sort\";s:3:\"150\";s:11:\"last_update\";s:10:\"2020-07-16\";s:6:\"global\";b:0;s:4:\"logo\";O:8:\"stdClass\":3:{s:3:\"img\";s:70:\"//updates.themepunch.tools/revslider/addons/images/addon_exploding.jpg\";s:5:\"color\";s:0:\"\";s:4:\"text\";s:2:\"EL\";}}s:23:\"revslider-sharing-addon\";O:8:\"stdClass\":15:{s:2:\"id\";s:2:\"57\";s:9:\"releaseid\";s:1:\"5\";s:4:\"slug\";s:23:\"revslider-sharing-addon\";s:12:\"version_from\";s:5:\"5.3.1\";s:10:\"version_to\";s:5:\"9.9.9\";s:5:\"title\";s:14:\"Social Sharing\";s:6:\"line_1\";s:17:\"Share your slides\";s:6:\"line_2\";s:50:\"with RevSlider \"actions\" because sharing is caring\";s:9:\"available\";s:5:\"2.0.5\";s:10:\"background\";s:0:\"\";s:6:\"button\";s:11:\"How to use?\";s:4:\"sort\";s:3:\"165\";s:11:\"last_update\";s:10:\"2020-02-20\";s:6:\"global\";b:1;s:4:\"logo\";O:8:\"stdClass\":3:{s:3:\"img\";s:74:\"//updates.themepunch.tools/revslider/addons/images/addon_socialsharing.jpg\";s:5:\"color\";s:0:\"\";s:4:\"text\";s:2:\"SH\";}}s:26:\"revslider-whiteboard-addon\";O:8:\"stdClass\":15:{s:2:\"id\";s:3:\"308\";s:9:\"releaseid\";s:1:\"1\";s:4:\"slug\";s:26:\"revslider-whiteboard-addon\";s:12:\"version_from\";s:5:\"5.2.0\";s:10:\"version_to\";s:5:\"9.9.9\";s:5:\"title\";s:10:\"Whiteboard\";s:6:\"line_1\";s:31:\"Create Hand-Drawn Presentations\";s:6:\"line_2\";s:45:\"that are understandable, memorable & engaging\";s:9:\"available\";s:5:\"2.2.3\";s:10:\"background\";s:75:\"//updates.themepunch.tools/revslider/addons/images/whiteboard_widget_bg.jpg\";s:6:\"button\";s:11:\"How to use?\";s:4:\"sort\";s:3:\"170\";s:11:\"last_update\";s:10:\"2021-01-15\";s:6:\"global\";b:0;s:4:\"logo\";O:8:\"stdClass\":3:{s:3:\"img\";s:71:\"//updates.themepunch.tools/revslider/addons/images/addon_whiteboard.jpg\";s:5:\"color\";s:0:\"\";s:4:\"text\";s:2:\"WB\";}}s:24:\"revslider-polyfold-addon\";O:8:\"stdClass\":15:{s:2:\"id\";s:2:\"61\";s:9:\"releaseid\";s:2:\"14\";s:4:\"slug\";s:24:\"revslider-polyfold-addon\";s:12:\"version_from\";s:5:\"5.4.6\";s:10:\"version_to\";s:5:\"9.9.9\";s:5:\"title\";s:22:\"Polyfold Scroll Effect\";s:6:\"line_1\";s:32:\"Add sharp edges to your sliders \";s:6:\"line_2\";s:35:\"as they scroll into and out of view\";s:9:\"available\";s:5:\"2.0.0\";s:10:\"background\";s:0:\"\";s:6:\"button\";s:11:\"How to use?\";s:4:\"sort\";s:3:\"180\";s:11:\"last_update\";s:10:\"2020-01-01\";s:6:\"global\";b:0;s:4:\"logo\";O:8:\"stdClass\":3:{s:3:\"img\";s:69:\"//updates.themepunch.tools/revslider/addons/images/addon_polyfold.jpg\";s:5:\"color\";s:7:\"#3e186f\";s:4:\"text\";s:2:\"PF\";}}s:29:\"revslider-domain-switch-addon\";O:8:\"stdClass\":15:{s:2:\"id\";s:2:\"78\";s:9:\"releaseid\";s:2:\"11\";s:4:\"slug\";s:29:\"revslider-domain-switch-addon\";s:12:\"version_from\";s:5:\"6.0.0\";s:10:\"version_to\";s:5:\"9.9.9\";s:5:\"title\";s:13:\"Domain Switch\";s:6:\"line_1\";s:17:\"Switch Image URLs\";s:6:\"line_2\";s:37:\"in sliders from one domain to another\";s:9:\"available\";s:5:\"1.0.1\";s:10:\"background\";s:0:\"\";s:6:\"button\";s:11:\"How to use?\";s:4:\"sort\";s:3:\"300\";s:11:\"last_update\";s:10:\"2020-02-19\";s:6:\"global\";b:0;s:4:\"logo\";O:8:\"stdClass\":3:{s:3:\"img\";s:73:\"//updates.themepunch.tools/revslider/addons/images/addon_domainswitch.jpg\";s:5:\"color\";s:0:\"\";s:4:\"text\";s:2:\"DS\";}}s:23:\"revslider-refresh-addon\";O:8:\"stdClass\":15:{s:2:\"id\";s:2:\"73\";s:9:\"releaseid\";s:2:\"10\";s:4:\"slug\";s:23:\"revslider-refresh-addon\";s:12:\"version_from\";s:5:\"5.4.6\";s:10:\"version_to\";s:5:\"9.9.9\";s:5:\"title\";s:8:\"(Re)Load\";s:6:\"line_1\";s:39:\"Reload the current page or a custom URL\";s:6:\"line_2\";s:34:\"after a certain time, loops, slide\";s:9:\"available\";s:5:\"2.0.0\";s:10:\"background\";s:0:\"\";s:6:\"button\";s:6:\"How To\";s:4:\"sort\";s:3:\"330\";s:11:\"last_update\";s:10:\"2020-01-01\";s:6:\"global\";b:0;s:4:\"logo\";O:8:\"stdClass\":3:{s:3:\"img\";s:67:\"//updates.themepunch.tools/revslider/addons/images/addon_reload.jpg\";s:5:\"color\";s:0:\"\";s:4:\"text\";s:2:\"RF\";}}s:25:\"revslider-rel-posts-addon\";O:8:\"stdClass\":15:{s:2:\"id\";s:2:\"55\";s:9:\"releaseid\";s:1:\"9\";s:4:\"slug\";s:25:\"revslider-rel-posts-addon\";s:12:\"version_from\";s:7:\"5.2.4.1\";s:10:\"version_to\";s:5:\"9.9.9\";s:5:\"title\";s:13:\"Related Posts\";s:6:\"line_1\";s:25:\"Add related Posts Sliders\";s:6:\"line_2\";s:31:\"at the end of your post content\";s:9:\"available\";s:5:\"2.0.2\";s:10:\"background\";s:0:\"\";s:6:\"button\";s:9:\"Configure\";s:4:\"sort\";s:3:\"340\";s:11:\"last_update\";s:10:\"2021-06-12\";s:6:\"global\";b:1;s:4:\"logo\";O:8:\"stdClass\":3:{s:3:\"img\";s:70:\"//updates.themepunch.tools/revslider/addons/images/addon_wprelated.jpg\";s:5:\"color\";s:0:\"\";s:4:\"text\";s:2:\"RP\";}}s:20:\"revslider-snow-addon\";O:8:\"stdClass\":15:{s:2:\"id\";s:2:\"59\";s:9:\"releaseid\";s:1:\"6\";s:4:\"slug\";s:20:\"revslider-snow-addon\";s:12:\"version_from\";s:5:\"5.4.6\";s:10:\"version_to\";s:5:\"9.9.9\";s:5:\"title\";s:12:\"Holiday Snow\";s:6:\"line_1\";s:12:\"Let it snow!\";s:6:\"line_2\";s:32:\"Add animated snow to any Slider \";s:9:\"available\";s:5:\"2.0.1\";s:10:\"background\";s:0:\"\";s:6:\"button\";s:11:\"How to use?\";s:4:\"sort\";s:3:\"380\";s:11:\"last_update\";s:10:\"2020-12-04\";s:6:\"global\";b:0;s:4:\"logo\";O:8:\"stdClass\":3:{s:3:\"img\";s:65:\"//updates.themepunch.tools/revslider/addons/images/addon_snow.jpg\";s:5:\"color\";s:0:\"\";s:4:\"text\";s:2:\"SN\";}}s:23:\"revslider-gallery-addon\";O:8:\"stdClass\":15:{s:2:\"id\";s:2:\"54\";s:9:\"releaseid\";s:1:\"2\";s:4:\"slug\";s:23:\"revslider-gallery-addon\";s:12:\"version_from\";s:5:\"5.2.0\";s:10:\"version_to\";s:5:\"9.9.9\";s:5:\"title\";s:17:\"WordPress Gallery\";s:6:\"line_1\";s:31:\"Replace the standard WP Gallery\";s:6:\"line_2\";s:31:\"with the Sliders of your choice\";s:9:\"available\";s:5:\"2.0.2\";s:10:\"background\";s:0:\"\";s:6:\"button\";s:9:\"Configure\";s:4:\"sort\";s:3:\"430\";s:11:\"last_update\";s:10:\"2020-12-04\";s:6:\"global\";b:1;s:4:\"logo\";O:8:\"stdClass\":3:{s:3:\"img\";s:70:\"//updates.themepunch.tools/revslider/addons/images/addon_wpgallery.jpg\";s:5:\"color\";s:0:\"\";s:4:\"text\";s:2:\"GA\";}}s:22:\"revslider-backup-addon\";O:8:\"stdClass\":15:{s:2:\"id\";s:2:\"53\";s:9:\"releaseid\";s:1:\"3\";s:4:\"slug\";s:22:\"revslider-backup-addon\";s:12:\"version_from\";s:5:\"5.2.0\";s:10:\"version_to\";s:5:\"9.9.9\";s:5:\"title\";s:6:\"Backup\";s:6:\"line_1\";s:12:\"Make Backups\";s:6:\"line_2\";s:25:\"Revisions for your safety\";s:9:\"available\";s:5:\"2.0.2\";s:10:\"background\";s:0:\"\";s:6:\"button\";s:11:\"How to use?\";s:4:\"sort\";s:3:\"500\";s:11:\"last_update\";s:10:\"2020-12-04\";s:6:\"global\";b:1;s:4:\"logo\";O:8:\"stdClass\":3:{s:3:\"img\";s:67:\"//updates.themepunch.tools/revslider/addons/images/addon_backup.jpg\";s:5:\"color\";s:0:\"\";s:4:\"text\";s:2:\"BU\";}}s:19:\"revslider-404-addon\";O:8:\"stdClass\":15:{s:2:\"id\";s:2:\"62\";s:9:\"releaseid\";s:1:\"8\";s:4:\"slug\";s:19:\"revslider-404-addon\";s:12:\"version_from\";s:3:\"5.3\";s:10:\"version_to\";s:5:\"9.9.9\";s:5:\"title\";s:3:\"404\";s:6:\"line_1\";s:39:\"Build custom 404 \"Page not Found\" Pages\";s:6:\"line_2\";s:28:\"with Slider Revolution swag!\";s:9:\"available\";s:5:\"2.0.1\";s:10:\"background\";s:0:\"\";s:6:\"button\";s:9:\"Configure\";s:4:\"sort\";s:3:\"620\";s:11:\"last_update\";s:10:\"2020-12-04\";s:6:\"global\";b:1;s:4:\"logo\";O:8:\"stdClass\":3:{s:3:\"img\";s:64:\"//updates.themepunch.tools/revslider/addons/images/addon_404.jpg\";s:5:\"color\";s:0:\"\";s:4:\"text\";s:3:\"404\";}}s:30:\"revslider-prevnext-posts-addon\";O:8:\"stdClass\":15:{s:2:\"id\";s:2:\"63\";s:9:\"releaseid\";s:1:\"9\";s:4:\"slug\";s:30:\"revslider-prevnext-posts-addon\";s:12:\"version_from\";s:3:\"5.4\";s:10:\"version_to\";s:5:\"9.9.9\";s:5:\"title\";s:14:\"Adjacent Posts\";s:6:\"line_1\";s:30:\"Display previous and next post\";s:6:\"line_2\";s:28:\"to the currently showing one\";s:9:\"available\";s:5:\"2.0.2\";s:10:\"background\";s:0:\"\";s:6:\"button\";s:9:\"Configure\";s:4:\"sort\";s:3:\"630\";s:11:\"last_update\";s:10:\"2020-12-04\";s:6:\"global\";b:1;s:4:\"logo\";O:8:\"stdClass\":3:{s:3:\"img\";s:71:\"//updates.themepunch.tools/revslider/addons/images/addon_wpadjacent.jpg\";s:5:\"color\";s:0:\"\";s:4:\"text\";s:2:\"PN\";}}s:21:\"revslider-login-addon\";O:8:\"stdClass\":15:{s:2:\"id\";s:2:\"65\";s:9:\"releaseid\";s:2:\"11\";s:4:\"slug\";s:21:\"revslider-login-addon\";s:12:\"version_from\";s:3:\"5.4\";s:10:\"version_to\";s:5:\"9.9.9\";s:5:\"title\";s:10:\"Login Page\";s:6:\"line_1\";s:25:\"Very simple WP Login Page\";s:6:\"line_2\";s:34:\"enhanced with your favorite slider\";s:9:\"available\";s:5:\"2.0.2\";s:10:\"background\";s:0:\"\";s:6:\"button\";s:9:\"Configure\";s:4:\"sort\";s:3:\"650\";s:11:\"last_update\";s:10:\"2020-12-04\";s:6:\"global\";b:1;s:4:\"logo\";O:8:\"stdClass\":3:{s:3:\"img\";s:66:\"//updates.themepunch.tools/revslider/addons/images/addon_login.jpg\";s:5:\"color\";s:0:\"\";s:4:\"text\";s:2:\"LI\";}}s:24:\"revslider-featured-addon\";O:8:\"stdClass\":15:{s:2:\"id\";s:2:\"66\";s:9:\"releaseid\";s:2:\"12\";s:4:\"slug\";s:24:\"revslider-featured-addon\";s:12:\"version_from\";s:3:\"5.4\";s:10:\"version_to\";s:5:\"9.9.9\";s:5:\"title\";s:20:\"Post Featured Slider\";s:6:\"line_1\";s:25:\"Display a featured Slider\";s:6:\"line_2\";s:41:\"instead of a featured Image in your Posts\";s:9:\"available\";s:5:\"2.0.2\";s:10:\"background\";s:0:\"\";s:6:\"button\";s:9:\"Configure\";s:4:\"sort\";s:3:\"660\";s:11:\"last_update\";s:10:\"2020-12-04\";s:6:\"global\";b:1;s:4:\"logo\";O:8:\"stdClass\":3:{s:3:\"img\";s:71:\"//updates.themepunch.tools/revslider/addons/images/addon_wpfeatured.jpg\";s:5:\"color\";s:0:\"\";s:4:\"text\";s:2:\"FT\";}}s:23:\"revslider-weather-addon\";O:8:\"stdClass\":15:{s:2:\"id\";s:2:\"69\";s:9:\"releaseid\";s:2:\"16\";s:4:\"slug\";s:23:\"revslider-weather-addon\";s:12:\"version_from\";s:7:\"5.4.5.2\";s:10:\"version_to\";s:5:\"9.9.9\";s:5:\"title\";s:7:\"Weather\";s:6:\"line_1\";s:21:\"Every where you go...\";s:6:\"line_2\";s:36:\"...always take the weather with you!\";s:9:\"available\";s:5:\"2.0.2\";s:10:\"background\";s:0:\"\";s:6:\"button\";s:9:\"Configure\";s:4:\"sort\";s:3:\"690\";s:11:\"last_update\";s:10:\"2020-12-04\";s:6:\"global\";b:0;s:4:\"logo\";O:8:\"stdClass\":3:{s:3:\"img\";s:68:\"//updates.themepunch.tools/revslider/addons/images/addon_weather.jpg\";s:5:\"color\";s:0:\"\";s:4:\"text\";s:2:\"WT\";}}s:30:\"revslider-duotonefilters-addon\";O:8:\"stdClass\":15:{s:2:\"id\";s:2:\"71\";s:9:\"releaseid\";s:2:\"18\";s:4:\"slug\";s:30:\"revslider-duotonefilters-addon\";s:12:\"version_from\";s:5:\"5.4.6\";s:10:\"version_to\";s:5:\"9.9.9\";s:5:\"title\";s:7:\"Duotone\";s:6:\"line_1\";s:7:\"Duotone\";s:6:\"line_2\";s:25:\"Because one is not enough\";s:9:\"available\";s:5:\"2.0.0\";s:10:\"background\";s:0:\"\";s:6:\"button\";s:6:\"How To\";s:4:\"sort\";s:3:\"710\";s:11:\"last_update\";s:10:\"2020-01-01\";s:6:\"global\";b:0;s:4:\"logo\";O:8:\"stdClass\":3:{s:3:\"img\";s:68:\"//updates.themepunch.tools/revslider/addons/images/addon_duotone.jpg\";s:5:\"color\";s:0:\"\";s:4:\"text\";s:3:\"DTF\";}}}','yes'),(156,'revslider-library-check','1635204197','yes'),(157,'revslider-library-hash','dae3de1eb57eeeee008b70e9a23844b5','yes'),(158,'rs-library','a:3:{s:4:\"hash\";s:32:\"dae3de1eb57eeeee008b70e9a23844b5\";s:7:\"objects\";a:417:{i:0;a:12:{s:2:\"id\";s:3:\"198\";s:6:\"handle\";s:16:\"object_dvd_1.png\";s:4:\"name\";s:3:\"DVD\";s:4:\"tags\";a:2:{i:0;a:3:{s:2:\"id\";s:1:\"4\";s:6:\"handle\";s:5:\"music\";s:4:\"name\";s:5:\"Music\";}i:1;a:3:{s:2:\"id\";s:1:\"3\";s:6:\"handle\";s:6:\"office\";s:4:\"name\";s:6:\"Office\";}}s:11:\"description\";s:8:\"New File\";s:5:\"width\";s:4:\"1000\";s:6:\"height\";s:4:\"1000\";s:7:\"version\";s:3:\"1.0\";s:14:\"plugin_version\";s:0:\"\";s:5:\"added\";s:19:\"2016-10-17 12:43:17\";s:6:\"active\";s:1:\"1\";s:4:\"type\";s:1:\"1\";}i:1;a:12:{s:2:\"id\";s:3:\"188\";s:6:\"handle\";s:18:\"object_plant_1.png\";s:4:\"name\";s:7:\"Plant 1\";s:4:\"tags\";a:1:{i:0;a:3:{s:2:\"id\";s:2:\"18\";s:6:\"handle\";s:4:\"misc\";s:4:\"name\";s:4:\"Misc\";}}s:11:\"description\";s:8:\"New File\";s:5:\"width\";s:4:\"1500\";s:6:\"height\";s:4:\"1500\";s:7:\"version\";s:3:\"1.0\";s:14:\"plugin_version\";s:0:\"\";s:5:\"added\";s:19:\"2016-09-12 16:25:27\";s:6:\"active\";s:1:\"1\";s:4:\"type\";s:1:\"1\";}i:2;a:12:{s:2:\"id\";s:3:\"187\";s:6:\"handle\";s:16:\"object_pen_1.png\";s:4:\"name\";s:5:\"Pen 1\";s:4:\"tags\";a:2:{i:0;a:3:{s:2:\"id\";s:1:\"5\";s:6:\"handle\";s:3:\"art\";s:4:\"name\";s:3:\"Art\";}i:1;a:3:{s:2:\"id\";s:1:\"3\";s:6:\"handle\";s:6:\"office\";s:4:\"name\";s:6:\"Office\";}}s:11:\"description\";s:8:\"New File\";s:5:\"width\";s:4:\"1000\";s:6:\"height\";s:4:\"1000\";s:7:\"version\";s:3:\"1.0\";s:14:\"plugin_version\";s:0:\"\";s:5:\"added\";s:19:\"2016-09-12 16:25:27\";s:6:\"active\";s:1:\"1\";s:4:\"type\";s:1:\"1\";}i:3;a:12:{s:2:\"id\";s:3:\"172\";s:6:\"handle\";s:16:\"object_egg_1.png\";s:4:\"name\";s:3:\"Egg\";s:4:\"tags\";a:1:{i:0;a:3:{s:2:\"id\";s:2:\"16\";s:6:\"handle\";s:4:\"food\";s:4:\"name\";s:4:\"Food\";}}s:11:\"description\";s:8:\"New File\";s:5:\"width\";s:3:\"600\";s:6:\"height\";s:3:\"600\";s:7:\"version\";s:3:\"1.0\";s:14:\"plugin_version\";s:0:\"\";s:5:\"added\";s:19:\"2016-08-18 15:34:49\";s:6:\"active\";s:1:\"1\";s:4:\"type\";s:1:\"1\";}i:4;a:12:{s:2:\"id\";s:3:\"171\";s:6:\"handle\";s:19:\"object_guitar_1.png\";s:4:\"name\";s:6:\"Guitar\";s:4:\"tags\";a:1:{i:0;a:3:{s:2:\"id\";s:1:\"4\";s:6:\"handle\";s:5:\"music\";s:4:\"name\";s:5:\"Music\";}}s:11:\"description\";s:8:\"New File\";s:5:\"width\";s:4:\"1600\";s:6:\"height\";s:4:\"1600\";s:7:\"version\";s:3:\"1.0\";s:14:\"plugin_version\";s:0:\"\";s:5:\"added\";s:19:\"2016-08-18 15:34:49\";s:6:\"active\";s:1:\"1\";s:4:\"type\";s:1:\"1\";}i:5;a:12:{s:2:\"id\";s:3:\"170\";s:6:\"handle\";s:21:\"object_envelope_1.png\";s:4:\"name\";s:15:\"Closed Envelope\";s:4:\"tags\";a:1:{i:0;a:3:{s:2:\"id\";s:1:\"3\";s:6:\"handle\";s:6:\"office\";s:4:\"name\";s:6:\"Office\";}}s:11:\"description\";s:8:\"New File\";s:5:\"width\";s:4:\"1500\";s:6:\"height\";s:4:\"1500\";s:7:\"version\";s:3:\"1.0\";s:14:\"plugin_version\";s:0:\"\";s:5:\"added\";s:19:\"2016-08-18 15:34:49\";s:6:\"active\";s:1:\"1\";s:4:\"type\";s:1:\"1\";}i:6;a:12:{s:2:\"id\";s:3:\"169\";s:6:\"handle\";s:19:\"object_postit_2.png\";s:4:\"name\";s:18:\"Postit Label White\";s:4:\"tags\";a:1:{i:0;a:3:{s:2:\"id\";s:1:\"3\";s:6:\"handle\";s:6:\"office\";s:4:\"name\";s:6:\"Office\";}}s:11:\"description\";s:8:\"New File\";s:5:\"width\";s:3:\"900\";s:6:\"height\";s:3:\"900\";s:7:\"version\";s:3:\"1.0\";s:14:\"plugin_version\";s:0:\"\";s:5:\"added\";s:19:\"2016-08-18 15:34:49\";s:6:\"active\";s:1:\"1\";s:4:\"type\";s:1:\"1\";}i:7;a:12:{s:2:\"id\";s:3:\"168\";s:6:\"handle\";s:21:\"object_envelope_2.png\";s:4:\"name\";s:13:\"Open Envelope\";s:4:\"tags\";a:1:{i:0;a:3:{s:2:\"id\";s:1:\"3\";s:6:\"handle\";s:6:\"office\";s:4:\"name\";s:6:\"Office\";}}s:11:\"description\";s:8:\"New File\";s:5:\"width\";s:4:\"1500\";s:6:\"height\";s:4:\"1500\";s:7:\"version\";s:3:\"1.0\";s:14:\"plugin_version\";s:0:\"\";s:5:\"added\";s:19:\"2016-08-18 15:34:49\";s:6:\"active\";s:1:\"1\";s:4:\"type\";s:1:\"1\";}i:8;a:12:{s:2:\"id\";s:3:\"167\";s:6:\"handle\";s:17:\"object_eggs_1.png\";s:4:\"name\";s:10:\"Egg Carton\";s:4:\"tags\";a:1:{i:0;a:3:{s:2:\"id\";s:2:\"16\";s:6:\"handle\";s:4:\"food\";s:4:\"name\";s:4:\"Food\";}}s:11:\"description\";s:8:\"New File\";s:5:\"width\";s:4:\"1600\";s:6:\"height\";s:4:\"1600\";s:7:\"version\";s:3:\"1.0\";s:14:\"plugin_version\";s:0:\"\";s:5:\"added\";s:19:\"2016-08-18 15:34:49\";s:6:\"active\";s:1:\"1\";s:4:\"type\";s:1:\"1\";}i:9;a:12:{s:2:\"id\";s:3:\"166\";s:6:\"handle\";s:25:\"object_bottleopener_1.png\";s:4:\"name\";s:13:\"Bottle Opener\";s:4:\"tags\";a:2:{i:0;a:3:{s:2:\"id\";s:2:\"18\";s:6:\"handle\";s:4:\"misc\";s:4:\"name\";s:4:\"Misc\";}i:1;a:3:{s:2:\"id\";s:2:\"16\";s:6:\"handle\";s:4:\"food\";s:4:\"name\";s:4:\"Food\";}}s:11:\"description\";s:8:\"New File\";s:5:\"width\";s:3:\"800\";s:6:\"height\";s:3:\"800\";s:7:\"version\";s:3:\"1.0\";s:14:\"plugin_version\";s:0:\"\";s:5:\"added\";s:19:\"2016-08-18 15:34:49\";s:6:\"active\";s:1:\"1\";s:4:\"type\";s:1:\"1\";}i:10;a:12:{s:2:\"id\";s:3:\"165\";s:6:\"handle\";s:23:\"object_blueprints_1.png\";s:4:\"name\";s:10:\"Blueprints\";s:4:\"tags\";a:1:{i:0;a:3:{s:2:\"id\";s:1:\"3\";s:6:\"handle\";s:6:\"office\";s:4:\"name\";s:6:\"Office\";}}s:11:\"description\";s:8:\"New File\";s:5:\"width\";s:4:\"1600\";s:6:\"height\";s:4:\"1600\";s:7:\"version\";s:3:\"1.0\";s:14:\"plugin_version\";s:0:\"\";s:5:\"added\";s:19:\"2016-08-18 15:34:49\";s:6:\"active\";s:1:\"1\";s:4:\"type\";s:1:\"1\";}i:11;a:12:{s:2:\"id\";s:3:\"164\";s:6:\"handle\";s:22:\"object_holepunch_1.png\";s:4:\"name\";s:10:\"Hole punch\";s:4:\"tags\";a:1:{i:0;a:3:{s:2:\"id\";s:1:\"3\";s:6:\"handle\";s:6:\"office\";s:4:\"name\";s:6:\"Office\";}}s:11:\"description\";s:8:\"New File\";s:5:\"width\";s:4:\"1500\";s:6:\"height\";s:4:\"1500\";s:7:\"version\";s:3:\"1.0\";s:14:\"plugin_version\";s:0:\"\";s:5:\"added\";s:19:\"2016-08-18 15:34:49\";s:6:\"active\";s:1:\"1\";s:4:\"type\";s:1:\"1\";}i:12;a:12:{s:2:\"id\";s:3:\"163\";s:6:\"handle\";s:20:\"object_speaker_1.png\";s:4:\"name\";s:13:\"Black Speaker\";s:4:\"tags\";a:1:{i:0;a:3:{s:2:\"id\";s:1:\"4\";s:6:\"handle\";s:5:\"music\";s:4:\"name\";s:5:\"Music\";}}s:11:\"description\";s:8:\"New File\";s:5:\"width\";s:4:\"1500\";s:6:\"height\";s:4:\"1500\";s:7:\"version\";s:3:\"1.0\";s:14:\"plugin_version\";s:0:\"\";s:5:\"added\";s:19:\"2016-08-18 15:34:49\";s:6:\"active\";s:1:\"1\";s:4:\"type\";s:1:\"1\";}i:13;a:12:{s:2:\"id\";s:3:\"162\";s:6:\"handle\";s:19:\"object_eraser_1.png\";s:4:\"name\";s:6:\"Eraser\";s:4:\"tags\";a:1:{i:0;a:3:{s:2:\"id\";s:1:\"3\";s:6:\"handle\";s:6:\"office\";s:4:\"name\";s:6:\"Office\";}}s:11:\"description\";s:8:\"New File\";s:5:\"width\";s:3:\"500\";s:6:\"height\";s:3:\"500\";s:7:\"version\";s:3:\"1.0\";s:14:\"plugin_version\";s:0:\"\";s:5:\"added\";s:19:\"2016-08-18 15:34:49\";s:6:\"active\";s:1:\"1\";s:4:\"type\";s:1:\"1\";}i:14;a:12:{s:2:\"id\";s:3:\"161\";s:6:\"handle\";s:23:\"object_vinylcover_1.png\";s:4:\"name\";s:11:\"Vinyl Cover\";s:4:\"tags\";a:2:{i:0;a:3:{s:2:\"id\";s:1:\"4\";s:6:\"handle\";s:5:\"music\";s:4:\"name\";s:5:\"Music\";}i:1;a:3:{s:2:\"id\";s:1:\"3\";s:6:\"handle\";s:6:\"office\";s:4:\"name\";s:6:\"Office\";}}s:11:\"description\";s:8:\"New File\";s:5:\"width\";s:4:\"1600\";s:6:\"height\";s:4:\"1600\";s:7:\"version\";s:3:\"1.0\";s:14:\"plugin_version\";s:0:\"\";s:5:\"added\";s:19:\"2016-08-18 15:34:49\";s:6:\"active\";s:1:\"1\";s:4:\"type\";s:1:\"1\";}i:15;a:12:{s:2:\"id\";s:3:\"160\";s:6:\"handle\";s:20:\"object_booklet_1.png\";s:4:\"name\";s:9:\"Booklet 1\";s:4:\"tags\";a:1:{i:0;a:3:{s:2:\"id\";s:1:\"3\";s:6:\"handle\";s:6:\"office\";s:4:\"name\";s:6:\"Office\";}}s:11:\"description\";s:8:\"New File\";s:5:\"width\";s:4:\"1600\";s:6:\"height\";s:4:\"1600\";s:7:\"version\";s:3:\"1.0\";s:14:\"plugin_version\";s:0:\"\";s:5:\"added\";s:19:\"2016-08-18 15:34:49\";s:6:\"active\";s:1:\"1\";s:4:\"type\";s:1:\"1\";}i:16;a:12:{s:2:\"id\";s:3:\"159\";s:6:\"handle\";s:22:\"object_earphones_2.png\";s:4:\"name\";s:11:\"Earphones 2\";s:4:\"tags\";a:1:{i:0;a:3:{s:2:\"id\";s:1:\"4\";s:6:\"handle\";s:5:\"music\";s:4:\"name\";s:5:\"Music\";}}s:11:\"description\";s:8:\"New File\";s:5:\"width\";s:4:\"1600\";s:6:\"height\";s:4:\"1600\";s:7:\"version\";s:3:\"1.0\";s:14:\"plugin_version\";s:0:\"\";s:5:\"added\";s:19:\"2016-08-18 15:34:49\";s:6:\"active\";s:1:\"1\";s:4:\"type\";s:1:\"1\";}i:17;a:12:{s:2:\"id\";s:3:\"158\";s:6:\"handle\";s:18:\"object_vinyl_1.png\";s:4:\"name\";s:5:\"Vinyl\";s:4:\"tags\";a:1:{i:0;a:3:{s:2:\"id\";s:1:\"4\";s:6:\"handle\";s:5:\"music\";s:4:\"name\";s:5:\"Music\";}}s:11:\"description\";s:8:\"New File\";s:5:\"width\";s:4:\"1600\";s:6:\"height\";s:4:\"1600\";s:7:\"version\";s:3:\"1.0\";s:14:\"plugin_version\";s:0:\"\";s:5:\"added\";s:19:\"2016-08-18 15:34:49\";s:6:\"active\";s:1:\"1\";s:4:\"type\";s:1:\"1\";}i:18;a:12:{s:2:\"id\";s:3:\"157\";s:6:\"handle\";s:19:\"object_postit_1.png\";s:4:\"name\";s:17:\"Postit Label Pink\";s:4:\"tags\";a:1:{i:0;a:3:{s:2:\"id\";s:1:\"3\";s:6:\"handle\";s:6:\"office\";s:4:\"name\";s:6:\"Office\";}}s:11:\"description\";s:8:\"New File\";s:5:\"width\";s:3:\"900\";s:6:\"height\";s:3:\"900\";s:7:\"version\";s:3:\"1.0\";s:14:\"plugin_version\";s:0:\"\";s:5:\"added\";s:19:\"2016-08-18 15:34:49\";s:6:\"active\";s:1:\"1\";s:4:\"type\";s:1:\"1\";}i:19;a:12:{s:2:\"id\";s:3:\"156\";s:6:\"handle\";s:23:\"object_mechpencil_1.png\";s:4:\"name\";s:17:\"Mechanical Pencil\";s:4:\"tags\";a:2:{i:0;a:3:{s:2:\"id\";s:1:\"5\";s:6:\"handle\";s:3:\"art\";s:4:\"name\";s:3:\"Art\";}i:1;a:3:{s:2:\"id\";s:1:\"3\";s:6:\"handle\";s:6:\"office\";s:4:\"name\";s:6:\"Office\";}}s:11:\"description\";s:8:\"New File\";s:5:\"width\";s:4:\"1000\";s:6:\"height\";s:4:\"1000\";s:7:\"version\";s:3:\"1.0\";s:14:\"plugin_version\";s:0:\"\";s:5:\"added\";s:19:\"2016-08-18 15:34:49\";s:6:\"active\";s:1:\"1\";s:4:\"type\";s:1:\"1\";}i:20;a:12:{s:2:\"id\";s:3:\"155\";s:6:\"handle\";s:22:\"object_turntable_1.png\";s:4:\"name\";s:9:\"Turntable\";s:4:\"tags\";a:1:{i:0;a:3:{s:2:\"id\";s:1:\"4\";s:6:\"handle\";s:5:\"music\";s:4:\"name\";s:5:\"Music\";}}s:11:\"description\";s:8:\"New File\";s:5:\"width\";s:4:\"1600\";s:6:\"height\";s:4:\"1600\";s:7:\"version\";s:3:\"1.0\";s:14:\"plugin_version\";s:0:\"\";s:5:\"added\";s:19:\"2016-08-18 15:34:49\";s:6:\"active\";s:1:\"1\";s:4:\"type\";s:1:\"1\";}i:21;a:12:{s:2:\"id\";s:3:\"154\";s:6:\"handle\";s:19:\"object_folder_2.png\";s:4:\"name\";s:19:\"Closed Folder Black\";s:4:\"tags\";a:1:{i:0;a:3:{s:2:\"id\";s:1:\"3\";s:6:\"handle\";s:6:\"office\";s:4:\"name\";s:6:\"Office\";}}s:11:\"description\";s:8:\"New File\";s:5:\"width\";s:4:\"1600\";s:6:\"height\";s:4:\"1600\";s:7:\"version\";s:3:\"1.0\";s:14:\"plugin_version\";s:0:\"\";s:5:\"added\";s:19:\"2016-08-18 15:34:49\";s:6:\"active\";s:1:\"1\";s:4:\"type\";s:1:\"1\";}i:22;a:12:{s:2:\"id\";s:3:\"153\";s:6:\"handle\";s:19:\"object_postit_4.png\";s:4:\"name\";s:18:\"Postit Label Green\";s:4:\"tags\";a:1:{i:0;a:3:{s:2:\"id\";s:1:\"3\";s:6:\"handle\";s:6:\"office\";s:4:\"name\";s:6:\"Office\";}}s:11:\"description\";s:8:\"New File\";s:5:\"width\";s:3:\"900\";s:6:\"height\";s:3:\"900\";s:7:\"version\";s:3:\"1.0\";s:14:\"plugin_version\";s:0:\"\";s:5:\"added\";s:19:\"2016-08-18 15:34:49\";s:6:\"active\";s:1:\"1\";s:4:\"type\";s:1:\"1\";}i:23;a:12:{s:2:\"id\";s:3:\"152\";s:6:\"handle\";s:19:\"object_folder_1.png\";s:4:\"name\";s:12:\"Blank Folder\";s:4:\"tags\";a:1:{i:0;a:3:{s:2:\"id\";s:1:\"3\";s:6:\"handle\";s:6:\"office\";s:4:\"name\";s:6:\"Office\";}}s:11:\"description\";s:8:\"New File\";s:5:\"width\";s:4:\"1600\";s:6:\"height\";s:4:\"1600\";s:7:\"version\";s:3:\"1.0\";s:14:\"plugin_version\";s:0:\"\";s:5:\"added\";s:19:\"2016-08-18 15:34:49\";s:6:\"active\";s:1:\"1\";s:4:\"type\";s:1:\"1\";}i:24;a:12:{s:2:\"id\";s:3:\"151\";s:6:\"handle\";s:19:\"object_pencup_1.png\";s:4:\"name\";s:7:\"Pen Cup\";s:4:\"tags\";a:2:{i:0;a:3:{s:2:\"id\";s:1:\"5\";s:6:\"handle\";s:3:\"art\";s:4:\"name\";s:3:\"Art\";}i:1;a:3:{s:2:\"id\";s:1:\"3\";s:6:\"handle\";s:6:\"office\";s:4:\"name\";s:6:\"Office\";}}s:11:\"description\";s:8:\"New File\";s:5:\"width\";s:4:\"1000\";s:6:\"height\";s:4:\"1000\";s:7:\"version\";s:3:\"1.0\";s:14:\"plugin_version\";s:0:\"\";s:5:\"added\";s:19:\"2016-08-18 15:34:49\";s:6:\"active\";s:1:\"1\";s:4:\"type\";s:1:\"1\";}i:25;a:12:{s:2:\"id\";s:3:\"150\";s:6:\"handle\";s:23:\"object_winebottle_1.png\";s:4:\"name\";s:15:\"Red Wine Bottle\";s:4:\"tags\";a:1:{i:0;a:3:{s:2:\"id\";s:2:\"16\";s:6:\"handle\";s:4:\"food\";s:4:\"name\";s:4:\"Food\";}}s:11:\"description\";s:8:\"New File\";s:5:\"width\";s:4:\"1600\";s:6:\"height\";s:4:\"1600\";s:7:\"version\";s:3:\"1.0\";s:14:\"plugin_version\";s:0:\"\";s:5:\"added\";s:19:\"2016-08-18 15:34:49\";s:6:\"active\";s:1:\"1\";s:4:\"type\";s:1:\"1\";}i:26;a:12:{s:2:\"id\";s:3:\"149\";s:6:\"handle\";s:23:\"object_headphones_1.png\";s:4:\"name\";s:10:\"Headphones\";s:4:\"tags\";a:1:{i:0;a:3:{s:2:\"id\";s:1:\"4\";s:6:\"handle\";s:5:\"music\";s:4:\"name\";s:5:\"Music\";}}s:11:\"description\";s:8:\"New File\";s:5:\"width\";s:4:\"1600\";s:6:\"height\";s:4:\"1600\";s:7:\"version\";s:3:\"1.0\";s:14:\"plugin_version\";s:0:\"\";s:5:\"added\";s:19:\"2016-08-18 15:34:49\";s:6:\"active\";s:1:\"1\";s:4:\"type\";s:1:\"1\";}i:27;a:12:{s:2:\"id\";s:3:\"148\";s:6:\"handle\";s:22:\"object_earphones_1.png\";s:4:\"name\";s:9:\"Earphones\";s:4:\"tags\";a:1:{i:0;a:3:{s:2:\"id\";s:1:\"4\";s:6:\"handle\";s:5:\"music\";s:4:\"name\";s:5:\"Music\";}}s:11:\"description\";s:8:\"New File\";s:5:\"width\";s:4:\"1500\";s:6:\"height\";s:4:\"1500\";s:7:\"version\";s:3:\"1.0\";s:14:\"plugin_version\";s:0:\"\";s:5:\"added\";s:19:\"2016-08-18 15:34:49\";s:6:\"active\";s:1:\"1\";s:4:\"type\";s:1:\"1\";}i:28;a:12:{s:2:\"id\";s:3:\"147\";s:6:\"handle\";s:19:\"object_postit_3.png\";s:4:\"name\";s:19:\"Postit Label Yellow\";s:4:\"tags\";a:1:{i:0;a:3:{s:2:\"id\";s:1:\"3\";s:6:\"handle\";s:6:\"office\";s:4:\"name\";s:6:\"Office\";}}s:11:\"description\";s:8:\"New File\";s:5:\"width\";s:3:\"900\";s:6:\"height\";s:3:\"900\";s:7:\"version\";s:3:\"1.0\";s:14:\"plugin_version\";s:0:\"\";s:5:\"added\";s:19:\"2016-08-18 15:34:49\";s:6:\"active\";s:1:\"1\";s:4:\"type\";s:1:\"1\";}i:29;a:12:{s:2:\"id\";s:3:\"146\";s:6:\"handle\";s:22:\"object_corkscrew_1.png\";s:4:\"name\";s:23:\"Corkscrew Bottle Opener\";s:4:\"tags\";a:2:{i:0;a:3:{s:2:\"id\";s:2:\"18\";s:6:\"handle\";s:4:\"misc\";s:4:\"name\";s:4:\"Misc\";}i:1;a:3:{s:2:\"id\";s:2:\"16\";s:6:\"handle\";s:4:\"food\";s:4:\"name\";s:4:\"Food\";}}s:11:\"description\";s:8:\"New File\";s:5:\"width\";s:4:\"1300\";s:6:\"height\";s:4:\"1300\";s:7:\"version\";s:3:\"1.0\";s:14:\"plugin_version\";s:0:\"\";s:5:\"added\";s:19:\"2016-08-18 15:34:49\";s:6:\"active\";s:1:\"1\";s:4:\"type\";s:1:\"1\";}i:30;a:12:{s:2:\"id\";s:3:\"145\";s:6:\"handle\";s:19:\"object_muffin_1.png\";s:4:\"name\";s:16:\"Chocolate Muffin\";s:4:\"tags\";a:1:{i:0;a:3:{s:2:\"id\";s:2:\"16\";s:6:\"handle\";s:4:\"food\";s:4:\"name\";s:4:\"Food\";}}s:11:\"description\";s:8:\"New File\";s:5:\"width\";s:3:\"900\";s:6:\"height\";s:3:\"900\";s:7:\"version\";s:3:\"1.0\";s:14:\"plugin_version\";s:0:\"\";s:5:\"added\";s:19:\"2016-08-17 13:48:44\";s:6:\"active\";s:1:\"1\";s:4:\"type\";s:1:\"1\";}i:31;a:12:{s:2:\"id\";s:3:\"144\";s:6:\"handle\";s:18:\"object_chair_2.png\";s:4:\"name\";s:12:\"Yellow Chair\";s:4:\"tags\";a:1:{i:0;a:3:{s:2:\"id\";s:2:\"18\";s:6:\"handle\";s:4:\"misc\";s:4:\"name\";s:4:\"Misc\";}}s:11:\"description\";s:8:\"New File\";s:5:\"width\";s:4:\"1500\";s:6:\"height\";s:4:\"1500\";s:7:\"version\";s:3:\"1.0\";s:14:\"plugin_version\";s:0:\"\";s:5:\"added\";s:19:\"2016-08-17 13:48:44\";s:6:\"active\";s:1:\"1\";s:4:\"type\";s:1:\"1\";}i:32;a:12:{s:2:\"id\";s:3:\"143\";s:6:\"handle\";s:18:\"object_knife_2.png\";s:4:\"name\";s:7:\"Knife 2\";s:4:\"tags\";a:1:{i:0;a:3:{s:2:\"id\";s:2:\"16\";s:6:\"handle\";s:4:\"food\";s:4:\"name\";s:4:\"Food\";}}s:11:\"description\";s:8:\"New File\";s:5:\"width\";s:4:\"1600\";s:6:\"height\";s:4:\"1600\";s:7:\"version\";s:3:\"1.0\";s:14:\"plugin_version\";s:0:\"\";s:5:\"added\";s:19:\"2016-08-17 13:48:44\";s:6:\"active\";s:1:\"1\";s:4:\"type\";s:1:\"1\";}i:33;a:12:{s:2:\"id\";s:3:\"142\";s:6:\"handle\";s:26:\"object_choppingboard_2.png\";s:4:\"name\";s:16:\"Chopping Board 3\";s:4:\"tags\";a:1:{i:0;a:3:{s:2:\"id\";s:2:\"16\";s:6:\"handle\";s:4:\"food\";s:4:\"name\";s:4:\"Food\";}}s:11:\"description\";s:8:\"New File\";s:5:\"width\";s:4:\"1600\";s:6:\"height\";s:4:\"1600\";s:7:\"version\";s:3:\"1.0\";s:14:\"plugin_version\";s:0:\"\";s:5:\"added\";s:19:\"2016-08-17 13:48:44\";s:6:\"active\";s:1:\"1\";s:4:\"type\";s:1:\"1\";}i:34;a:12:{s:2:\"id\";s:3:\"141\";s:6:\"handle\";s:26:\"object_choppingboard_3.png\";s:4:\"name\";s:16:\"Chopping Board 2\";s:4:\"tags\";a:1:{i:0;a:3:{s:2:\"id\";s:2:\"16\";s:6:\"handle\";s:4:\"food\";s:4:\"name\";s:4:\"Food\";}}s:11:\"description\";s:8:\"New File\";s:5:\"width\";s:4:\"1600\";s:6:\"height\";s:4:\"1600\";s:7:\"version\";s:3:\"1.0\";s:14:\"plugin_version\";s:0:\"\";s:5:\"added\";s:19:\"2016-08-17 13:48:44\";s:6:\"active\";s:1:\"1\";s:4:\"type\";s:1:\"1\";}i:35;a:12:{s:2:\"id\";s:3:\"140\";s:6:\"handle\";s:19:\"object_coffee_2.png\";s:4:\"name\";s:12:\"Coffee Cup 2\";s:4:\"tags\";a:1:{i:0;a:3:{s:2:\"id\";s:2:\"16\";s:6:\"handle\";s:4:\"food\";s:4:\"name\";s:4:\"Food\";}}s:11:\"description\";s:8:\"New File\";s:5:\"width\";s:4:\"1200\";s:6:\"height\";s:4:\"1200\";s:7:\"version\";s:3:\"1.0\";s:14:\"plugin_version\";s:0:\"\";s:5:\"added\";s:19:\"2016-08-17 13:48:44\";s:6:\"active\";s:1:\"1\";s:4:\"type\";s:1:\"1\";}i:36;a:12:{s:2:\"id\";s:3:\"139\";s:6:\"handle\";s:18:\"object_bread_1.png\";s:4:\"name\";s:15:\"Croissant Bread\";s:4:\"tags\";a:1:{i:0;a:3:{s:2:\"id\";s:2:\"16\";s:6:\"handle\";s:4:\"food\";s:4:\"name\";s:4:\"Food\";}}s:11:\"description\";s:8:\"New File\";s:5:\"width\";s:4:\"1500\";s:6:\"height\";s:4:\"1500\";s:7:\"version\";s:3:\"1.0\";s:14:\"plugin_version\";s:0:\"\";s:5:\"added\";s:19:\"2016-08-17 13:48:44\";s:6:\"active\";s:1:\"1\";s:4:\"type\";s:1:\"1\";}i:37;a:12:{s:2:\"id\";s:3:\"138\";s:6:\"handle\";s:18:\"object_spoon_2.png\";s:4:\"name\";s:12:\"Wodden Spoon\";s:4:\"tags\";a:1:{i:0;a:3:{s:2:\"id\";s:2:\"16\";s:6:\"handle\";s:4:\"food\";s:4:\"name\";s:4:\"Food\";}}s:11:\"description\";s:8:\"New File\";s:5:\"width\";s:4:\"1600\";s:6:\"height\";s:4:\"1600\";s:7:\"version\";s:3:\"1.0\";s:14:\"plugin_version\";s:0:\"\";s:5:\"added\";s:19:\"2016-08-17 13:48:44\";s:6:\"active\";s:1:\"1\";s:4:\"type\";s:1:\"1\";}i:38;a:12:{s:2:\"id\";s:3:\"137\";s:6:\"handle\";s:26:\"object_choppingboard_1.png\";s:4:\"name\";s:16:\"Chopping Board 1\";s:4:\"tags\";a:1:{i:0;a:3:{s:2:\"id\";s:2:\"16\";s:6:\"handle\";s:4:\"food\";s:4:\"name\";s:4:\"Food\";}}s:11:\"description\";s:8:\"New File\";s:5:\"width\";s:4:\"1600\";s:6:\"height\";s:4:\"1600\";s:7:\"version\";s:3:\"1.0\";s:14:\"plugin_version\";s:0:\"\";s:5:\"added\";s:19:\"2016-08-17 13:48:44\";s:6:\"active\";s:1:\"1\";s:4:\"type\";s:1:\"1\";}i:39;a:12:{s:2:\"id\";s:3:\"136\";s:6:\"handle\";s:16:\"object_cup_2.png\";s:4:\"name\";s:11:\"Empty Cup 2\";s:4:\"tags\";a:1:{i:0;a:3:{s:2:\"id\";s:2:\"16\";s:6:\"handle\";s:4:\"food\";s:4:\"name\";s:4:\"Food\";}}s:11:\"description\";s:8:\"New File\";s:5:\"width\";s:4:\"1400\";s:6:\"height\";s:4:\"1400\";s:7:\"version\";s:3:\"1.0\";s:14:\"plugin_version\";s:0:\"\";s:5:\"added\";s:19:\"2016-08-17 13:48:44\";s:6:\"active\";s:1:\"1\";s:4:\"type\";s:1:\"1\";}i:40;a:12:{s:2:\"id\";s:3:\"135\";s:6:\"handle\";s:18:\"object_knife_1.png\";s:4:\"name\";s:5:\"Knife\";s:4:\"tags\";a:1:{i:0;a:3:{s:2:\"id\";s:2:\"16\";s:6:\"handle\";s:4:\"food\";s:4:\"name\";s:4:\"Food\";}}s:11:\"description\";s:8:\"New File\";s:5:\"width\";s:4:\"1500\";s:6:\"height\";s:4:\"1500\";s:7:\"version\";s:3:\"1.0\";s:14:\"plugin_version\";s:0:\"\";s:5:\"added\";s:19:\"2016-08-17 13:48:44\";s:6:\"active\";s:1:\"1\";s:4:\"type\";s:1:\"1\";}i:41;a:12:{s:2:\"id\";s:3:\"134\";s:6:\"handle\";s:18:\"object_spoon_1.png\";s:4:\"name\";s:5:\"Spoon\";s:4:\"tags\";a:1:{i:0;a:3:{s:2:\"id\";s:2:\"16\";s:6:\"handle\";s:4:\"food\";s:4:\"name\";s:4:\"Food\";}}s:11:\"description\";s:8:\"New File\";s:5:\"width\";s:4:\"1600\";s:6:\"height\";s:4:\"1600\";s:7:\"version\";s:3:\"1.0\";s:14:\"plugin_version\";s:0:\"\";s:5:\"added\";s:19:\"2016-08-17 13:48:44\";s:6:\"active\";s:1:\"1\";s:4:\"type\";s:1:\"1\";}i:42;a:12:{s:2:\"id\";s:3:\"133\";s:6:\"handle\";s:16:\"object_cup_1.png\";s:4:\"name\";s:9:\"Empty Cup\";s:4:\"tags\";a:1:{i:0;a:3:{s:2:\"id\";s:2:\"16\";s:6:\"handle\";s:4:\"food\";s:4:\"name\";s:4:\"Food\";}}s:11:\"description\";s:8:\"New File\";s:5:\"width\";s:4:\"1400\";s:6:\"height\";s:4:\"1400\";s:7:\"version\";s:3:\"1.0\";s:14:\"plugin_version\";s:0:\"\";s:5:\"added\";s:19:\"2016-08-17 13:48:44\";s:6:\"active\";s:1:\"1\";s:4:\"type\";s:1:\"1\";}i:43;a:12:{s:2:\"id\";s:3:\"132\";s:6:\"handle\";s:18:\"object_chair_3.png\";s:4:\"name\";s:11:\"White Chair\";s:4:\"tags\";a:1:{i:0;a:3:{s:2:\"id\";s:1:\"3\";s:6:\"handle\";s:6:\"office\";s:4:\"name\";s:6:\"Office\";}}s:11:\"description\";s:8:\"New File\";s:5:\"width\";s:4:\"1600\";s:6:\"height\";s:4:\"1600\";s:7:\"version\";s:3:\"1.0\";s:14:\"plugin_version\";s:0:\"\";s:5:\"added\";s:19:\"2016-08-17 13:48:44\";s:6:\"active\";s:1:\"1\";s:4:\"type\";s:1:\"1\";}i:44;a:12:{s:2:\"id\";s:3:\"131\";s:6:\"handle\";s:19:\"object_coffee_1.png\";s:4:\"name\";s:10:\"Coffee Cup\";s:4:\"tags\";a:1:{i:0;a:3:{s:2:\"id\";s:2:\"16\";s:6:\"handle\";s:4:\"food\";s:4:\"name\";s:4:\"Food\";}}s:11:\"description\";s:8:\"New File\";s:5:\"width\";s:4:\"1500\";s:6:\"height\";s:4:\"1500\";s:7:\"version\";s:3:\"1.0\";s:14:\"plugin_version\";s:0:\"\";s:5:\"added\";s:19:\"2016-08-17 13:48:44\";s:6:\"active\";s:1:\"1\";s:4:\"type\";s:1:\"1\";}i:45;a:12:{s:2:\"id\";s:3:\"130\";s:6:\"handle\";s:19:\"object_frypan_2.png\";s:4:\"name\";s:9:\"Fry Pan 2\";s:4:\"tags\";a:1:{i:0;a:3:{s:2:\"id\";s:2:\"16\";s:6:\"handle\";s:4:\"food\";s:4:\"name\";s:4:\"Food\";}}s:11:\"description\";s:8:\"New File\";s:5:\"width\";s:4:\"1600\";s:6:\"height\";s:4:\"1600\";s:7:\"version\";s:3:\"1.0\";s:14:\"plugin_version\";s:0:\"\";s:5:\"added\";s:19:\"2016-08-17 13:48:44\";s:6:\"active\";s:1:\"1\";s:4:\"type\";s:1:\"1\";}i:46;a:12:{s:2:\"id\";s:3:\"129\";s:6:\"handle\";s:19:\"object_frypan_1.png\";s:4:\"name\";s:9:\"Fry Pan 1\";s:4:\"tags\";a:1:{i:0;a:3:{s:2:\"id\";s:2:\"16\";s:6:\"handle\";s:4:\"food\";s:4:\"name\";s:4:\"Food\";}}s:11:\"description\";s:8:\"New File\";s:5:\"width\";s:4:\"1600\";s:6:\"height\";s:4:\"1600\";s:7:\"version\";s:3:\"1.0\";s:14:\"plugin_version\";s:0:\"\";s:5:\"added\";s:19:\"2016-08-17 13:48:44\";s:6:\"active\";s:1:\"1\";s:4:\"type\";s:1:\"1\";}i:47;a:12:{s:2:\"id\";s:3:\"128\";s:6:\"handle\";s:17:\"object_fork_1.png\";s:4:\"name\";s:4:\"Fork\";s:4:\"tags\";a:1:{i:0;a:3:{s:2:\"id\";s:2:\"16\";s:6:\"handle\";s:4:\"food\";s:4:\"name\";s:4:\"Food\";}}s:11:\"description\";s:8:\"New File\";s:5:\"width\";s:4:\"1500\";s:6:\"height\";s:4:\"1500\";s:7:\"version\";s:3:\"1.0\";s:14:\"plugin_version\";s:0:\"\";s:5:\"added\";s:19:\"2016-08-17 13:48:44\";s:6:\"active\";s:1:\"1\";s:4:\"type\";s:1:\"1\";}i:48;a:12:{s:2:\"id\";s:3:\"127\";s:6:\"handle\";s:20:\"object_dishrag_1.png\";s:4:\"name\";s:13:\"Dishrag Cloth\";s:4:\"tags\";a:0:{}s:11:\"description\";s:8:\"New File\";s:5:\"width\";s:4:\"1600\";s:6:\"height\";s:4:\"1600\";s:7:\"version\";s:3:\"1.0\";s:14:\"plugin_version\";s:0:\"\";s:5:\"added\";s:19:\"2016-08-17 13:48:44\";s:6:\"active\";s:1:\"1\";s:4:\"type\";s:1:\"1\";}i:49;a:12:{s:2:\"id\";s:3:\"126\";s:6:\"handle\";s:20:\"object_wacom_pen.png\";s:4:\"name\";s:17:\"Wacom Drawing Pen\";s:4:\"tags\";a:3:{i:0;a:3:{s:2:\"id\";s:1:\"5\";s:6:\"handle\";s:3:\"art\";s:4:\"name\";s:3:\"Art\";}i:1;a:3:{s:2:\"id\";s:1:\"3\";s:6:\"handle\";s:6:\"office\";s:4:\"name\";s:6:\"Office\";}i:2;a:3:{s:2:\"id\";s:1:\"2\";s:6:\"handle\";s:6:\"device\";s:4:\"name\";s:6:\"Device\";}}s:11:\"description\";s:8:\"New File\";s:5:\"width\";s:4:\"1060\";s:6:\"height\";s:4:\"1000\";s:7:\"version\";s:3:\"1.0\";s:14:\"plugin_version\";s:0:\"\";s:5:\"added\";s:19:\"2016-08-15 16:50:55\";s:6:\"active\";s:1:\"1\";s:4:\"type\";s:1:\"1\";}i:50;a:12:{s:2:\"id\";s:3:\"125\";s:6:\"handle\";s:21:\"object_occulus_vr.png\";s:4:\"name\";s:23:\"Occulus Virtual Reality\";s:4:\"tags\";a:1:{i:0;a:3:{s:2:\"id\";s:1:\"1\";s:6:\"handle\";s:11:\"accessories\";s:4:\"name\";s:11:\"Accessories\";}}s:11:\"description\";s:8:\"New File\";s:5:\"width\";s:4:\"1500\";s:6:\"height\";s:4:\"1500\";s:7:\"version\";s:3:\"1.0\";s:14:\"plugin_version\";s:0:\"\";s:5:\"added\";s:19:\"2016-08-15 16:50:55\";s:6:\"active\";s:1:\"1\";s:4:\"type\";s:1:\"1\";}i:51;a:12:{s:2:\"id\";s:3:\"124\";s:6:\"handle\";s:18:\"object_antenna.png\";s:4:\"name\";s:13:\"Antenna Radar\";s:4:\"tags\";a:1:{i:0;a:3:{s:2:\"id\";s:2:\"18\";s:6:\"handle\";s:4:\"misc\";s:4:\"name\";s:4:\"Misc\";}}s:11:\"description\";s:8:\"New File\";s:5:\"width\";s:4:\"1600\";s:6:\"height\";s:4:\"1600\";s:7:\"version\";s:3:\"1.0\";s:14:\"plugin_version\";s:0:\"\";s:5:\"added\";s:19:\"2016-08-15 16:50:55\";s:6:\"active\";s:1:\"1\";s:4:\"type\";s:1:\"1\";}i:52;a:12:{s:2:\"id\";s:3:\"123\";s:6:\"handle\";s:21:\"object_solarpanel.png\";s:4:\"name\";s:11:\"Solar Panel\";s:4:\"tags\";a:1:{i:0;a:3:{s:2:\"id\";s:2:\"18\";s:6:\"handle\";s:4:\"misc\";s:4:\"name\";s:4:\"Misc\";}}s:11:\"description\";s:8:\"New File\";s:5:\"width\";s:4:\"1600\";s:6:\"height\";s:4:\"1600\";s:7:\"version\";s:3:\"1.0\";s:14:\"plugin_version\";s:0:\"\";s:5:\"added\";s:19:\"2016-08-15 16:50:55\";s:6:\"active\";s:1:\"1\";s:4:\"type\";s:1:\"1\";}i:53;a:12:{s:2:\"id\";s:3:\"122\";s:6:\"handle\";s:16:\"object_wacom.png\";s:4:\"name\";s:20:\"Wacom Drawing Tablet\";s:4:\"tags\";a:3:{i:0;a:3:{s:2:\"id\";s:1:\"5\";s:6:\"handle\";s:3:\"art\";s:4:\"name\";s:3:\"Art\";}i:1;a:3:{s:2:\"id\";s:1:\"3\";s:6:\"handle\";s:6:\"office\";s:4:\"name\";s:6:\"Office\";}i:2;a:3:{s:2:\"id\";s:1:\"2\";s:6:\"handle\";s:6:\"device\";s:4:\"name\";s:6:\"Device\";}}s:11:\"description\";s:8:\"New File\";s:5:\"width\";s:4:\"1600\";s:6:\"height\";s:4:\"1600\";s:7:\"version\";s:3:\"1.0\";s:14:\"plugin_version\";s:0:\"\";s:5:\"added\";s:19:\"2016-08-15 16:50:55\";s:6:\"active\";s:1:\"1\";s:4:\"type\";s:1:\"1\";}i:54;a:12:{s:2:\"id\";s:3:\"121\";s:6:\"handle\";s:18:\"object_earth_2.png\";s:4:\"name\";s:20:\"Earth Globe Planet 2\";s:4:\"tags\";a:1:{i:0;a:3:{s:2:\"id\";s:2:\"18\";s:6:\"handle\";s:4:\"misc\";s:4:\"name\";s:4:\"Misc\";}}s:11:\"description\";s:8:\"New File\";s:5:\"width\";s:4:\"1500\";s:6:\"height\";s:4:\"1500\";s:7:\"version\";s:3:\"1.0\";s:14:\"plugin_version\";s:0:\"\";s:5:\"added\";s:19:\"2016-08-15 16:50:55\";s:6:\"active\";s:1:\"1\";s:4:\"type\";s:1:\"1\";}i:55;a:12:{s:2:\"id\";s:3:\"120\";s:6:\"handle\";s:18:\"object_chair_1.png\";s:4:\"name\";s:12:\"Office Chair\";s:4:\"tags\";a:1:{i:0;a:3:{s:2:\"id\";s:1:\"3\";s:6:\"handle\";s:6:\"office\";s:4:\"name\";s:6:\"Office\";}}s:11:\"description\";s:8:\"New File\";s:5:\"width\";s:4:\"1600\";s:6:\"height\";s:4:\"1600\";s:7:\"version\";s:3:\"1.0\";s:14:\"plugin_version\";s:0:\"\";s:5:\"added\";s:19:\"2016-08-15 16:50:55\";s:6:\"active\";s:1:\"1\";s:4:\"type\";s:1:\"1\";}i:56;a:12:{s:2:\"id\";s:3:\"119\";s:6:\"handle\";s:24:\"object_windturbine_2.png\";s:4:\"name\";s:14:\"Wind Turbine 2\";s:4:\"tags\";a:1:{i:0;a:3:{s:2:\"id\";s:2:\"18\";s:6:\"handle\";s:4:\"misc\";s:4:\"name\";s:4:\"Misc\";}}s:11:\"description\";s:8:\"New File\";s:5:\"width\";s:4:\"1600\";s:6:\"height\";s:4:\"1600\";s:7:\"version\";s:3:\"1.0\";s:14:\"plugin_version\";s:0:\"\";s:5:\"added\";s:19:\"2016-08-15 16:50:55\";s:6:\"active\";s:1:\"1\";s:4:\"type\";s:1:\"1\";}i:57;a:12:{s:2:\"id\";s:3:\"118\";s:6:\"handle\";s:22:\"object_windturbine.png\";s:4:\"name\";s:12:\"Wind Turbine\";s:4:\"tags\";a:1:{i:0;a:3:{s:2:\"id\";s:2:\"18\";s:6:\"handle\";s:4:\"misc\";s:4:\"name\";s:4:\"Misc\";}}s:11:\"description\";s:8:\"New File\";s:5:\"width\";s:4:\"1600\";s:6:\"height\";s:4:\"1600\";s:7:\"version\";s:3:\"1.0\";s:14:\"plugin_version\";s:0:\"\";s:5:\"added\";s:19:\"2016-08-15 16:50:55\";s:6:\"active\";s:1:\"1\";s:4:\"type\";s:1:\"1\";}i:58;a:12:{s:2:\"id\";s:3:\"117\";s:6:\"handle\";s:16:\"object_earth.png\";s:4:\"name\";s:18:\"Earth Globe Planet\";s:4:\"tags\";a:1:{i:0;a:3:{s:2:\"id\";s:2:\"18\";s:6:\"handle\";s:4:\"misc\";s:4:\"name\";s:4:\"Misc\";}}s:11:\"description\";s:8:\"New File\";s:5:\"width\";s:4:\"1500\";s:6:\"height\";s:4:\"1500\";s:7:\"version\";s:3:\"1.0\";s:14:\"plugin_version\";s:0:\"\";s:5:\"added\";s:19:\"2016-08-15 16:50:55\";s:6:\"active\";s:1:\"1\";s:4:\"type\";s:1:\"1\";}i:59;a:12:{s:2:\"id\";s:2:\"88\";s:6:\"handle\";s:24:\"object_eiffeltower_2.png\";s:4:\"name\";s:13:\"Eiffeltower 2\";s:4:\"tags\";a:2:{i:0;a:3:{s:2:\"id\";s:2:\"18\";s:6:\"handle\";s:4:\"misc\";s:4:\"name\";s:4:\"Misc\";}i:1;a:3:{s:2:\"id\";s:1:\"1\";s:6:\"handle\";s:11:\"accessories\";s:4:\"name\";s:11:\"Accessories\";}}s:11:\"description\";s:8:\"New File\";s:5:\"width\";s:3:\"700\";s:6:\"height\";s:3:\"700\";s:7:\"version\";s:3:\"1.0\";s:14:\"plugin_version\";s:0:\"\";s:5:\"added\";s:19:\"2016-08-12 16:51:11\";s:6:\"active\";s:1:\"1\";s:4:\"type\";s:1:\"1\";}i:60;a:12:{s:2:\"id\";s:2:\"87\";s:6:\"handle\";s:21:\"object_notebook_1.png\";s:4:\"name\";s:11:\"Notebook PC\";s:4:\"tags\";a:2:{i:0;a:3:{s:2:\"id\";s:1:\"2\";s:6:\"handle\";s:6:\"device\";s:4:\"name\";s:6:\"Device\";}i:1;a:3:{s:2:\"id\";s:1:\"3\";s:6:\"handle\";s:6:\"office\";s:4:\"name\";s:6:\"Office\";}}s:11:\"description\";s:8:\"New File\";s:5:\"width\";s:4:\"2000\";s:6:\"height\";s:4:\"2000\";s:7:\"version\";s:3:\"1.0\";s:14:\"plugin_version\";s:0:\"\";s:5:\"added\";s:19:\"2016-08-12 16:51:11\";s:6:\"active\";s:1:\"1\";s:4:\"type\";s:1:\"1\";}i:61;a:12:{s:2:\"id\";s:2:\"86\";s:6:\"handle\";s:20:\"object_macbook_1.png\";s:4:\"name\";s:20:\"Apple Macbook Silver\";s:4:\"tags\";a:2:{i:0;a:3:{s:2:\"id\";s:1:\"2\";s:6:\"handle\";s:6:\"device\";s:4:\"name\";s:6:\"Device\";}i:1;a:3:{s:2:\"id\";s:1:\"3\";s:6:\"handle\";s:6:\"office\";s:4:\"name\";s:6:\"Office\";}}s:11:\"description\";s:8:\"New File\";s:5:\"width\";s:4:\"2000\";s:6:\"height\";s:4:\"2000\";s:7:\"version\";s:3:\"1.0\";s:14:\"plugin_version\";s:0:\"\";s:5:\"added\";s:19:\"2016-08-12 16:51:11\";s:6:\"active\";s:1:\"1\";s:4:\"type\";s:1:\"1\";}i:62;a:12:{s:2:\"id\";s:2:\"85\";s:6:\"handle\";s:18:\"object_canon_2.png\";s:4:\"name\";s:21:\"Canon Camera DSLR Top\";s:4:\"tags\";a:2:{i:0;a:3:{s:2:\"id\";s:1:\"5\";s:6:\"handle\";s:3:\"art\";s:4:\"name\";s:3:\"Art\";}i:1;a:3:{s:2:\"id\";s:1:\"3\";s:6:\"handle\";s:6:\"office\";s:4:\"name\";s:6:\"Office\";}}s:11:\"description\";s:8:\"New File\";s:5:\"width\";s:4:\"1500\";s:6:\"height\";s:4:\"1500\";s:7:\"version\";s:3:\"1.0\";s:14:\"plugin_version\";s:0:\"\";s:5:\"added\";s:19:\"2016-08-12 16:51:11\";s:6:\"active\";s:1:\"1\";s:4:\"type\";s:1:\"1\";}i:63;a:12:{s:2:\"id\";s:2:\"84\";s:6:\"handle\";s:19:\"object_iphone_3.png\";s:4:\"name\";s:25:\"Apple iPhone Silver White\";s:4:\"tags\";a:2:{i:0;a:3:{s:2:\"id\";s:1:\"2\";s:6:\"handle\";s:6:\"device\";s:4:\"name\";s:6:\"Device\";}i:1;a:3:{s:2:\"id\";s:1:\"3\";s:6:\"handle\";s:6:\"office\";s:4:\"name\";s:6:\"Office\";}}s:11:\"description\";s:8:\"New File\";s:5:\"width\";s:4:\"1500\";s:6:\"height\";s:4:\"1500\";s:7:\"version\";s:3:\"1.0\";s:14:\"plugin_version\";s:0:\"\";s:5:\"added\";s:19:\"2016-08-12 16:51:11\";s:6:\"active\";s:1:\"1\";s:4:\"type\";s:1:\"1\";}i:64;a:12:{s:2:\"id\";s:2:\"83\";s:6:\"handle\";s:18:\"object_candy_2.png\";s:4:\"name\";s:15:\"Candy Colored 2\";s:4:\"tags\";a:1:{i:0;a:3:{s:2:\"id\";s:2:\"16\";s:6:\"handle\";s:4:\"food\";s:4:\"name\";s:4:\"Food\";}}s:11:\"description\";s:8:\"New File\";s:5:\"width\";s:3:\"800\";s:6:\"height\";s:3:\"800\";s:7:\"version\";s:3:\"1.0\";s:14:\"plugin_version\";s:0:\"\";s:5:\"added\";s:19:\"2016-08-12 16:51:11\";s:6:\"active\";s:1:\"1\";s:4:\"type\";s:1:\"1\";}i:65;a:12:{s:2:\"id\";s:2:\"82\";s:6:\"handle\";s:21:\"object_macmouse_1.png\";s:4:\"name\";s:15:\"Apple Mac Mouse\";s:4:\"tags\";a:1:{i:0;a:3:{s:2:\"id\";s:1:\"3\";s:6:\"handle\";s:6:\"office\";s:4:\"name\";s:6:\"Office\";}}s:11:\"description\";s:8:\"New File\";s:5:\"width\";s:4:\"1000\";s:6:\"height\";s:4:\"1000\";s:7:\"version\";s:3:\"1.0\";s:14:\"plugin_version\";s:0:\"\";s:5:\"added\";s:19:\"2016-08-12 16:51:11\";s:6:\"active\";s:1:\"1\";s:4:\"type\";s:1:\"1\";}i:66;a:12:{s:2:\"id\";s:2:\"81\";s:6:\"handle\";s:19:\"object_iphone_1.png\";s:4:\"name\";s:18:\"Apple iPhone Black\";s:4:\"tags\";a:2:{i:0;a:3:{s:2:\"id\";s:1:\"2\";s:6:\"handle\";s:6:\"device\";s:4:\"name\";s:6:\"Device\";}i:1;a:3:{s:2:\"id\";s:1:\"3\";s:6:\"handle\";s:6:\"office\";s:4:\"name\";s:6:\"Office\";}}s:11:\"description\";s:8:\"New File\";s:5:\"width\";s:4:\"1500\";s:6:\"height\";s:4:\"1500\";s:7:\"version\";s:3:\"1.0\";s:14:\"plugin_version\";s:0:\"\";s:5:\"added\";s:19:\"2016-08-12 16:51:11\";s:6:\"active\";s:1:\"1\";s:4:\"type\";s:1:\"1\";}i:67;a:12:{s:2:\"id\";s:2:\"80\";s:6:\"handle\";s:17:\"object_deco_1.png\";s:4:\"name\";s:17:\"White Deco Object\";s:4:\"tags\";a:2:{i:0;a:3:{s:2:\"id\";s:2:\"18\";s:6:\"handle\";s:4:\"misc\";s:4:\"name\";s:4:\"Misc\";}i:1;a:3:{s:2:\"id\";s:1:\"1\";s:6:\"handle\";s:11:\"accessories\";s:4:\"name\";s:11:\"Accessories\";}}s:11:\"description\";s:8:\"New File\";s:5:\"width\";s:3:\"800\";s:6:\"height\";s:3:\"800\";s:7:\"version\";s:3:\"1.0\";s:14:\"plugin_version\";s:0:\"\";s:5:\"added\";s:19:\"2016-08-12 16:51:11\";s:6:\"active\";s:1:\"1\";s:4:\"type\";s:1:\"1\";}i:68;a:12:{s:2:\"id\";s:2:\"79\";s:6:\"handle\";s:23:\"object_applewatch_1.png\";s:4:\"name\";s:24:\"Apple Watch White Silver\";s:4:\"tags\";a:2:{i:0;a:3:{s:2:\"id\";s:1:\"2\";s:6:\"handle\";s:6:\"device\";s:4:\"name\";s:6:\"Device\";}i:1;a:3:{s:2:\"id\";s:1:\"3\";s:6:\"handle\";s:6:\"office\";s:4:\"name\";s:6:\"Office\";}}s:11:\"description\";s:8:\"New File\";s:5:\"width\";s:3:\"800\";s:6:\"height\";s:3:\"800\";s:7:\"version\";s:3:\"1.0\";s:14:\"plugin_version\";s:0:\"\";s:5:\"added\";s:19:\"2016-08-12 16:51:11\";s:6:\"active\";s:1:\"1\";s:4:\"type\";s:1:\"1\";}i:69;a:12:{s:2:\"id\";s:2:\"78\";s:6:\"handle\";s:23:\"object_swissknife_1.png\";s:4:\"name\";s:11:\"Swiss Knife\";s:4:\"tags\";a:2:{i:0;a:3:{s:2:\"id\";s:2:\"18\";s:6:\"handle\";s:4:\"misc\";s:4:\"name\";s:4:\"Misc\";}i:1;a:3:{s:2:\"id\";s:1:\"1\";s:6:\"handle\";s:11:\"accessories\";s:4:\"name\";s:11:\"Accessories\";}}s:11:\"description\";s:8:\"New File\";s:5:\"width\";s:3:\"800\";s:6:\"height\";s:3:\"800\";s:7:\"version\";s:3:\"1.0\";s:14:\"plugin_version\";s:0:\"\";s:5:\"added\";s:19:\"2016-08-12 16:51:11\";s:6:\"active\";s:1:\"1\";s:4:\"type\";s:1:\"1\";}i:70;a:12:{s:2:\"id\";s:2:\"77\";s:6:\"handle\";s:23:\"object_applewatch_2.png\";s:4:\"name\";s:17:\"Apple Watch Black\";s:4:\"tags\";a:2:{i:0;a:3:{s:2:\"id\";s:1:\"2\";s:6:\"handle\";s:6:\"device\";s:4:\"name\";s:6:\"Device\";}i:1;a:3:{s:2:\"id\";s:1:\"3\";s:6:\"handle\";s:6:\"office\";s:4:\"name\";s:6:\"Office\";}}s:11:\"description\";s:8:\"New File\";s:5:\"width\";s:3:\"800\";s:6:\"height\";s:3:\"800\";s:7:\"version\";s:3:\"1.0\";s:14:\"plugin_version\";s:0:\"\";s:5:\"added\";s:19:\"2016-08-12 16:51:11\";s:6:\"active\";s:1:\"1\";s:4:\"type\";s:1:\"1\";}i:71;a:12:{s:2:\"id\";s:2:\"76\";s:6:\"handle\";s:18:\"object_candy_1.png\";s:4:\"name\";s:13:\"Candy Colored\";s:4:\"tags\";a:1:{i:0;a:3:{s:2:\"id\";s:2:\"16\";s:6:\"handle\";s:4:\"food\";s:4:\"name\";s:4:\"Food\";}}s:11:\"description\";s:8:\"New File\";s:5:\"width\";s:3:\"800\";s:6:\"height\";s:3:\"800\";s:7:\"version\";s:3:\"1.0\";s:14:\"plugin_version\";s:0:\"\";s:5:\"added\";s:19:\"2016-08-12 16:51:11\";s:6:\"active\";s:1:\"1\";s:4:\"type\";s:1:\"1\";}i:72;a:12:{s:2:\"id\";s:2:\"75\";s:6:\"handle\";s:17:\"object_ipad_1.png\";s:4:\"name\";s:16:\"Apple iPad Black\";s:4:\"tags\";a:2:{i:0;a:3:{s:2:\"id\";s:1:\"2\";s:6:\"handle\";s:6:\"device\";s:4:\"name\";s:6:\"Device\";}i:1;a:3:{s:2:\"id\";s:1:\"3\";s:6:\"handle\";s:6:\"office\";s:4:\"name\";s:6:\"Office\";}}s:11:\"description\";s:8:\"New File\";s:5:\"width\";s:4:\"2000\";s:6:\"height\";s:4:\"2000\";s:7:\"version\";s:3:\"1.0\";s:14:\"plugin_version\";s:0:\"\";s:5:\"added\";s:19:\"2016-08-12 16:51:11\";s:6:\"active\";s:1:\"1\";s:4:\"type\";s:1:\"1\";}i:73;a:12:{s:2:\"id\";s:2:\"74\";s:6:\"handle\";s:17:\"object_lamp_2.png\";s:4:\"name\";s:15:\"Black Desk Lamp\";s:4:\"tags\";a:1:{i:0;a:3:{s:2:\"id\";s:1:\"3\";s:6:\"handle\";s:6:\"office\";s:4:\"name\";s:6:\"Office\";}}s:11:\"description\";s:8:\"New File\";s:5:\"width\";s:4:\"1600\";s:6:\"height\";s:4:\"1600\";s:7:\"version\";s:3:\"1.0\";s:14:\"plugin_version\";s:0:\"\";s:5:\"added\";s:19:\"2016-08-12 16:51:11\";s:6:\"active\";s:1:\"1\";s:4:\"type\";s:1:\"1\";}i:74;a:12:{s:2:\"id\";s:2:\"73\";s:6:\"handle\";s:18:\"object_canon_1.png\";s:4:\"name\";s:17:\"Canon Camera DLSR\";s:4:\"tags\";a:2:{i:0;a:3:{s:2:\"id\";s:1:\"5\";s:6:\"handle\";s:3:\"art\";s:4:\"name\";s:3:\"Art\";}i:1;a:3:{s:2:\"id\";s:1:\"3\";s:6:\"handle\";s:6:\"office\";s:4:\"name\";s:6:\"Office\";}}s:11:\"description\";s:8:\"New File\";s:5:\"width\";s:4:\"1500\";s:6:\"height\";s:4:\"1500\";s:7:\"version\";s:3:\"1.0\";s:14:\"plugin_version\";s:0:\"\";s:5:\"added\";s:19:\"2016-08-12 16:51:11\";s:6:\"active\";s:1:\"1\";s:4:\"type\";s:1:\"1\";}i:75;a:12:{s:2:\"id\";s:2:\"72\";s:6:\"handle\";s:23:\"object_blackberry_2.png\";s:4:\"name\";s:12:\"Blackberry 3\";s:4:\"tags\";a:2:{i:0;a:3:{s:2:\"id\";s:1:\"2\";s:6:\"handle\";s:6:\"device\";s:4:\"name\";s:6:\"Device\";}i:1;a:3:{s:2:\"id\";s:1:\"3\";s:6:\"handle\";s:6:\"office\";s:4:\"name\";s:6:\"Office\";}}s:11:\"description\";s:8:\"New File\";s:5:\"width\";s:4:\"1000\";s:6:\"height\";s:4:\"1000\";s:7:\"version\";s:3:\"1.0\";s:14:\"plugin_version\";s:0:\"\";s:5:\"added\";s:19:\"2016-08-12 16:51:11\";s:6:\"active\";s:1:\"1\";s:4:\"type\";s:1:\"1\";}i:76;a:12:{s:2:\"id\";s:2:\"71\";s:6:\"handle\";s:19:\"object_iphone_2.png\";s:4:\"name\";s:19:\"Apple iPhone Silver\";s:4:\"tags\";a:2:{i:0;a:3:{s:2:\"id\";s:1:\"2\";s:6:\"handle\";s:6:\"device\";s:4:\"name\";s:6:\"Device\";}i:1;a:3:{s:2:\"id\";s:1:\"3\";s:6:\"handle\";s:6:\"office\";s:4:\"name\";s:6:\"Office\";}}s:11:\"description\";s:8:\"New File\";s:5:\"width\";s:4:\"1500\";s:6:\"height\";s:4:\"1500\";s:7:\"version\";s:3:\"1.0\";s:14:\"plugin_version\";s:0:\"\";s:5:\"added\";s:19:\"2016-08-12 16:51:11\";s:6:\"active\";s:1:\"1\";s:4:\"type\";s:1:\"1\";}i:77;a:12:{s:2:\"id\";s:2:\"70\";s:6:\"handle\";s:17:\"object_ipad_2.png\";s:4:\"name\";s:15:\"Apple iPad Gold\";s:4:\"tags\";a:2:{i:0;a:3:{s:2:\"id\";s:1:\"2\";s:6:\"handle\";s:6:\"device\";s:4:\"name\";s:6:\"Device\";}i:1;a:3:{s:2:\"id\";s:1:\"3\";s:6:\"handle\";s:6:\"office\";s:4:\"name\";s:6:\"Office\";}}s:11:\"description\";s:8:\"New File\";s:5:\"width\";s:4:\"2000\";s:6:\"height\";s:4:\"2000\";s:7:\"version\";s:3:\"1.0\";s:14:\"plugin_version\";s:0:\"\";s:5:\"added\";s:19:\"2016-08-12 16:51:11\";s:6:\"active\";s:1:\"1\";s:4:\"type\";s:1:\"1\";}i:78;a:12:{s:2:\"id\";s:2:\"69\";s:6:\"handle\";s:20:\"object_printer_1.png\";s:4:\"name\";s:7:\"Printer\";s:4:\"tags\";a:1:{i:0;a:3:{s:2:\"id\";s:1:\"3\";s:6:\"handle\";s:6:\"office\";s:4:\"name\";s:6:\"Office\";}}s:11:\"description\";s:8:\"New File\";s:5:\"width\";s:4:\"1600\";s:6:\"height\";s:4:\"1600\";s:7:\"version\";s:3:\"1.0\";s:14:\"plugin_version\";s:0:\"\";s:5:\"added\";s:19:\"2016-08-12 16:51:11\";s:6:\"active\";s:1:\"1\";s:4:\"type\";s:1:\"1\";}i:79;a:12:{s:2:\"id\";s:2:\"68\";s:6:\"handle\";s:20:\"object_pcmouse_1.png\";s:4:\"name\";s:14:\"Black PC Mouse\";s:4:\"tags\";a:1:{i:0;a:3:{s:2:\"id\";s:1:\"3\";s:6:\"handle\";s:6:\"office\";s:4:\"name\";s:6:\"Office\";}}s:11:\"description\";s:8:\"New File\";s:5:\"width\";s:4:\"1000\";s:6:\"height\";s:4:\"1000\";s:7:\"version\";s:3:\"1.0\";s:14:\"plugin_version\";s:0:\"\";s:5:\"added\";s:19:\"2016-08-12 16:51:11\";s:6:\"active\";s:1:\"1\";s:4:\"type\";s:1:\"1\";}i:80;a:12:{s:2:\"id\";s:2:\"67\";s:6:\"handle\";s:17:\"object_ipad_3.png\";s:4:\"name\";s:17:\"Apple iPad Silver\";s:4:\"tags\";a:2:{i:0;a:3:{s:2:\"id\";s:1:\"2\";s:6:\"handle\";s:6:\"device\";s:4:\"name\";s:6:\"Device\";}i:1;a:3:{s:2:\"id\";s:1:\"3\";s:6:\"handle\";s:6:\"office\";s:4:\"name\";s:6:\"Office\";}}s:11:\"description\";s:8:\"New File\";s:5:\"width\";s:4:\"2000\";s:6:\"height\";s:4:\"2000\";s:7:\"version\";s:3:\"1.0\";s:14:\"plugin_version\";s:0:\"\";s:5:\"added\";s:19:\"2016-08-12 16:51:11\";s:6:\"active\";s:1:\"1\";s:4:\"type\";s:1:\"1\";}i:81;a:12:{s:2:\"id\";s:2:\"66\";s:6:\"handle\";s:17:\"object_lamp_1.png\";s:4:\"name\";s:13:\"Desk Lamp Top\";s:4:\"tags\";a:1:{i:0;a:3:{s:2:\"id\";s:1:\"3\";s:6:\"handle\";s:6:\"office\";s:4:\"name\";s:6:\"Office\";}}s:11:\"description\";s:8:\"New File\";s:5:\"width\";s:4:\"1600\";s:6:\"height\";s:4:\"1600\";s:7:\"version\";s:3:\"1.0\";s:14:\"plugin_version\";s:0:\"\";s:5:\"added\";s:19:\"2016-08-12 16:51:11\";s:6:\"active\";s:1:\"1\";s:4:\"type\";s:1:\"1\";}i:82;a:12:{s:2:\"id\";s:2:\"65\";s:6:\"handle\";s:22:\"object_macscreen_1.png\";s:4:\"name\";s:16:\"Apple Mac Screen\";s:4:\"tags\";a:2:{i:0;a:3:{s:2:\"id\";s:1:\"2\";s:6:\"handle\";s:6:\"device\";s:4:\"name\";s:6:\"Device\";}i:1;a:3:{s:2:\"id\";s:1:\"3\";s:6:\"handle\";s:6:\"office\";s:4:\"name\";s:6:\"Office\";}}s:11:\"description\";s:8:\"New File\";s:5:\"width\";s:4:\"2000\";s:6:\"height\";s:4:\"2000\";s:7:\"version\";s:3:\"1.0\";s:14:\"plugin_version\";s:0:\"\";s:5:\"added\";s:19:\"2016-08-12 16:51:11\";s:6:\"active\";s:1:\"1\";s:4:\"type\";s:1:\"1\";}i:83;a:12:{s:2:\"id\";s:2:\"64\";s:6:\"handle\";s:23:\"object_blackberry_3.png\";s:4:\"name\";s:12:\"Blackberry 2\";s:4:\"tags\";a:2:{i:0;a:3:{s:2:\"id\";s:1:\"2\";s:6:\"handle\";s:6:\"device\";s:4:\"name\";s:6:\"Device\";}i:1;a:3:{s:2:\"id\";s:1:\"3\";s:6:\"handle\";s:6:\"office\";s:4:\"name\";s:6:\"Office\";}}s:11:\"description\";s:8:\"New File\";s:5:\"width\";s:4:\"1000\";s:6:\"height\";s:4:\"1000\";s:7:\"version\";s:3:\"1.0\";s:14:\"plugin_version\";s:0:\"\";s:5:\"added\";s:19:\"2016-08-12 16:51:11\";s:6:\"active\";s:1:\"1\";s:4:\"type\";s:1:\"1\";}i:84;a:12:{s:2:\"id\";s:2:\"63\";s:6:\"handle\";s:23:\"object_applewatch_3.png\";s:4:\"name\";s:16:\"Apple Watch Gold\";s:4:\"tags\";a:2:{i:0;a:3:{s:2:\"id\";s:1:\"2\";s:6:\"handle\";s:6:\"device\";s:4:\"name\";s:6:\"Device\";}i:1;a:3:{s:2:\"id\";s:1:\"3\";s:6:\"handle\";s:6:\"office\";s:4:\"name\";s:6:\"Office\";}}s:11:\"description\";s:8:\"New File\";s:5:\"width\";s:3:\"800\";s:6:\"height\";s:3:\"800\";s:7:\"version\";s:3:\"1.0\";s:14:\"plugin_version\";s:0:\"\";s:5:\"added\";s:19:\"2016-08-12 16:51:11\";s:6:\"active\";s:1:\"1\";s:4:\"type\";s:1:\"1\";}i:85;a:12:{s:2:\"id\";s:2:\"62\";s:6:\"handle\";s:23:\"object_blackberry_1.png\";s:4:\"name\";s:10:\"Blackberry\";s:4:\"tags\";a:2:{i:0;a:3:{s:2:\"id\";s:1:\"2\";s:6:\"handle\";s:6:\"device\";s:4:\"name\";s:6:\"Device\";}i:1;a:3:{s:2:\"id\";s:1:\"3\";s:6:\"handle\";s:6:\"office\";s:4:\"name\";s:6:\"Office\";}}s:11:\"description\";s:8:\"New File\";s:5:\"width\";s:4:\"1000\";s:6:\"height\";s:4:\"1000\";s:7:\"version\";s:3:\"1.0\";s:14:\"plugin_version\";s:0:\"\";s:5:\"added\";s:19:\"2016-08-12 16:51:11\";s:6:\"active\";s:1:\"1\";s:4:\"type\";s:1:\"1\";}i:86;a:12:{s:2:\"id\";s:2:\"49\";s:6:\"handle\";s:19:\"object_bottle_1.png\";s:4:\"name\";s:18:\"Brown Glass Bottle\";s:4:\"tags\";a:2:{i:0;a:3:{s:2:\"id\";s:2:\"18\";s:6:\"handle\";s:4:\"misc\";s:4:\"name\";s:4:\"Misc\";}i:1;a:3:{s:2:\"id\";s:2:\"16\";s:6:\"handle\";s:4:\"food\";s:4:\"name\";s:4:\"Food\";}}s:11:\"description\";s:8:\"New File\";s:5:\"width\";s:4:\"1600\";s:6:\"height\";s:4:\"1600\";s:7:\"version\";s:3:\"1.0\";s:14:\"plugin_version\";s:0:\"\";s:5:\"added\";s:19:\"2016-08-12 12:57:32\";s:6:\"active\";s:1:\"1\";s:4:\"type\";s:1:\"1\";}i:87;a:12:{s:2:\"id\";s:2:\"48\";s:6:\"handle\";s:20:\"object_glasses_1.png\";s:4:\"name\";s:19:\"Hipster Glasses Top\";s:4:\"tags\";a:1:{i:0;a:3:{s:2:\"id\";s:1:\"1\";s:6:\"handle\";s:11:\"accessories\";s:4:\"name\";s:11:\"Accessories\";}}s:11:\"description\";s:8:\"New File\";s:5:\"width\";s:4:\"1000\";s:6:\"height\";s:4:\"1000\";s:7:\"version\";s:3:\"1.0\";s:14:\"plugin_version\";s:0:\"\";s:5:\"added\";s:19:\"2016-08-12 12:57:32\";s:6:\"active\";s:1:\"1\";s:4:\"type\";s:1:\"1\";}i:88;a:12:{s:2:\"id\";s:2:\"47\";s:6:\"handle\";s:21:\"object_magazine_1.png\";s:4:\"name\";s:14:\"Blank Magazine\";s:4:\"tags\";a:1:{i:0;a:3:{s:2:\"id\";s:1:\"3\";s:6:\"handle\";s:6:\"office\";s:4:\"name\";s:6:\"Office\";}}s:11:\"description\";s:8:\"New File\";s:5:\"width\";s:4:\"1600\";s:6:\"height\";s:4:\"1600\";s:7:\"version\";s:3:\"1.0\";s:14:\"plugin_version\";s:0:\"\";s:5:\"added\";s:19:\"2016-08-12 12:57:32\";s:6:\"active\";s:1:\"1\";s:4:\"type\";s:1:\"1\";}i:89;a:12:{s:2:\"id\";s:2:\"46\";s:6:\"handle\";s:28:\"object_leatherdocument_2.png\";s:4:\"name\";s:24:\"Black Leather Document 2\";s:4:\"tags\";a:2:{i:0;a:3:{s:2:\"id\";s:1:\"3\";s:6:\"handle\";s:6:\"office\";s:4:\"name\";s:6:\"Office\";}i:1;a:3:{s:2:\"id\";s:1:\"1\";s:6:\"handle\";s:11:\"accessories\";s:4:\"name\";s:11:\"Accessories\";}}s:11:\"description\";s:8:\"New File\";s:5:\"width\";s:4:\"1600\";s:6:\"height\";s:4:\"1600\";s:7:\"version\";s:3:\"1.0\";s:14:\"plugin_version\";s:0:\"\";s:5:\"added\";s:19:\"2016-08-12 12:57:32\";s:6:\"active\";s:1:\"1\";s:4:\"type\";s:1:\"1\";}i:90;a:12:{s:2:\"id\";s:2:\"45\";s:6:\"handle\";s:18:\"object_purse_2.png\";s:4:\"name\";s:13:\"Black Purse 2\";s:4:\"tags\";a:1:{i:0;a:3:{s:2:\"id\";s:1:\"1\";s:6:\"handle\";s:11:\"accessories\";s:4:\"name\";s:11:\"Accessories\";}}s:11:\"description\";s:8:\"New File\";s:5:\"width\";s:4:\"1600\";s:6:\"height\";s:4:\"1600\";s:7:\"version\";s:3:\"1.0\";s:14:\"plugin_version\";s:0:\"\";s:5:\"added\";s:19:\"2016-08-12 12:57:32\";s:6:\"active\";s:1:\"1\";s:4:\"type\";s:1:\"1\";}i:91;a:12:{s:2:\"id\";s:2:\"44\";s:6:\"handle\";s:23:\"object_typewriter_1.png\";s:4:\"name\";s:18:\"Retro Typewriter 2\";s:4:\"tags\";a:1:{i:0;a:3:{s:2:\"id\";s:1:\"3\";s:6:\"handle\";s:6:\"office\";s:4:\"name\";s:6:\"Office\";}}s:11:\"description\";s:8:\"New File\";s:5:\"width\";s:4:\"1600\";s:6:\"height\";s:4:\"1600\";s:7:\"version\";s:3:\"1.0\";s:14:\"plugin_version\";s:0:\"\";s:5:\"added\";s:19:\"2016-08-12 12:57:32\";s:6:\"active\";s:1:\"1\";s:4:\"type\";s:1:\"1\";}i:92;a:12:{s:2:\"id\";s:2:\"43\";s:6:\"handle\";s:17:\"object_book_5.png\";s:4:\"name\";s:9:\"Old Books\";s:4:\"tags\";a:1:{i:0;a:3:{s:2:\"id\";s:1:\"3\";s:6:\"handle\";s:6:\"office\";s:4:\"name\";s:6:\"Office\";}}s:11:\"description\";s:8:\"New File\";s:5:\"width\";s:4:\"1600\";s:6:\"height\";s:4:\"1600\";s:7:\"version\";s:3:\"1.0\";s:14:\"plugin_version\";s:0:\"\";s:5:\"added\";s:19:\"2016-08-12 12:57:32\";s:6:\"active\";s:1:\"1\";s:4:\"type\";s:1:\"1\";}i:93;a:12:{s:2:\"id\";s:2:\"42\";s:6:\"handle\";s:28:\"object_leatherdocument_1.png\";s:4:\"name\";s:29:\"Black Leather Document Closed\";s:4:\"tags\";a:1:{i:0;a:3:{s:2:\"id\";s:1:\"3\";s:6:\"handle\";s:6:\"office\";s:4:\"name\";s:6:\"Office\";}}s:11:\"description\";s:8:\"New File\";s:5:\"width\";s:4:\"1600\";s:6:\"height\";s:4:\"1600\";s:7:\"version\";s:3:\"1.0\";s:14:\"plugin_version\";s:0:\"\";s:5:\"added\";s:19:\"2016-08-12 12:57:32\";s:6:\"active\";s:1:\"1\";s:4:\"type\";s:1:\"1\";}i:94;a:12:{s:2:\"id\";s:2:\"41\";s:6:\"handle\";s:17:\"object_book_4.png\";s:4:\"name\";s:8:\"Old Book\";s:4:\"tags\";a:1:{i:0;a:3:{s:2:\"id\";s:1:\"3\";s:6:\"handle\";s:6:\"office\";s:4:\"name\";s:6:\"Office\";}}s:11:\"description\";s:8:\"New File\";s:5:\"width\";s:4:\"1600\";s:6:\"height\";s:4:\"1600\";s:7:\"version\";s:3:\"1.0\";s:14:\"plugin_version\";s:0:\"\";s:5:\"added\";s:19:\"2016-08-12 12:57:32\";s:6:\"active\";s:1:\"1\";s:4:\"type\";s:1:\"1\";}i:95;a:12:{s:2:\"id\";s:2:\"40\";s:6:\"handle\";s:19:\"object_wallet_2.png\";s:4:\"name\";s:22:\"Black Leather Document\";s:4:\"tags\";a:1:{i:0;a:3:{s:2:\"id\";s:1:\"1\";s:6:\"handle\";s:11:\"accessories\";s:4:\"name\";s:11:\"Accessories\";}}s:11:\"description\";s:8:\"New File\";s:5:\"width\";s:4:\"1500\";s:6:\"height\";s:4:\"1500\";s:7:\"version\";s:3:\"1.0\";s:14:\"plugin_version\";s:0:\"\";s:5:\"added\";s:19:\"2016-08-12 12:57:32\";s:6:\"active\";s:1:\"1\";s:4:\"type\";s:1:\"1\";}i:96;a:12:{s:2:\"id\";s:2:\"39\";s:6:\"handle\";s:18:\"object_quill_2.png\";s:4:\"name\";s:15:\"Quill Feather 2\";s:4:\"tags\";a:2:{i:0;a:3:{s:2:\"id\";s:1:\"5\";s:6:\"handle\";s:3:\"art\";s:4:\"name\";s:3:\"Art\";}i:1;a:3:{s:2:\"id\";s:1:\"3\";s:6:\"handle\";s:6:\"office\";s:4:\"name\";s:6:\"Office\";}}s:11:\"description\";s:8:\"New File\";s:5:\"width\";s:4:\"1600\";s:6:\"height\";s:4:\"1600\";s:7:\"version\";s:3:\"1.0\";s:14:\"plugin_version\";s:0:\"\";s:5:\"added\";s:19:\"2016-08-12 12:57:32\";s:6:\"active\";s:1:\"1\";s:4:\"type\";s:1:\"1\";}i:97;a:12:{s:2:\"id\";s:2:\"38\";s:6:\"handle\";s:24:\"object_eiffeltower_1.png\";s:4:\"name\";s:11:\"Eiffeltower\";s:4:\"tags\";a:1:{i:0;a:3:{s:2:\"id\";s:2:\"18\";s:6:\"handle\";s:4:\"misc\";s:4:\"name\";s:4:\"Misc\";}}s:11:\"description\";s:8:\"New File\";s:5:\"width\";s:4:\"1000\";s:6:\"height\";s:4:\"1000\";s:7:\"version\";s:3:\"1.0\";s:14:\"plugin_version\";s:0:\"\";s:5:\"added\";s:19:\"2016-08-12 12:57:32\";s:6:\"active\";s:1:\"1\";s:4:\"type\";s:1:\"1\";}i:98;a:12:{s:2:\"id\";s:2:\"37\";s:6:\"handle\";s:21:\"object_magazine_2.png\";s:4:\"name\";s:11:\"Open Book 3\";s:4:\"tags\";a:1:{i:0;a:3:{s:2:\"id\";s:1:\"3\";s:6:\"handle\";s:6:\"office\";s:4:\"name\";s:6:\"Office\";}}s:11:\"description\";s:8:\"New File\";s:5:\"width\";s:4:\"1600\";s:6:\"height\";s:4:\"1333\";s:7:\"version\";s:3:\"1.0\";s:14:\"plugin_version\";s:0:\"\";s:5:\"added\";s:19:\"2016-08-12 12:57:32\";s:6:\"active\";s:1:\"1\";s:4:\"type\";s:1:\"1\";}i:99;a:12:{s:2:\"id\";s:2:\"36\";s:6:\"handle\";s:17:\"object_book_1.png\";s:4:\"name\";s:10:\"Blank Book\";s:4:\"tags\";a:1:{i:0;a:3:{s:2:\"id\";s:1:\"3\";s:6:\"handle\";s:6:\"office\";s:4:\"name\";s:6:\"Office\";}}s:11:\"description\";s:8:\"New File\";s:5:\"width\";s:4:\"1600\";s:6:\"height\";s:4:\"1600\";s:7:\"version\";s:3:\"1.0\";s:14:\"plugin_version\";s:0:\"\";s:5:\"added\";s:19:\"2016-08-12 12:57:32\";s:6:\"active\";s:1:\"1\";s:4:\"type\";s:1:\"1\";}i:100;a:12:{s:2:\"id\";s:2:\"35\";s:6:\"handle\";s:20:\"object_glasses_2.png\";s:4:\"name\";s:15:\"Hipster Glasses\";s:4:\"tags\";a:1:{i:0;a:3:{s:2:\"id\";s:1:\"1\";s:6:\"handle\";s:11:\"accessories\";s:4:\"name\";s:11:\"Accessories\";}}s:11:\"description\";s:8:\"New File\";s:5:\"width\";s:4:\"1000\";s:6:\"height\";s:4:\"1000\";s:7:\"version\";s:3:\"1.0\";s:14:\"plugin_version\";s:0:\"\";s:5:\"added\";s:19:\"2016-08-12 12:57:32\";s:6:\"active\";s:1:\"1\";s:4:\"type\";s:1:\"1\";}i:101;a:12:{s:2:\"id\";s:2:\"34\";s:6:\"handle\";s:17:\"object_book_2.png\";s:4:\"name\";s:11:\"Open Book 2\";s:4:\"tags\";a:1:{i:0;a:3:{s:2:\"id\";s:1:\"3\";s:6:\"handle\";s:6:\"office\";s:4:\"name\";s:6:\"Office\";}}s:11:\"description\";s:8:\"New File\";s:5:\"width\";s:4:\"1600\";s:6:\"height\";s:4:\"1600\";s:7:\"version\";s:3:\"1.0\";s:14:\"plugin_version\";s:0:\"\";s:5:\"added\";s:19:\"2016-08-12 12:57:32\";s:6:\"active\";s:1:\"1\";s:4:\"type\";s:1:\"1\";}i:102;a:12:{s:2:\"id\";s:2:\"33\";s:6:\"handle\";s:19:\"object_gloves_1.png\";s:4:\"name\";s:12:\"Black Gloves\";s:4:\"tags\";a:1:{i:0;a:3:{s:2:\"id\";s:1:\"1\";s:6:\"handle\";s:11:\"accessories\";s:4:\"name\";s:11:\"Accessories\";}}s:11:\"description\";s:8:\"New File\";s:5:\"width\";s:4:\"1600\";s:6:\"height\";s:4:\"1600\";s:7:\"version\";s:3:\"1.0\";s:14:\"plugin_version\";s:0:\"\";s:5:\"added\";s:19:\"2016-08-12 12:57:32\";s:6:\"active\";s:1:\"1\";s:4:\"type\";s:1:\"1\";}i:103;a:12:{s:2:\"id\";s:2:\"32\";s:6:\"handle\";s:23:\"object_typewriter_2.png\";s:4:\"name\";s:16:\"Retro Typewriter\";s:4:\"tags\";a:1:{i:0;a:3:{s:2:\"id\";s:1:\"3\";s:6:\"handle\";s:6:\"office\";s:4:\"name\";s:6:\"Office\";}}s:11:\"description\";s:8:\"New File\";s:5:\"width\";s:4:\"1600\";s:6:\"height\";s:4:\"1600\";s:7:\"version\";s:3:\"1.0\";s:14:\"plugin_version\";s:0:\"\";s:5:\"added\";s:19:\"2016-08-12 12:57:32\";s:6:\"active\";s:1:\"1\";s:4:\"type\";s:1:\"1\";}i:104;a:12:{s:2:\"id\";s:2:\"31\";s:6:\"handle\";s:17:\"object_book_3.png\";s:4:\"name\";s:9:\"Open Book\";s:4:\"tags\";a:1:{i:0;a:3:{s:2:\"id\";s:1:\"3\";s:6:\"handle\";s:6:\"office\";s:4:\"name\";s:6:\"Office\";}}s:11:\"description\";s:8:\"New File\";s:5:\"width\";s:4:\"1600\";s:6:\"height\";s:4:\"1600\";s:7:\"version\";s:3:\"1.0\";s:14:\"plugin_version\";s:0:\"\";s:5:\"added\";s:19:\"2016-08-12 12:57:32\";s:6:\"active\";s:1:\"1\";s:4:\"type\";s:1:\"1\";}i:105;a:12:{s:2:\"id\";s:2:\"30\";s:6:\"handle\";s:19:\"object_wallet_1.png\";s:4:\"name\";s:12:\"Black Wallet\";s:4:\"tags\";a:1:{i:0;a:3:{s:2:\"id\";s:1:\"1\";s:6:\"handle\";s:11:\"accessories\";s:4:\"name\";s:11:\"Accessories\";}}s:11:\"description\";s:8:\"New File\";s:5:\"width\";s:4:\"1500\";s:6:\"height\";s:4:\"1500\";s:7:\"version\";s:3:\"1.0\";s:14:\"plugin_version\";s:0:\"\";s:5:\"added\";s:19:\"2016-08-12 12:57:32\";s:6:\"active\";s:1:\"1\";s:4:\"type\";s:1:\"1\";}i:106;a:12:{s:2:\"id\";s:2:\"29\";s:6:\"handle\";s:18:\"object_purse_1.png\";s:4:\"name\";s:11:\"Black Purse\";s:4:\"tags\";a:1:{i:0;a:3:{s:2:\"id\";s:1:\"1\";s:6:\"handle\";s:11:\"accessories\";s:4:\"name\";s:11:\"Accessories\";}}s:11:\"description\";s:8:\"New File\";s:5:\"width\";s:4:\"1600\";s:6:\"height\";s:4:\"1600\";s:7:\"version\";s:3:\"1.0\";s:14:\"plugin_version\";s:0:\"\";s:5:\"added\";s:19:\"2016-08-12 12:57:32\";s:6:\"active\";s:1:\"1\";s:4:\"type\";s:1:\"1\";}i:107;a:12:{s:2:\"id\";s:2:\"28\";s:6:\"handle\";s:18:\"object_quill_1.png\";s:4:\"name\";s:13:\"Quill Feather\";s:4:\"tags\";a:2:{i:0;a:3:{s:2:\"id\";s:1:\"5\";s:6:\"handle\";s:3:\"art\";s:4:\"name\";s:3:\"Art\";}i:1;a:3:{s:2:\"id\";s:1:\"3\";s:6:\"handle\";s:6:\"office\";s:4:\"name\";s:6:\"Office\";}}s:11:\"description\";s:8:\"New File\";s:5:\"width\";s:4:\"1600\";s:6:\"height\";s:4:\"1600\";s:7:\"version\";s:3:\"1.0\";s:14:\"plugin_version\";s:0:\"\";s:5:\"added\";s:19:\"2016-08-12 12:57:32\";s:6:\"active\";s:1:\"1\";s:4:\"type\";s:1:\"1\";}i:108;a:12:{s:2:\"id\";s:2:\"27\";s:6:\"handle\";s:19:\"object_artbox_2.png\";s:4:\"name\";s:16:\"Art Box Colors 2\";s:4:\"tags\";a:1:{i:0;a:3:{s:2:\"id\";s:1:\"5\";s:6:\"handle\";s:3:\"art\";s:4:\"name\";s:3:\"Art\";}}s:11:\"description\";s:8:\"New File\";s:5:\"width\";s:4:\"1600\";s:6:\"height\";s:4:\"1600\";s:7:\"version\";s:3:\"1.0\";s:14:\"plugin_version\";s:0:\"\";s:5:\"added\";s:19:\"2016-08-12 10:59:23\";s:6:\"active\";s:1:\"1\";s:4:\"type\";s:1:\"1\";}i:109;a:12:{s:2:\"id\";s:2:\"26\";s:6:\"handle\";s:18:\"object_cloth_1.png\";s:4:\"name\";s:17:\"Cloth Paint Color\";s:4:\"tags\";a:1:{i:0;a:3:{s:2:\"id\";s:1:\"5\";s:6:\"handle\";s:3:\"art\";s:4:\"name\";s:3:\"Art\";}}s:11:\"description\";s:8:\"New File\";s:5:\"width\";s:4:\"1400\";s:6:\"height\";s:4:\"1400\";s:7:\"version\";s:3:\"1.0\";s:14:\"plugin_version\";s:0:\"\";s:5:\"added\";s:19:\"2016-08-12 10:59:23\";s:6:\"active\";s:1:\"1\";s:4:\"type\";s:1:\"1\";}i:110;a:12:{s:2:\"id\";s:2:\"25\";s:6:\"handle\";s:21:\"object_brushpot_1.png\";s:4:\"name\";s:9:\"Brush Pot\";s:4:\"tags\";a:1:{i:0;a:3:{s:2:\"id\";s:1:\"5\";s:6:\"handle\";s:3:\"art\";s:4:\"name\";s:3:\"Art\";}}s:11:\"description\";s:8:\"New File\";s:5:\"width\";s:3:\"984\";s:6:\"height\";s:3:\"984\";s:7:\"version\";s:3:\"1.0\";s:14:\"plugin_version\";s:0:\"\";s:5:\"added\";s:19:\"2016-08-12 10:59:23\";s:6:\"active\";s:1:\"1\";s:4:\"type\";s:1:\"1\";}i:111;a:12:{s:2:\"id\";s:2:\"24\";s:6:\"handle\";s:24:\"object_paintbucket_1.png\";s:4:\"name\";s:12:\"Paint Bucket\";s:4:\"tags\";a:1:{i:0;a:3:{s:2:\"id\";s:1:\"5\";s:6:\"handle\";s:3:\"art\";s:4:\"name\";s:3:\"Art\";}}s:11:\"description\";s:8:\"New File\";s:5:\"width\";s:4:\"1400\";s:6:\"height\";s:4:\"1400\";s:7:\"version\";s:3:\"1.0\";s:14:\"plugin_version\";s:0:\"\";s:5:\"added\";s:19:\"2016-08-12 10:59:23\";s:6:\"active\";s:1:\"1\";s:4:\"type\";s:1:\"1\";}i:112;a:12:{s:2:\"id\";s:2:\"23\";s:6:\"handle\";s:23:\"object_paintbrush_2.png\";s:4:\"name\";s:12:\"Paintbrush 3\";s:4:\"tags\";a:1:{i:0;a:3:{s:2:\"id\";s:1:\"5\";s:6:\"handle\";s:3:\"art\";s:4:\"name\";s:3:\"Art\";}}s:11:\"description\";s:8:\"New File\";s:5:\"width\";s:3:\"700\";s:6:\"height\";s:3:\"700\";s:7:\"version\";s:3:\"1.0\";s:14:\"plugin_version\";s:0:\"\";s:5:\"added\";s:19:\"2016-08-12 10:59:23\";s:6:\"active\";s:1:\"1\";s:4:\"type\";s:1:\"1\";}i:113;a:12:{s:2:\"id\";s:2:\"22\";s:6:\"handle\";s:19:\"object_artbox_1.png\";s:4:\"name\";s:14:\"Art Box Colors\";s:4:\"tags\";a:1:{i:0;a:3:{s:2:\"id\";s:1:\"5\";s:6:\"handle\";s:3:\"art\";s:4:\"name\";s:3:\"Art\";}}s:11:\"description\";s:8:\"New File\";s:5:\"width\";s:4:\"1600\";s:6:\"height\";s:4:\"1600\";s:7:\"version\";s:3:\"1.0\";s:14:\"plugin_version\";s:0:\"\";s:5:\"added\";s:19:\"2016-08-12 10:59:23\";s:6:\"active\";s:1:\"1\";s:4:\"type\";s:1:\"1\";}i:114;a:12:{s:2:\"id\";s:2:\"21\";s:6:\"handle\";s:23:\"object_paintbrush_3.png\";s:4:\"name\";s:12:\"Paintbrush 2\";s:4:\"tags\";a:1:{i:0;a:3:{s:2:\"id\";s:1:\"5\";s:6:\"handle\";s:3:\"art\";s:4:\"name\";s:3:\"Art\";}}s:11:\"description\";s:8:\"New File\";s:5:\"width\";s:4:\"1100\";s:6:\"height\";s:4:\"1100\";s:7:\"version\";s:3:\"1.0\";s:14:\"plugin_version\";s:0:\"\";s:5:\"added\";s:19:\"2016-08-12 10:59:23\";s:6:\"active\";s:1:\"1\";s:4:\"type\";s:1:\"1\";}i:115;a:12:{s:2:\"id\";s:2:\"20\";s:6:\"handle\";s:23:\"object_paintbrush_1.png\";s:4:\"name\";s:12:\"Paintbrush 1\";s:4:\"tags\";a:1:{i:0;a:3:{s:2:\"id\";s:1:\"5\";s:6:\"handle\";s:3:\"art\";s:4:\"name\";s:3:\"Art\";}}s:11:\"description\";s:8:\"New File\";s:5:\"width\";s:4:\"1000\";s:6:\"height\";s:4:\"1000\";s:7:\"version\";s:3:\"1.0\";s:14:\"plugin_version\";s:0:\"\";s:5:\"added\";s:19:\"2016-08-12 10:59:23\";s:6:\"active\";s:1:\"1\";s:4:\"type\";s:1:\"1\";}i:116;a:12:{s:2:\"id\";s:2:\"11\";s:6:\"handle\";s:21:\"table_radio_right.png\";s:4:\"name\";s:18:\"Radio Speaker Wood\";s:4:\"tags\";a:1:{i:0;a:3:{s:2:\"id\";s:1:\"4\";s:6:\"handle\";s:5:\"music\";s:4:\"name\";s:5:\"Music\";}}s:11:\"description\";s:8:\"New File\";s:5:\"width\";s:4:\"1600\";s:6:\"height\";s:4:\"1600\";s:7:\"version\";s:3:\"1.0\";s:14:\"plugin_version\";s:0:\"\";s:5:\"added\";s:19:\"2016-08-11 13:37:51\";s:6:\"active\";s:1:\"1\";s:4:\"type\";s:1:\"1\";}i:117;a:12:{s:2:\"id\";s:2:\"10\";s:6:\"handle\";s:18:\"keyboard_apple.png\";s:4:\"name\";s:14:\"Apple Keyboard\";s:4:\"tags\";a:1:{i:0;a:3:{s:2:\"id\";s:1:\"3\";s:6:\"handle\";s:6:\"office\";s:4:\"name\";s:6:\"Office\";}}s:11:\"description\";s:8:\"New File\";s:5:\"width\";s:4:\"1600\";s:6:\"height\";s:4:\"1600\";s:7:\"version\";s:3:\"1.0\";s:14:\"plugin_version\";s:0:\"\";s:5:\"added\";s:19:\"2016-08-11 13:37:51\";s:6:\"active\";s:1:\"1\";s:4:\"type\";s:1:\"1\";}i:118;a:12:{s:2:\"id\";s:1:\"9\";s:6:\"handle\";s:20:\"macbook_top_gold.png\";s:4:\"name\";s:18:\"Apple Macbook Gold\";s:4:\"tags\";a:2:{i:0;a:3:{s:2:\"id\";s:1:\"2\";s:6:\"handle\";s:6:\"device\";s:4:\"name\";s:6:\"Device\";}i:1;a:3:{s:2:\"id\";s:1:\"3\";s:6:\"handle\";s:6:\"office\";s:4:\"name\";s:6:\"Office\";}}s:11:\"description\";s:8:\"New File\";s:5:\"width\";s:4:\"1600\";s:6:\"height\";s:4:\"1600\";s:7:\"version\";s:3:\"1.0\";s:14:\"plugin_version\";s:0:\"\";s:5:\"added\";s:19:\"2016-08-11 13:37:51\";s:6:\"active\";s:1:\"1\";s:4:\"type\";s:1:\"1\";}i:119;a:12:{s:2:\"id\";s:1:\"8\";s:6:\"handle\";s:21:\"nexus6_front_blue.png\";s:4:\"name\";s:19:\"Google Nexus 6 Blue\";s:4:\"tags\";a:2:{i:0;a:3:{s:2:\"id\";s:1:\"2\";s:6:\"handle\";s:6:\"device\";s:4:\"name\";s:6:\"Device\";}i:1;a:3:{s:2:\"id\";s:1:\"3\";s:6:\"handle\";s:6:\"office\";s:4:\"name\";s:6:\"Office\";}}s:11:\"description\";s:8:\"New File\";s:5:\"width\";s:4:\"1100\";s:6:\"height\";s:4:\"1100\";s:7:\"version\";s:3:\"1.0\";s:14:\"plugin_version\";s:0:\"\";s:5:\"added\";s:19:\"2016-08-11 13:37:51\";s:6:\"active\";s:1:\"1\";s:4:\"type\";s:1:\"1\";}i:120;a:12:{s:2:\"id\";s:3:\"479\";s:6:\"handle\";s:31:\"Tram-beside-waiting-station.jpg\";s:4:\"name\";s:27:\"Tram beside waiting station\";s:4:\"tags\";a:1:{i:0;a:3:{s:2:\"id\";s:2:\"21\";s:6:\"handle\";s:4:\"City\";s:4:\"name\";s:4:\"City\";}}s:11:\"description\";s:8:\"New File\";s:5:\"width\";s:4:\"1920\";s:6:\"height\";s:4:\"1450\";s:7:\"version\";s:3:\"1.0\";s:14:\"plugin_version\";s:5:\"6.0.0\";s:5:\"added\";s:19:\"2019-04-16 10:52:06\";s:6:\"active\";s:1:\"1\";s:4:\"type\";s:1:\"2\";}i:121;a:12:{s:2:\"id\";s:3:\"478\";s:6:\"handle\";s:14:\"Pulling-up.jpg\";s:4:\"name\";s:10:\"Pulling up\";s:4:\"tags\";a:1:{i:0;a:3:{s:2:\"id\";s:2:\"27\";s:6:\"handle\";s:5:\"sport\";s:4:\"name\";s:5:\"Sport\";}}s:11:\"description\";s:8:\"New File\";s:5:\"width\";s:4:\"1920\";s:6:\"height\";s:4:\"1297\";s:7:\"version\";s:3:\"1.0\";s:14:\"plugin_version\";s:5:\"6.0.0\";s:5:\"added\";s:19:\"2019-04-16 10:41:20\";s:6:\"active\";s:1:\"1\";s:4:\"type\";s:1:\"2\";}i:122;a:12:{s:2:\"id\";s:3:\"477\";s:6:\"handle\";s:16:\"Snowboarding.jpg\";s:4:\"name\";s:12:\"Snowboarding\";s:4:\"tags\";a:1:{i:0;a:3:{s:2:\"id\";s:2:\"27\";s:6:\"handle\";s:5:\"sport\";s:4:\"name\";s:5:\"Sport\";}}s:11:\"description\";s:8:\"New File\";s:5:\"width\";s:4:\"1920\";s:6:\"height\";s:4:\"1290\";s:7:\"version\";s:3:\"1.0\";s:14:\"plugin_version\";s:5:\"6.0.0\";s:5:\"added\";s:19:\"2019-04-16 10:41:20\";s:6:\"active\";s:1:\"1\";s:4:\"type\";s:1:\"2\";}i:123;a:12:{s:2:\"id\";s:3:\"476\";s:6:\"handle\";s:16:\"Morning-yoga.jpg\";s:4:\"name\";s:12:\"Morning yoga\";s:4:\"tags\";a:1:{i:0;a:3:{s:2:\"id\";s:2:\"27\";s:6:\"handle\";s:5:\"sport\";s:4:\"name\";s:5:\"Sport\";}}s:11:\"description\";s:8:\"New File\";s:5:\"width\";s:4:\"1920\";s:6:\"height\";s:4:\"1346\";s:7:\"version\";s:3:\"1.0\";s:14:\"plugin_version\";s:5:\"6.0.0\";s:5:\"added\";s:19:\"2019-04-16 10:40:23\";s:6:\"active\";s:1:\"1\";s:4:\"type\";s:1:\"2\";}i:124;a:12:{s:2:\"id\";s:3:\"475\";s:6:\"handle\";s:8:\"Yoga.jpg\";s:4:\"name\";s:4:\"Yoga\";s:4:\"tags\";a:1:{i:0;a:3:{s:2:\"id\";s:2:\"27\";s:6:\"handle\";s:5:\"sport\";s:4:\"name\";s:5:\"Sport\";}}s:11:\"description\";s:8:\"New File\";s:5:\"width\";s:4:\"1920\";s:6:\"height\";s:4:\"1079\";s:7:\"version\";s:3:\"1.0\";s:14:\"plugin_version\";s:5:\"6.0.0\";s:5:\"added\";s:19:\"2019-04-16 10:40:23\";s:6:\"active\";s:1:\"1\";s:4:\"type\";s:1:\"2\";}i:125;a:12:{s:2:\"id\";s:3:\"474\";s:6:\"handle\";s:14:\"Golf-balls.jpg\";s:4:\"name\";s:10:\"Golf balls\";s:4:\"tags\";a:1:{i:0;a:3:{s:2:\"id\";s:2:\"27\";s:6:\"handle\";s:5:\"sport\";s:4:\"name\";s:5:\"Sport\";}}s:11:\"description\";s:8:\"New File\";s:5:\"width\";s:4:\"1920\";s:6:\"height\";s:4:\"1080\";s:7:\"version\";s:3:\"1.0\";s:14:\"plugin_version\";s:5:\"6.0.0\";s:5:\"added\";s:19:\"2019-04-16 10:40:23\";s:6:\"active\";s:1:\"1\";s:4:\"type\";s:1:\"2\";}i:126;a:12:{s:2:\"id\";s:3:\"473\";s:6:\"handle\";s:19:\"Confident-Boxer.jpg\";s:4:\"name\";s:15:\"Confident Boxer\";s:4:\"tags\";a:1:{i:0;a:3:{s:2:\"id\";s:2:\"27\";s:6:\"handle\";s:5:\"sport\";s:4:\"name\";s:5:\"Sport\";}}s:11:\"description\";s:8:\"New File\";s:5:\"width\";s:4:\"1920\";s:6:\"height\";s:4:\"1280\";s:7:\"version\";s:3:\"1.0\";s:14:\"plugin_version\";s:5:\"6.0.0\";s:5:\"added\";s:19:\"2019-04-16 10:40:23\";s:6:\"active\";s:1:\"1\";s:4:\"type\";s:1:\"2\";}i:127;a:12:{s:2:\"id\";s:3:\"472\";s:6:\"handle\";s:11:\"Aerobic.jpg\";s:4:\"name\";s:7:\"Aerobic\";s:4:\"tags\";a:1:{i:0;a:3:{s:2:\"id\";s:2:\"27\";s:6:\"handle\";s:5:\"sport\";s:4:\"name\";s:5:\"Sport\";}}s:11:\"description\";s:8:\"New File\";s:5:\"width\";s:4:\"1920\";s:6:\"height\";s:4:\"1280\";s:7:\"version\";s:3:\"1.0\";s:14:\"plugin_version\";s:5:\"6.0.0\";s:5:\"added\";s:19:\"2019-04-16 10:40:23\";s:6:\"active\";s:1:\"1\";s:4:\"type\";s:1:\"2\";}i:128;a:12:{s:2:\"id\";s:3:\"471\";s:6:\"handle\";s:18:\"Riding-bicycle.jpg\";s:4:\"name\";s:14:\"Riding bicycle\";s:4:\"tags\";a:1:{i:0;a:3:{s:2:\"id\";s:2:\"27\";s:6:\"handle\";s:5:\"sport\";s:4:\"name\";s:5:\"Sport\";}}s:11:\"description\";s:8:\"New File\";s:5:\"width\";s:4:\"1920\";s:6:\"height\";s:4:\"1358\";s:7:\"version\";s:3:\"1.0\";s:14:\"plugin_version\";s:5:\"6.0.0\";s:5:\"added\";s:19:\"2019-04-16 10:38:24\";s:6:\"active\";s:1:\"1\";s:4:\"type\";s:1:\"2\";}i:129;a:12:{s:2:\"id\";s:3:\"470\";s:6:\"handle\";s:27:\"woman-with-barbell-back.jpg\";s:4:\"name\";s:23:\"woman with barbell back\";s:4:\"tags\";a:1:{i:0;a:3:{s:2:\"id\";s:2:\"27\";s:6:\"handle\";s:5:\"sport\";s:4:\"name\";s:5:\"Sport\";}}s:11:\"description\";s:8:\"New File\";s:5:\"width\";s:4:\"1920\";s:6:\"height\";s:4:\"1280\";s:7:\"version\";s:3:\"1.0\";s:14:\"plugin_version\";s:5:\"6.0.0\";s:5:\"added\";s:19:\"2019-04-16 10:38:24\";s:6:\"active\";s:1:\"1\";s:4:\"type\";s:1:\"2\";}i:130;a:12:{s:2:\"id\";s:3:\"469\";s:6:\"handle\";s:24:\"Woman-lying-on-floor.jpg\";s:4:\"name\";s:20:\"Woman lying on floor\";s:4:\"tags\";a:1:{i:0;a:3:{s:2:\"id\";s:2:\"27\";s:6:\"handle\";s:5:\"sport\";s:4:\"name\";s:5:\"Sport\";}}s:11:\"description\";s:8:\"New File\";s:5:\"width\";s:4:\"1920\";s:6:\"height\";s:4:\"1318\";s:7:\"version\";s:3:\"1.0\";s:14:\"plugin_version\";s:5:\"6.0.0\";s:5:\"added\";s:19:\"2019-04-16 10:38:24\";s:6:\"active\";s:1:\"1\";s:4:\"type\";s:1:\"2\";}i:131;a:12:{s:2:\"id\";s:3:\"468\";s:6:\"handle\";s:27:\"Holding-black-dumbbells.jpg\";s:4:\"name\";s:23:\"Holding black dumbbells\";s:4:\"tags\";a:1:{i:0;a:3:{s:2:\"id\";s:2:\"27\";s:6:\"handle\";s:5:\"sport\";s:4:\"name\";s:5:\"Sport\";}}s:11:\"description\";s:8:\"New File\";s:5:\"width\";s:4:\"1920\";s:6:\"height\";s:4:\"1275\";s:7:\"version\";s:3:\"1.0\";s:14:\"plugin_version\";s:5:\"6.0.0\";s:5:\"added\";s:19:\"2019-04-16 10:38:24\";s:6:\"active\";s:1:\"1\";s:4:\"type\";s:1:\"2\";}i:132;a:12:{s:2:\"id\";s:3:\"467\";s:6:\"handle\";s:25:\"Woman-using-dumbbells.jpg\";s:4:\"name\";s:21:\"Woman using dumbbells\";s:4:\"tags\";a:1:{i:0;a:3:{s:2:\"id\";s:2:\"27\";s:6:\"handle\";s:5:\"sport\";s:4:\"name\";s:5:\"Sport\";}}s:11:\"description\";s:8:\"New File\";s:5:\"width\";s:4:\"1920\";s:6:\"height\";s:4:\"1425\";s:7:\"version\";s:3:\"1.0\";s:14:\"plugin_version\";s:5:\"6.0.0\";s:5:\"added\";s:19:\"2019-04-16 10:38:24\";s:6:\"active\";s:1:\"1\";s:4:\"type\";s:1:\"2\";}i:133;a:12:{s:2:\"id\";s:3:\"466\";s:6:\"handle\";s:16:\"Soccer-cleat.jpg\";s:4:\"name\";s:12:\"Soccer cleat\";s:4:\"tags\";a:1:{i:0;a:3:{s:2:\"id\";s:2:\"27\";s:6:\"handle\";s:5:\"sport\";s:4:\"name\";s:5:\"Sport\";}}s:11:\"description\";s:8:\"New File\";s:5:\"width\";s:4:\"1920\";s:6:\"height\";s:4:\"1280\";s:7:\"version\";s:3:\"1.0\";s:14:\"plugin_version\";s:5:\"6.0.0\";s:5:\"added\";s:19:\"2019-04-16 10:38:24\";s:6:\"active\";s:1:\"1\";s:4:\"type\";s:1:\"2\";}i:134;a:12:{s:2:\"id\";s:3:\"465\";s:6:\"handle\";s:16:\"Soccer-field.jpg\";s:4:\"name\";s:12:\"Soccer field\";s:4:\"tags\";a:1:{i:0;a:3:{s:2:\"id\";s:2:\"27\";s:6:\"handle\";s:5:\"sport\";s:4:\"name\";s:5:\"Sport\";}}s:11:\"description\";s:8:\"New File\";s:5:\"width\";s:4:\"1920\";s:6:\"height\";s:4:\"1440\";s:7:\"version\";s:3:\"1.0\";s:14:\"plugin_version\";s:5:\"6.0.0\";s:5:\"added\";s:19:\"2019-04-16 10:38:24\";s:6:\"active\";s:1:\"1\";s:4:\"type\";s:1:\"2\";}i:135;a:12:{s:2:\"id\";s:3:\"464\";s:6:\"handle\";s:23:\"Man-tying-his-shoes.jpg\";s:4:\"name\";s:19:\"Man tying his shoes\";s:4:\"tags\";a:1:{i:0;a:3:{s:2:\"id\";s:2:\"27\";s:6:\"handle\";s:5:\"sport\";s:4:\"name\";s:5:\"Sport\";}}s:11:\"description\";s:8:\"New File\";s:5:\"width\";s:4:\"1920\";s:6:\"height\";s:4:\"1200\";s:7:\"version\";s:3:\"1.0\";s:14:\"plugin_version\";s:5:\"6.0.0\";s:5:\"added\";s:19:\"2019-04-16 10:38:24\";s:6:\"active\";s:1:\"1\";s:4:\"type\";s:1:\"2\";}i:136;a:12:{s:2:\"id\";s:3:\"463\";s:6:\"handle\";s:10:\"Boxing.jpg\";s:4:\"name\";s:6:\"Boxing\";s:4:\"tags\";a:1:{i:0;a:3:{s:2:\"id\";s:2:\"27\";s:6:\"handle\";s:5:\"sport\";s:4:\"name\";s:5:\"Sport\";}}s:11:\"description\";s:8:\"New File\";s:5:\"width\";s:4:\"1920\";s:6:\"height\";s:4:\"1280\";s:7:\"version\";s:3:\"1.0\";s:14:\"plugin_version\";s:5:\"6.0.0\";s:5:\"added\";s:19:\"2019-04-16 10:38:24\";s:6:\"active\";s:1:\"1\";s:4:\"type\";s:1:\"2\";}i:137;a:12:{s:2:\"id\";s:3:\"462\";s:6:\"handle\";s:22:\"woman-with-barbell.jpg\";s:4:\"name\";s:18:\"woman with barbell\";s:4:\"tags\";a:1:{i:0;a:3:{s:2:\"id\";s:2:\"27\";s:6:\"handle\";s:5:\"sport\";s:4:\"name\";s:5:\"Sport\";}}s:11:\"description\";s:8:\"New File\";s:5:\"width\";s:4:\"1920\";s:6:\"height\";s:4:\"1280\";s:7:\"version\";s:3:\"1.0\";s:14:\"plugin_version\";s:5:\"6.0.0\";s:5:\"added\";s:19:\"2019-04-16 10:38:24\";s:6:\"active\";s:1:\"1\";s:4:\"type\";s:1:\"2\";}i:138;a:12:{s:2:\"id\";s:3:\"461\";s:6:\"handle\";s:12:\"Crossfit.jpg\";s:4:\"name\";s:8:\"Crossfit\";s:4:\"tags\";a:1:{i:0;a:3:{s:2:\"id\";s:2:\"27\";s:6:\"handle\";s:5:\"sport\";s:4:\"name\";s:5:\"Sport\";}}s:11:\"description\";s:8:\"New File\";s:5:\"width\";s:4:\"1920\";s:6:\"height\";s:4:\"1280\";s:7:\"version\";s:3:\"1.0\";s:14:\"plugin_version\";s:5:\"6.0.0\";s:5:\"added\";s:19:\"2019-04-16 10:38:24\";s:6:\"active\";s:1:\"1\";s:4:\"type\";s:1:\"2\";}i:139;a:12:{s:2:\"id\";s:3:\"460\";s:6:\"handle\";s:25:\"Man-and-woman-jogging.jpg\";s:4:\"name\";s:21:\"Man and woman jogging\";s:4:\"tags\";a:1:{i:0;a:3:{s:2:\"id\";s:2:\"27\";s:6:\"handle\";s:5:\"sport\";s:4:\"name\";s:5:\"Sport\";}}s:11:\"description\";s:8:\"New File\";s:5:\"width\";s:4:\"1920\";s:6:\"height\";s:4:\"1440\";s:7:\"version\";s:3:\"1.0\";s:14:\"plugin_version\";s:5:\"6.0.0\";s:5:\"added\";s:19:\"2019-04-16 10:38:24\";s:6:\"active\";s:1:\"1\";s:4:\"type\";s:1:\"2\";}i:140;a:12:{s:2:\"id\";s:3:\"459\";s:6:\"handle\";s:16:\"Playing-golf.jpg\";s:4:\"name\";s:12:\"Playing golf\";s:4:\"tags\";a:1:{i:0;a:3:{s:2:\"id\";s:2:\"27\";s:6:\"handle\";s:5:\"sport\";s:4:\"name\";s:5:\"Sport\";}}s:11:\"description\";s:8:\"New File\";s:5:\"width\";s:4:\"1920\";s:6:\"height\";s:4:\"1280\";s:7:\"version\";s:3:\"1.0\";s:14:\"plugin_version\";s:5:\"6.0.0\";s:5:\"added\";s:19:\"2019-04-16 10:38:24\";s:6:\"active\";s:1:\"1\";s:4:\"type\";s:1:\"2\";}i:141;a:12:{s:2:\"id\";s:3:\"458\";s:6:\"handle\";s:18:\"Surfer-in-wave.jpg\";s:4:\"name\";s:14:\"Surfer in wave\";s:4:\"tags\";a:1:{i:0;a:3:{s:2:\"id\";s:2:\"27\";s:6:\"handle\";s:5:\"sport\";s:4:\"name\";s:5:\"Sport\";}}s:11:\"description\";s:8:\"New File\";s:5:\"width\";s:4:\"1920\";s:6:\"height\";s:4:\"1280\";s:7:\"version\";s:3:\"1.0\";s:14:\"plugin_version\";s:5:\"6.0.0\";s:5:\"added\";s:19:\"2019-04-16 10:38:24\";s:6:\"active\";s:1:\"1\";s:4:\"type\";s:1:\"2\";}i:142;a:12:{s:2:\"id\";s:3:\"457\";s:6:\"handle\";s:25:\"Woman-lifting-barbell.jpg\";s:4:\"name\";s:21:\"Woman lifting barbell\";s:4:\"tags\";a:1:{i:0;a:3:{s:2:\"id\";s:2:\"27\";s:6:\"handle\";s:5:\"sport\";s:4:\"name\";s:5:\"Sport\";}}s:11:\"description\";s:8:\"New File\";s:5:\"width\";s:4:\"1920\";s:6:\"height\";s:4:\"1280\";s:7:\"version\";s:3:\"1.0\";s:14:\"plugin_version\";s:5:\"6.0.0\";s:5:\"added\";s:19:\"2019-04-16 10:38:24\";s:6:\"active\";s:1:\"1\";s:4:\"type\";s:1:\"2\";}i:143;a:12:{s:2:\"id\";s:3:\"456\";s:6:\"handle\";s:14:\"Stretching.jpg\";s:4:\"name\";s:10:\"Stretching\";s:4:\"tags\";a:1:{i:0;a:3:{s:2:\"id\";s:2:\"27\";s:6:\"handle\";s:5:\"sport\";s:4:\"name\";s:5:\"Sport\";}}s:11:\"description\";s:8:\"New File\";s:5:\"width\";s:4:\"1920\";s:6:\"height\";s:4:\"1277\";s:7:\"version\";s:3:\"1.0\";s:14:\"plugin_version\";s:5:\"6.0.0\";s:5:\"added\";s:19:\"2019-04-16 10:38:24\";s:6:\"active\";s:1:\"1\";s:4:\"type\";s:1:\"2\";}i:144;a:12:{s:2:\"id\";s:3:\"455\";s:6:\"handle\";s:18:\"Snowboarding-2.jpg\";s:4:\"name\";s:14:\"Snowboarding 2\";s:4:\"tags\";a:1:{i:0;a:3:{s:2:\"id\";s:2:\"27\";s:6:\"handle\";s:5:\"sport\";s:4:\"name\";s:5:\"Sport\";}}s:11:\"description\";s:8:\"New File\";s:5:\"width\";s:4:\"1920\";s:6:\"height\";s:4:\"1280\";s:7:\"version\";s:3:\"1.0\";s:14:\"plugin_version\";s:5:\"6.0.0\";s:5:\"added\";s:19:\"2019-04-16 10:38:24\";s:6:\"active\";s:1:\"1\";s:4:\"type\";s:1:\"2\";}i:145;a:12:{s:2:\"id\";s:3:\"454\";s:6:\"handle\";s:11:\"Balance.jpg\";s:4:\"name\";s:7:\"Balance\";s:4:\"tags\";a:1:{i:0;a:3:{s:2:\"id\";s:2:\"27\";s:6:\"handle\";s:5:\"sport\";s:4:\"name\";s:5:\"Sport\";}}s:11:\"description\";s:8:\"New File\";s:5:\"width\";s:4:\"1920\";s:6:\"height\";s:4:\"1920\";s:7:\"version\";s:3:\"1.0\";s:14:\"plugin_version\";s:5:\"6.0.0\";s:5:\"added\";s:19:\"2019-04-16 10:38:24\";s:6:\"active\";s:1:\"1\";s:4:\"type\";s:1:\"2\";}i:146;a:12:{s:2:\"id\";s:3:\"453\";s:6:\"handle\";s:19:\"Pool-meditation.jpg\";s:4:\"name\";s:15:\"Pool meditation\";s:4:\"tags\";a:1:{i:0;a:3:{s:2:\"id\";s:2:\"27\";s:6:\"handle\";s:5:\"sport\";s:4:\"name\";s:5:\"Sport\";}}s:11:\"description\";s:8:\"New File\";s:5:\"width\";s:4:\"1920\";s:6:\"height\";s:4:\"1280\";s:7:\"version\";s:3:\"1.0\";s:14:\"plugin_version\";s:5:\"6.0.0\";s:5:\"added\";s:19:\"2019-04-16 10:38:24\";s:6:\"active\";s:1:\"1\";s:4:\"type\";s:1:\"2\";}i:147;a:12:{s:2:\"id\";s:3:\"452\";s:6:\"handle\";s:18:\"Soccer-stadium.jpg\";s:4:\"name\";s:14:\"Soccer stadium\";s:4:\"tags\";a:1:{i:0;a:3:{s:2:\"id\";s:2:\"27\";s:6:\"handle\";s:5:\"sport\";s:4:\"name\";s:5:\"Sport\";}}s:11:\"description\";s:8:\"New File\";s:5:\"width\";s:4:\"1920\";s:6:\"height\";s:4:\"1280\";s:7:\"version\";s:3:\"1.0\";s:14:\"plugin_version\";s:5:\"6.0.0\";s:5:\"added\";s:19:\"2019-04-16 10:38:24\";s:6:\"active\";s:1:\"1\";s:4:\"type\";s:1:\"2\";}i:148;a:12:{s:2:\"id\";s:3:\"451\";s:6:\"handle\";s:25:\"Soccer-field-top-view.jpg\";s:4:\"name\";s:21:\"Soccer field top view\";s:4:\"tags\";a:1:{i:0;a:3:{s:2:\"id\";s:2:\"27\";s:6:\"handle\";s:5:\"sport\";s:4:\"name\";s:5:\"Sport\";}}s:11:\"description\";s:8:\"New File\";s:5:\"width\";s:4:\"1920\";s:6:\"height\";s:4:\"1440\";s:7:\"version\";s:3:\"1.0\";s:14:\"plugin_version\";s:5:\"6.0.0\";s:5:\"added\";s:19:\"2019-04-16 10:38:24\";s:6:\"active\";s:1:\"1\";s:4:\"type\";s:1:\"2\";}i:149;a:12:{s:2:\"id\";s:3:\"450\";s:6:\"handle\";s:14:\"Basketball.jpg\";s:4:\"name\";s:10:\"Basketball\";s:4:\"tags\";a:1:{i:0;a:3:{s:2:\"id\";s:2:\"27\";s:6:\"handle\";s:5:\"sport\";s:4:\"name\";s:5:\"Sport\";}}s:11:\"description\";s:8:\"New File\";s:5:\"width\";s:4:\"1920\";s:6:\"height\";s:4:\"1280\";s:7:\"version\";s:3:\"1.0\";s:14:\"plugin_version\";s:5:\"6.0.0\";s:5:\"added\";s:19:\"2019-04-16 10:38:24\";s:6:\"active\";s:1:\"1\";s:4:\"type\";s:1:\"2\";}i:150;a:12:{s:2:\"id\";s:3:\"449\";s:6:\"handle\";s:14:\"in-the-fog.jpg\";s:4:\"name\";s:10:\"in the fog\";s:4:\"tags\";a:1:{i:0;a:3:{s:2:\"id\";s:2:\"27\";s:6:\"handle\";s:5:\"sport\";s:4:\"name\";s:5:\"Sport\";}}s:11:\"description\";s:8:\"New File\";s:5:\"width\";s:4:\"1920\";s:6:\"height\";s:4:\"1080\";s:7:\"version\";s:3:\"1.0\";s:14:\"plugin_version\";s:5:\"6.0.0\";s:5:\"added\";s:19:\"2019-04-16 10:38:24\";s:6:\"active\";s:1:\"1\";s:4:\"type\";s:1:\"2\";}i:151;a:12:{s:2:\"id\";s:3:\"448\";s:6:\"handle\";s:13:\"Handstand.jpg\";s:4:\"name\";s:9:\"Handstand\";s:4:\"tags\";a:1:{i:0;a:3:{s:2:\"id\";s:2:\"27\";s:6:\"handle\";s:5:\"sport\";s:4:\"name\";s:5:\"Sport\";}}s:11:\"description\";s:8:\"New File\";s:5:\"width\";s:4:\"1920\";s:6:\"height\";s:4:\"1079\";s:7:\"version\";s:3:\"1.0\";s:14:\"plugin_version\";s:5:\"6.0.0\";s:5:\"added\";s:19:\"2019-04-16 10:38:24\";s:6:\"active\";s:1:\"1\";s:4:\"type\";s:1:\"2\";}i:152;a:12:{s:2:\"id\";s:3:\"447\";s:6:\"handle\";s:11:\"Friends.jpg\";s:4:\"name\";s:7:\"Friends\";s:4:\"tags\";a:1:{i:0;a:3:{s:2:\"id\";s:2:\"24\";s:6:\"handle\";s:6:\"People\";s:4:\"name\";s:6:\"People\";}}s:11:\"description\";s:8:\"New File\";s:5:\"width\";s:4:\"1920\";s:6:\"height\";s:4:\"1282\";s:7:\"version\";s:3:\"1.0\";s:14:\"plugin_version\";s:5:\"6.0.0\";s:5:\"added\";s:19:\"2019-04-16 10:36:58\";s:6:\"active\";s:1:\"1\";s:4:\"type\";s:1:\"2\";}i:153;a:12:{s:2:\"id\";s:3:\"446\";s:6:\"handle\";s:28:\"Sneakers-on-the-railroad.jpg\";s:4:\"name\";s:24:\"Sneakers on the railroad\";s:4:\"tags\";a:1:{i:0;a:3:{s:2:\"id\";s:2:\"24\";s:6:\"handle\";s:6:\"People\";s:4:\"name\";s:6:\"People\";}}s:11:\"description\";s:8:\"New File\";s:5:\"width\";s:4:\"1920\";s:6:\"height\";s:4:\"1080\";s:7:\"version\";s:3:\"1.0\";s:14:\"plugin_version\";s:5:\"6.0.0\";s:5:\"added\";s:19:\"2019-04-16 10:36:58\";s:6:\"active\";s:1:\"1\";s:4:\"type\";s:1:\"2\";}i:154;a:12:{s:2:\"id\";s:3:\"445\";s:6:\"handle\";s:23:\"Family-on-the-ocean.jpg\";s:4:\"name\";s:19:\"Family on the ocean\";s:4:\"tags\";a:1:{i:0;a:3:{s:2:\"id\";s:2:\"24\";s:6:\"handle\";s:6:\"People\";s:4:\"name\";s:6:\"People\";}}s:11:\"description\";s:8:\"New File\";s:5:\"width\";s:4:\"1920\";s:6:\"height\";s:4:\"1280\";s:7:\"version\";s:3:\"1.0\";s:14:\"plugin_version\";s:5:\"6.0.0\";s:5:\"added\";s:19:\"2019-04-16 10:36:58\";s:6:\"active\";s:1:\"1\";s:4:\"type\";s:1:\"2\";}i:155;a:12:{s:2:\"id\";s:3:\"444\";s:6:\"handle\";s:10:\"Sunset.jpg\";s:4:\"name\";s:6:\"Sunset\";s:4:\"tags\";a:1:{i:0;a:3:{s:2:\"id\";s:2:\"24\";s:6:\"handle\";s:6:\"People\";s:4:\"name\";s:6:\"People\";}}s:11:\"description\";s:8:\"New File\";s:5:\"width\";s:4:\"1920\";s:6:\"height\";s:4:\"1280\";s:7:\"version\";s:3:\"1.0\";s:14:\"plugin_version\";s:5:\"6.0.0\";s:5:\"added\";s:19:\"2019-04-16 10:36:58\";s:6:\"active\";s:1:\"1\";s:4:\"type\";s:1:\"2\";}i:156;a:12:{s:2:\"id\";s:3:\"443\";s:6:\"handle\";s:9:\"Books.jpg\";s:4:\"name\";s:5:\"Books\";s:4:\"tags\";a:1:{i:0;a:3:{s:2:\"id\";s:2:\"24\";s:6:\"handle\";s:6:\"People\";s:4:\"name\";s:6:\"People\";}}s:11:\"description\";s:8:\"New File\";s:5:\"width\";s:4:\"1920\";s:6:\"height\";s:4:\"1275\";s:7:\"version\";s:3:\"1.0\";s:14:\"plugin_version\";s:5:\"6.0.0\";s:5:\"added\";s:19:\"2019-04-16 10:36:58\";s:6:\"active\";s:1:\"1\";s:4:\"type\";s:1:\"2\";}i:157;a:12:{s:2:\"id\";s:3:\"442\";s:6:\"handle\";s:25:\"Looking-at-the-window.jpg\";s:4:\"name\";s:21:\"Looking at the window\";s:4:\"tags\";a:1:{i:0;a:3:{s:2:\"id\";s:2:\"24\";s:6:\"handle\";s:6:\"People\";s:4:\"name\";s:6:\"People\";}}s:11:\"description\";s:8:\"New File\";s:5:\"width\";s:4:\"1920\";s:6:\"height\";s:4:\"1280\";s:7:\"version\";s:3:\"1.0\";s:14:\"plugin_version\";s:5:\"6.0.0\";s:5:\"added\";s:19:\"2019-04-16 10:36:58\";s:6:\"active\";s:1:\"1\";s:4:\"type\";s:1:\"2\";}i:158;a:12:{s:2:\"id\";s:3:\"441\";s:6:\"handle\";s:48:\"woman-standing-near-buildings-during-daytime.jpg\";s:4:\"name\";s:44:\"woman standing near buildings during daytime\";s:4:\"tags\";a:1:{i:0;a:3:{s:2:\"id\";s:2:\"24\";s:6:\"handle\";s:6:\"People\";s:4:\"name\";s:6:\"People\";}}s:11:\"description\";s:8:\"New File\";s:5:\"width\";s:4:\"1920\";s:6:\"height\";s:4:\"1278\";s:7:\"version\";s:3:\"1.0\";s:14:\"plugin_version\";s:5:\"6.0.0\";s:5:\"added\";s:19:\"2019-04-16 10:36:58\";s:6:\"active\";s:1:\"1\";s:4:\"type\";s:1:\"2\";}i:159;a:12:{s:2:\"id\";s:3:\"440\";s:6:\"handle\";s:12:\"Lollipop.jpg\";s:4:\"name\";s:8:\"Lollipop\";s:4:\"tags\";a:1:{i:0;a:3:{s:2:\"id\";s:2:\"24\";s:6:\"handle\";s:6:\"People\";s:4:\"name\";s:6:\"People\";}}s:11:\"description\";s:8:\"New File\";s:5:\"width\";s:4:\"1920\";s:6:\"height\";s:4:\"1395\";s:7:\"version\";s:3:\"1.0\";s:14:\"plugin_version\";s:5:\"6.0.0\";s:5:\"added\";s:19:\"2019-04-16 10:36:58\";s:6:\"active\";s:1:\"1\";s:4:\"type\";s:1:\"2\";}i:160;a:12:{s:2:\"id\";s:3:\"439\";s:6:\"handle\";s:26:\"People-crossing-street.jpg\";s:4:\"name\";s:22:\"People crossing street\";s:4:\"tags\";a:1:{i:0;a:3:{s:2:\"id\";s:2:\"24\";s:6:\"handle\";s:6:\"People\";s:4:\"name\";s:6:\"People\";}}s:11:\"description\";s:8:\"New File\";s:5:\"width\";s:4:\"1920\";s:6:\"height\";s:4:\"1278\";s:7:\"version\";s:3:\"1.0\";s:14:\"plugin_version\";s:5:\"6.0.0\";s:5:\"added\";s:19:\"2019-04-16 10:36:58\";s:6:\"active\";s:1:\"1\";s:4:\"type\";s:1:\"2\";}i:161;a:12:{s:2:\"id\";s:3:\"438\";s:6:\"handle\";s:24:\"Friends-on-the-shore.jpg\";s:4:\"name\";s:20:\"Friends on the shore\";s:4:\"tags\";a:1:{i:0;a:3:{s:2:\"id\";s:2:\"24\";s:6:\"handle\";s:6:\"People\";s:4:\"name\";s:6:\"People\";}}s:11:\"description\";s:8:\"New File\";s:5:\"width\";s:4:\"1920\";s:6:\"height\";s:4:\"1080\";s:7:\"version\";s:3:\"1.0\";s:14:\"plugin_version\";s:5:\"6.0.0\";s:5:\"added\";s:19:\"2019-04-16 10:36:58\";s:6:\"active\";s:1:\"1\";s:4:\"type\";s:1:\"2\";}i:162;a:12:{s:2:\"id\";s:3:\"437\";s:6:\"handle\";s:13:\"Coworkers.jpg\";s:4:\"name\";s:9:\"Coworkers\";s:4:\"tags\";a:1:{i:0;a:3:{s:2:\"id\";s:2:\"24\";s:6:\"handle\";s:6:\"People\";s:4:\"name\";s:6:\"People\";}}s:11:\"description\";s:8:\"New File\";s:5:\"width\";s:4:\"1920\";s:6:\"height\";s:4:\"1280\";s:7:\"version\";s:3:\"1.0\";s:14:\"plugin_version\";s:5:\"6.0.0\";s:5:\"added\";s:19:\"2019-04-16 10:36:58\";s:6:\"active\";s:1:\"1\";s:4:\"type\";s:1:\"2\";}i:163;a:12:{s:2:\"id\";s:3:\"436\";s:6:\"handle\";s:27:\"Hiking-in-the-Dolomites.jpg\";s:4:\"name\";s:23:\"Hiking in the Dolomites\";s:4:\"tags\";a:1:{i:0;a:3:{s:2:\"id\";s:2:\"24\";s:6:\"handle\";s:6:\"People\";s:4:\"name\";s:6:\"People\";}}s:11:\"description\";s:8:\"New File\";s:5:\"width\";s:4:\"1920\";s:6:\"height\";s:4:\"1280\";s:7:\"version\";s:3:\"1.0\";s:14:\"plugin_version\";s:5:\"6.0.0\";s:5:\"added\";s:19:\"2019-04-16 10:36:58\";s:6:\"active\";s:1:\"1\";s:4:\"type\";s:1:\"2\";}i:164;a:12:{s:2:\"id\";s:3:\"435\";s:6:\"handle\";s:18:\"Successful-man.jpg\";s:4:\"name\";s:14:\"Successful man\";s:4:\"tags\";a:1:{i:0;a:3:{s:2:\"id\";s:2:\"24\";s:6:\"handle\";s:6:\"People\";s:4:\"name\";s:6:\"People\";}}s:11:\"description\";s:8:\"New File\";s:5:\"width\";s:4:\"1920\";s:6:\"height\";s:4:\"1280\";s:7:\"version\";s:3:\"1.0\";s:14:\"plugin_version\";s:5:\"6.0.0\";s:5:\"added\";s:19:\"2019-04-16 10:36:58\";s:6:\"active\";s:1:\"1\";s:4:\"type\";s:1:\"2\";}i:165;a:12:{s:2:\"id\";s:3:\"434\";s:6:\"handle\";s:23:\"Beautiful-sunny-day.jpg\";s:4:\"name\";s:19:\"Beautiful sunny day\";s:4:\"tags\";a:1:{i:0;a:3:{s:2:\"id\";s:2:\"24\";s:6:\"handle\";s:6:\"People\";s:4:\"name\";s:6:\"People\";}}s:11:\"description\";s:8:\"New File\";s:5:\"width\";s:4:\"1920\";s:6:\"height\";s:4:\"1280\";s:7:\"version\";s:3:\"1.0\";s:14:\"plugin_version\";s:5:\"6.0.0\";s:5:\"added\";s:19:\"2019-04-16 10:36:58\";s:6:\"active\";s:1:\"1\";s:4:\"type\";s:1:\"2\";}i:166;a:12:{s:2:\"id\";s:3:\"433\";s:6:\"handle\";s:8:\"Guys.jpg\";s:4:\"name\";s:4:\"Guys\";s:4:\"tags\";a:1:{i:0;a:3:{s:2:\"id\";s:2:\"24\";s:6:\"handle\";s:6:\"People\";s:4:\"name\";s:6:\"People\";}}s:11:\"description\";s:8:\"New File\";s:5:\"width\";s:4:\"1920\";s:6:\"height\";s:4:\"1280\";s:7:\"version\";s:3:\"1.0\";s:14:\"plugin_version\";s:5:\"6.0.0\";s:5:\"added\";s:19:\"2019-04-16 10:36:58\";s:6:\"active\";s:1:\"1\";s:4:\"type\";s:1:\"2\";}i:167;a:12:{s:2:\"id\";s:3:\"432\";s:6:\"handle\";s:19:\"Confetti-Shower.jpg\";s:4:\"name\";s:15:\"Confetti Shower\";s:4:\"tags\";a:1:{i:0;a:3:{s:2:\"id\";s:2:\"24\";s:6:\"handle\";s:6:\"People\";s:4:\"name\";s:6:\"People\";}}s:11:\"description\";s:8:\"New File\";s:5:\"width\";s:4:\"1920\";s:6:\"height\";s:4:\"1080\";s:7:\"version\";s:3:\"1.0\";s:14:\"plugin_version\";s:5:\"6.0.0\";s:5:\"added\";s:19:\"2019-04-16 10:36:58\";s:6:\"active\";s:1:\"1\";s:4:\"type\";s:1:\"2\";}i:168;a:12:{s:2:\"id\";s:3:\"431\";s:6:\"handle\";s:24:\"Sun-was-setting-down.jpg\";s:4:\"name\";s:20:\"Sun was setting down\";s:4:\"tags\";a:1:{i:0;a:3:{s:2:\"id\";s:2:\"24\";s:6:\"handle\";s:6:\"People\";s:4:\"name\";s:6:\"People\";}}s:11:\"description\";s:8:\"New File\";s:5:\"width\";s:4:\"1920\";s:6:\"height\";s:4:\"1280\";s:7:\"version\";s:3:\"1.0\";s:14:\"plugin_version\";s:5:\"6.0.0\";s:5:\"added\";s:19:\"2019-04-16 10:36:58\";s:6:\"active\";s:1:\"1\";s:4:\"type\";s:1:\"2\";}i:169;a:12:{s:2:\"id\";s:3:\"430\";s:6:\"handle\";s:9:\"Jumps.jpg\";s:4:\"name\";s:5:\"Jumps\";s:4:\"tags\";a:1:{i:0;a:3:{s:2:\"id\";s:2:\"24\";s:6:\"handle\";s:6:\"People\";s:4:\"name\";s:6:\"People\";}}s:11:\"description\";s:8:\"New File\";s:5:\"width\";s:4:\"1920\";s:6:\"height\";s:4:\"1280\";s:7:\"version\";s:3:\"1.0\";s:14:\"plugin_version\";s:5:\"6.0.0\";s:5:\"added\";s:19:\"2019-04-16 10:36:58\";s:6:\"active\";s:1:\"1\";s:4:\"type\";s:1:\"2\";}i:170;a:12:{s:2:\"id\";s:3:\"429\";s:6:\"handle\";s:23:\"Friends-by-the-fire.jpg\";s:4:\"name\";s:19:\"Friends by the fire\";s:4:\"tags\";a:1:{i:0;a:3:{s:2:\"id\";s:2:\"24\";s:6:\"handle\";s:6:\"People\";s:4:\"name\";s:6:\"People\";}}s:11:\"description\";s:8:\"New File\";s:5:\"width\";s:4:\"1920\";s:6:\"height\";s:4:\"1280\";s:7:\"version\";s:3:\"1.0\";s:14:\"plugin_version\";s:5:\"6.0.0\";s:5:\"added\";s:19:\"2019-04-16 10:36:58\";s:6:\"active\";s:1:\"1\";s:4:\"type\";s:1:\"2\";}i:171;a:12:{s:2:\"id\";s:3:\"428\";s:6:\"handle\";s:21:\"Under-the-blanket.jpg\";s:4:\"name\";s:17:\"Under the blanket\";s:4:\"tags\";a:1:{i:0;a:3:{s:2:\"id\";s:2:\"24\";s:6:\"handle\";s:6:\"People\";s:4:\"name\";s:6:\"People\";}}s:11:\"description\";s:8:\"New File\";s:5:\"width\";s:4:\"1920\";s:6:\"height\";s:4:\"1413\";s:7:\"version\";s:3:\"1.0\";s:14:\"plugin_version\";s:5:\"6.0.0\";s:5:\"added\";s:19:\"2019-04-16 10:36:58\";s:6:\"active\";s:1:\"1\";s:4:\"type\";s:1:\"2\";}i:172;a:12:{s:2:\"id\";s:3:\"427\";s:6:\"handle\";s:18:\"Pretty-in-Pink.jpg\";s:4:\"name\";s:14:\"Pretty in Pink\";s:4:\"tags\";a:1:{i:0;a:3:{s:2:\"id\";s:2:\"24\";s:6:\"handle\";s:6:\"People\";s:4:\"name\";s:6:\"People\";}}s:11:\"description\";s:8:\"New File\";s:5:\"width\";s:4:\"1920\";s:6:\"height\";s:4:\"1394\";s:7:\"version\";s:3:\"1.0\";s:14:\"plugin_version\";s:5:\"6.0.0\";s:5:\"added\";s:19:\"2019-04-16 10:36:58\";s:6:\"active\";s:1:\"1\";s:4:\"type\";s:1:\"2\";}i:173;a:12:{s:2:\"id\";s:3:\"426\";s:6:\"handle\";s:31:\"Discussions-at-a-long-table.jpg\";s:4:\"name\";s:27:\"Discussions at a long table\";s:4:\"tags\";a:1:{i:0;a:3:{s:2:\"id\";s:2:\"24\";s:6:\"handle\";s:6:\"People\";s:4:\"name\";s:6:\"People\";}}s:11:\"description\";s:8:\"New File\";s:5:\"width\";s:4:\"1920\";s:6:\"height\";s:4:\"1268\";s:7:\"version\";s:3:\"1.0\";s:14:\"plugin_version\";s:5:\"6.0.0\";s:5:\"added\";s:19:\"2019-04-16 10:36:58\";s:6:\"active\";s:1:\"1\";s:4:\"type\";s:1:\"2\";}i:174;a:12:{s:2:\"id\";s:3:\"425\";s:6:\"handle\";s:18:\"Lost-in-Lemons.jpg\";s:4:\"name\";s:14:\"Lost in Lemons\";s:4:\"tags\";a:1:{i:0;a:3:{s:2:\"id\";s:2:\"24\";s:6:\"handle\";s:6:\"People\";s:4:\"name\";s:6:\"People\";}}s:11:\"description\";s:8:\"New File\";s:5:\"width\";s:4:\"1920\";s:6:\"height\";s:4:\"1280\";s:7:\"version\";s:3:\"1.0\";s:14:\"plugin_version\";s:5:\"6.0.0\";s:5:\"added\";s:19:\"2019-04-16 10:36:58\";s:6:\"active\";s:1:\"1\";s:4:\"type\";s:1:\"2\";}i:175;a:12:{s:2:\"id\";s:3:\"424\";s:6:\"handle\";s:13:\"Team-work.jpg\";s:4:\"name\";s:9:\"Team work\";s:4:\"tags\";a:1:{i:0;a:3:{s:2:\"id\";s:2:\"24\";s:6:\"handle\";s:6:\"People\";s:4:\"name\";s:6:\"People\";}}s:11:\"description\";s:8:\"New File\";s:5:\"width\";s:4:\"1920\";s:6:\"height\";s:4:\"1281\";s:7:\"version\";s:3:\"1.0\";s:14:\"plugin_version\";s:5:\"6.0.0\";s:5:\"added\";s:19:\"2019-04-16 10:36:58\";s:6:\"active\";s:1:\"1\";s:4:\"type\";s:1:\"2\";}i:176;a:12:{s:2:\"id\";s:3:\"423\";s:6:\"handle\";s:20:\"Romantic-evening.jpg\";s:4:\"name\";s:16:\"Romantic evening\";s:4:\"tags\";a:1:{i:0;a:3:{s:2:\"id\";s:2:\"24\";s:6:\"handle\";s:6:\"People\";s:4:\"name\";s:6:\"People\";}}s:11:\"description\";s:8:\"New File\";s:5:\"width\";s:4:\"1920\";s:6:\"height\";s:4:\"1263\";s:7:\"version\";s:3:\"1.0\";s:14:\"plugin_version\";s:5:\"6.0.0\";s:5:\"added\";s:19:\"2019-04-16 10:36:58\";s:6:\"active\";s:1:\"1\";s:4:\"type\";s:1:\"2\";}i:177;a:12:{s:2:\"id\";s:3:\"422\";s:6:\"handle\";s:19:\"Crew-collective.jpg\";s:4:\"name\";s:15:\"Crew collective\";s:4:\"tags\";a:1:{i:0;a:3:{s:2:\"id\";s:1:\"3\";s:6:\"handle\";s:6:\"office\";s:4:\"name\";s:6:\"Office\";}}s:11:\"description\";s:8:\"New File\";s:5:\"width\";s:4:\"1920\";s:6:\"height\";s:4:\"1278\";s:7:\"version\";s:3:\"1.0\";s:14:\"plugin_version\";s:5:\"6.0.0\";s:5:\"added\";s:19:\"2019-04-16 10:33:11\";s:6:\"active\";s:1:\"1\";s:4:\"type\";s:1:\"2\";}i:178;a:12:{s:2:\"id\";s:3:\"421\";s:6:\"handle\";s:8:\"Code.jpg\";s:4:\"name\";s:4:\"Code\";s:4:\"tags\";a:1:{i:0;a:3:{s:2:\"id\";s:1:\"3\";s:6:\"handle\";s:6:\"office\";s:4:\"name\";s:6:\"Office\";}}s:11:\"description\";s:8:\"New File\";s:5:\"width\";s:4:\"1920\";s:6:\"height\";s:4:\"1280\";s:7:\"version\";s:3:\"1.0\";s:14:\"plugin_version\";s:5:\"6.0.0\";s:5:\"added\";s:19:\"2019-04-16 10:33:11\";s:6:\"active\";s:1:\"1\";s:4:\"type\";s:1:\"2\";}i:179;a:12:{s:2:\"id\";s:3:\"420\";s:6:\"handle\";s:48:\"Yellow-ceramic-mug-beside-gray-aluminum-iMac.jpg\";s:4:\"name\";s:44:\"Yellow ceramic mug beside gray aluminum iMac\";s:4:\"tags\";a:1:{i:0;a:3:{s:2:\"id\";s:1:\"3\";s:6:\"handle\";s:6:\"office\";s:4:\"name\";s:6:\"Office\";}}s:11:\"description\";s:8:\"New File\";s:5:\"width\";s:4:\"1920\";s:6:\"height\";s:4:\"1080\";s:7:\"version\";s:3:\"1.0\";s:14:\"plugin_version\";s:5:\"6.0.0\";s:5:\"added\";s:19:\"2019-04-16 10:33:11\";s:6:\"active\";s:1:\"1\";s:4:\"type\";s:1:\"2\";}i:180;a:12:{s:2:\"id\";s:3:\"419\";s:6:\"handle\";s:11:\"My-desk.jpg\";s:4:\"name\";s:7:\"My desk\";s:4:\"tags\";a:1:{i:0;a:3:{s:2:\"id\";s:1:\"3\";s:6:\"handle\";s:6:\"office\";s:4:\"name\";s:6:\"Office\";}}s:11:\"description\";s:8:\"New File\";s:5:\"width\";s:4:\"1920\";s:6:\"height\";s:4:\"1315\";s:7:\"version\";s:3:\"1.0\";s:14:\"plugin_version\";s:5:\"6.0.0\";s:5:\"added\";s:19:\"2019-04-16 10:33:11\";s:6:\"active\";s:1:\"1\";s:4:\"type\";s:1:\"2\";}i:181;a:12:{s:2:\"id\";s:3:\"418\";s:6:\"handle\";s:17:\"Cooperation-2.jpg\";s:4:\"name\";s:13:\"Cooperation 2\";s:4:\"tags\";a:1:{i:0;a:3:{s:2:\"id\";s:1:\"3\";s:6:\"handle\";s:6:\"office\";s:4:\"name\";s:6:\"Office\";}}s:11:\"description\";s:8:\"New File\";s:5:\"width\";s:4:\"1920\";s:6:\"height\";s:4:\"1280\";s:7:\"version\";s:3:\"1.0\";s:14:\"plugin_version\";s:5:\"6.0.0\";s:5:\"added\";s:19:\"2019-04-16 10:33:11\";s:6:\"active\";s:1:\"1\";s:4:\"type\";s:1:\"2\";}i:182;a:12:{s:2:\"id\";s:3:\"417\";s:6:\"handle\";s:33:\"MacBook-on-top-of-brown-table.jpg\";s:4:\"name\";s:29:\"MacBook on top of brown table\";s:4:\"tags\";a:1:{i:0;a:3:{s:2:\"id\";s:1:\"3\";s:6:\"handle\";s:6:\"office\";s:4:\"name\";s:6:\"Office\";}}s:11:\"description\";s:8:\"New File\";s:5:\"width\";s:4:\"1920\";s:6:\"height\";s:4:\"1280\";s:7:\"version\";s:3:\"1.0\";s:14:\"plugin_version\";s:5:\"6.0.0\";s:5:\"added\";s:19:\"2019-04-16 10:33:11\";s:6:\"active\";s:1:\"1\";s:4:\"type\";s:1:\"2\";}i:183;a:12:{s:2:\"id\";s:3:\"416\";s:6:\"handle\";s:27:\"Beautiful-working-place.jpg\";s:4:\"name\";s:23:\"Beautiful working place\";s:4:\"tags\";a:1:{i:0;a:3:{s:2:\"id\";s:1:\"3\";s:6:\"handle\";s:6:\"office\";s:4:\"name\";s:6:\"Office\";}}s:11:\"description\";s:8:\"New File\";s:5:\"width\";s:4:\"1920\";s:6:\"height\";s:4:\"1280\";s:7:\"version\";s:3:\"1.0\";s:14:\"plugin_version\";s:5:\"6.0.0\";s:5:\"added\";s:19:\"2019-04-16 10:33:11\";s:6:\"active\";s:1:\"1\";s:4:\"type\";s:1:\"2\";}i:184;a:12:{s:2:\"id\";s:3:\"415\";s:6:\"handle\";s:14:\"Typewriter.jpg\";s:4:\"name\";s:10:\"Typewriter\";s:4:\"tags\";a:1:{i:0;a:3:{s:2:\"id\";s:1:\"3\";s:6:\"handle\";s:6:\"office\";s:4:\"name\";s:6:\"Office\";}}s:11:\"description\";s:8:\"New File\";s:5:\"width\";s:4:\"1920\";s:6:\"height\";s:4:\"1280\";s:7:\"version\";s:3:\"1.0\";s:14:\"plugin_version\";s:5:\"6.0.0\";s:5:\"added\";s:19:\"2019-04-16 10:33:11\";s:6:\"active\";s:1:\"1\";s:4:\"type\";s:1:\"2\";}i:185;a:12:{s:2:\"id\";s:3:\"414\";s:6:\"handle\";s:19:\"White-desk-lamp.jpg\";s:4:\"name\";s:15:\"White desk lamp\";s:4:\"tags\";a:1:{i:0;a:3:{s:2:\"id\";s:1:\"3\";s:6:\"handle\";s:6:\"office\";s:4:\"name\";s:6:\"Office\";}}s:11:\"description\";s:8:\"New File\";s:5:\"width\";s:4:\"1920\";s:6:\"height\";s:4:\"1282\";s:7:\"version\";s:3:\"1.0\";s:14:\"plugin_version\";s:5:\"6.0.0\";s:5:\"added\";s:19:\"2019-04-16 10:33:11\";s:6:\"active\";s:1:\"1\";s:4:\"type\";s:1:\"2\";}i:186;a:12:{s:2:\"id\";s:3:\"413\";s:6:\"handle\";s:18:\"Office-working.jpg\";s:4:\"name\";s:14:\"Office working\";s:4:\"tags\";a:1:{i:0;a:3:{s:2:\"id\";s:1:\"3\";s:6:\"handle\";s:6:\"office\";s:4:\"name\";s:6:\"Office\";}}s:11:\"description\";s:8:\"New File\";s:5:\"width\";s:4:\"1920\";s:6:\"height\";s:4:\"1280\";s:7:\"version\";s:3:\"1.0\";s:14:\"plugin_version\";s:5:\"6.0.0\";s:5:\"added\";s:19:\"2019-04-16 10:33:11\";s:6:\"active\";s:1:\"1\";s:4:\"type\";s:1:\"2\";}i:187;a:12:{s:2:\"id\";s:3:\"412\";s:6:\"handle\";s:36:\"Silver-iMac-on-brown-wooden-desk.jpg\";s:4:\"name\";s:32:\"Silver iMac on brown wooden desk\";s:4:\"tags\";a:1:{i:0;a:3:{s:2:\"id\";s:1:\"3\";s:6:\"handle\";s:6:\"office\";s:4:\"name\";s:6:\"Office\";}}s:11:\"description\";s:8:\"New File\";s:5:\"width\";s:4:\"1920\";s:6:\"height\";s:4:\"1240\";s:7:\"version\";s:3:\"1.0\";s:14:\"plugin_version\";s:5:\"6.0.0\";s:5:\"added\";s:19:\"2019-04-16 10:33:11\";s:6:\"active\";s:1:\"1\";s:4:\"type\";s:1:\"2\";}i:188;a:12:{s:2:\"id\";s:3:\"411\";s:6:\"handle\";s:23:\"Working-in-progress.jpg\";s:4:\"name\";s:19:\"Working in progress\";s:4:\"tags\";a:1:{i:0;a:3:{s:2:\"id\";s:1:\"3\";s:6:\"handle\";s:6:\"office\";s:4:\"name\";s:6:\"Office\";}}s:11:\"description\";s:8:\"New File\";s:5:\"width\";s:4:\"1920\";s:6:\"height\";s:4:\"1280\";s:7:\"version\";s:3:\"1.0\";s:14:\"plugin_version\";s:5:\"6.0.0\";s:5:\"added\";s:19:\"2019-04-16 10:33:11\";s:6:\"active\";s:1:\"1\";s:4:\"type\";s:1:\"2\";}i:189;a:12:{s:2:\"id\";s:3:\"410\";s:6:\"handle\";s:15:\"Cooperation.jpg\";s:4:\"name\";s:11:\"Cooperation\";s:4:\"tags\";a:1:{i:0;a:3:{s:2:\"id\";s:1:\"3\";s:6:\"handle\";s:6:\"office\";s:4:\"name\";s:6:\"Office\";}}s:11:\"description\";s:8:\"New File\";s:5:\"width\";s:4:\"1920\";s:6:\"height\";s:4:\"1280\";s:7:\"version\";s:3:\"1.0\";s:14:\"plugin_version\";s:5:\"6.0.0\";s:5:\"added\";s:19:\"2019-04-16 10:33:11\";s:6:\"active\";s:1:\"1\";s:4:\"type\";s:1:\"2\";}i:190;a:12:{s:2:\"id\";s:3:\"409\";s:6:\"handle\";s:17:\"Working-place.jpg\";s:4:\"name\";s:13:\"Working place\";s:4:\"tags\";a:1:{i:0;a:3:{s:2:\"id\";s:1:\"3\";s:6:\"handle\";s:6:\"office\";s:4:\"name\";s:6:\"Office\";}}s:11:\"description\";s:8:\"New File\";s:5:\"width\";s:4:\"1920\";s:6:\"height\";s:4:\"1281\";s:7:\"version\";s:3:\"1.0\";s:14:\"plugin_version\";s:5:\"6.0.0\";s:5:\"added\";s:19:\"2019-04-16 10:33:11\";s:6:\"active\";s:1:\"1\";s:4:\"type\";s:1:\"2\";}i:191;a:12:{s:2:\"id\";s:3:\"408\";s:6:\"handle\";s:16:\"Working-desk.jpg\";s:4:\"name\";s:12:\"Working desk\";s:4:\"tags\";a:1:{i:0;a:3:{s:2:\"id\";s:1:\"3\";s:6:\"handle\";s:6:\"office\";s:4:\"name\";s:6:\"Office\";}}s:11:\"description\";s:8:\"New File\";s:5:\"width\";s:4:\"1920\";s:6:\"height\";s:4:\"1280\";s:7:\"version\";s:3:\"1.0\";s:14:\"plugin_version\";s:5:\"6.0.0\";s:5:\"added\";s:19:\"2019-04-16 10:33:11\";s:6:\"active\";s:1:\"1\";s:4:\"type\";s:1:\"2\";}i:192;a:12:{s:2:\"id\";s:3:\"407\";s:6:\"handle\";s:23:\"low-angle-of-forest.jpg\";s:4:\"name\";s:19:\"low angle of forest\";s:4:\"tags\";a:1:{i:0;a:3:{s:2:\"id\";s:2:\"19\";s:6:\"handle\";s:6:\"nature\";s:4:\"name\";s:6:\"Nature\";}}s:11:\"description\";s:8:\"New File\";s:5:\"width\";s:4:\"1920\";s:6:\"height\";s:4:\"1280\";s:7:\"version\";s:3:\"1.0\";s:14:\"plugin_version\";s:5:\"6.0.0\";s:5:\"added\";s:19:\"2019-04-16 10:31:55\";s:6:\"active\";s:1:\"1\";s:4:\"type\";s:1:\"2\";}i:193;a:12:{s:2:\"id\";s:3:\"406\";s:6:\"handle\";s:23:\"Lake-under-blue-sky.jpg\";s:4:\"name\";s:19:\"Lake under blue sky\";s:4:\"tags\";a:1:{i:0;a:3:{s:2:\"id\";s:2:\"19\";s:6:\"handle\";s:6:\"nature\";s:4:\"name\";s:6:\"Nature\";}}s:11:\"description\";s:8:\"New File\";s:5:\"width\";s:4:\"1920\";s:6:\"height\";s:4:\"1351\";s:7:\"version\";s:3:\"1.0\";s:14:\"plugin_version\";s:5:\"6.0.0\";s:5:\"added\";s:19:\"2019-04-16 10:31:55\";s:6:\"active\";s:1:\"1\";s:4:\"type\";s:1:\"2\";}i:194;a:12:{s:2:\"id\";s:3:\"405\";s:6:\"handle\";s:21:\"Blue-starry-night.jpg\";s:4:\"name\";s:17:\"Blue starry night\";s:4:\"tags\";a:1:{i:0;a:3:{s:2:\"id\";s:2:\"19\";s:6:\"handle\";s:6:\"nature\";s:4:\"name\";s:6:\"Nature\";}}s:11:\"description\";s:8:\"New File\";s:5:\"width\";s:4:\"1920\";s:6:\"height\";s:4:\"1280\";s:7:\"version\";s:3:\"1.0\";s:14:\"plugin_version\";s:5:\"6.0.0\";s:5:\"added\";s:19:\"2019-04-16 10:31:55\";s:6:\"active\";s:1:\"1\";s:4:\"type\";s:1:\"2\";}i:195;a:12:{s:2:\"id\";s:3:\"404\";s:6:\"handle\";s:22:\"Aerial-photography.jpg\";s:4:\"name\";s:18:\"Aerial photography\";s:4:\"tags\";a:1:{i:0;a:3:{s:2:\"id\";s:2:\"19\";s:6:\"handle\";s:6:\"nature\";s:4:\"name\";s:6:\"Nature\";}}s:11:\"description\";s:8:\"New File\";s:5:\"width\";s:4:\"1920\";s:6:\"height\";s:4:\"1440\";s:7:\"version\";s:3:\"1.0\";s:14:\"plugin_version\";s:5:\"6.0.0\";s:5:\"added\";s:19:\"2019-04-16 10:31:55\";s:6:\"active\";s:1:\"1\";s:4:\"type\";s:1:\"2\";}i:196;a:12:{s:2:\"id\";s:3:\"403\";s:6:\"handle\";s:14:\"Red-clouds.jpg\";s:4:\"name\";s:10:\"Red clouds\";s:4:\"tags\";a:1:{i:0;a:3:{s:2:\"id\";s:2:\"19\";s:6:\"handle\";s:6:\"nature\";s:4:\"name\";s:6:\"Nature\";}}s:11:\"description\";s:8:\"New File\";s:5:\"width\";s:4:\"1920\";s:6:\"height\";s:4:\"1280\";s:7:\"version\";s:3:\"1.0\";s:14:\"plugin_version\";s:5:\"6.0.0\";s:5:\"added\";s:19:\"2019-04-16 10:31:55\";s:6:\"active\";s:1:\"1\";s:4:\"type\";s:1:\"2\";}i:197;a:12:{s:2:\"id\";s:3:\"402\";s:6:\"handle\";s:14:\"Snow-field.jpg\";s:4:\"name\";s:10:\"Snow field\";s:4:\"tags\";a:1:{i:0;a:3:{s:2:\"id\";s:2:\"19\";s:6:\"handle\";s:6:\"nature\";s:4:\"name\";s:6:\"Nature\";}}s:11:\"description\";s:8:\"New File\";s:5:\"width\";s:4:\"1920\";s:6:\"height\";s:4:\"1227\";s:7:\"version\";s:3:\"1.0\";s:14:\"plugin_version\";s:5:\"6.0.0\";s:5:\"added\";s:19:\"2019-04-16 10:31:55\";s:6:\"active\";s:1:\"1\";s:4:\"type\";s:1:\"2\";}i:198;a:12:{s:2:\"id\";s:3:\"401\";s:6:\"handle\";s:13:\"White-sky.jpg\";s:4:\"name\";s:9:\"White sky\";s:4:\"tags\";a:1:{i:0;a:3:{s:2:\"id\";s:2:\"19\";s:6:\"handle\";s:6:\"nature\";s:4:\"name\";s:6:\"Nature\";}}s:11:\"description\";s:8:\"New File\";s:5:\"width\";s:4:\"1920\";s:6:\"height\";s:4:\"1281\";s:7:\"version\";s:3:\"1.0\";s:14:\"plugin_version\";s:5:\"6.0.0\";s:5:\"added\";s:19:\"2019-04-16 10:31:55\";s:6:\"active\";s:1:\"1\";s:4:\"type\";s:1:\"2\";}i:199;a:12:{s:2:\"id\";s:3:\"400\";s:6:\"handle\";s:24:\"Trees-covered-by-fog.jpg\";s:4:\"name\";s:20:\"Trees covered by fog\";s:4:\"tags\";a:1:{i:0;a:3:{s:2:\"id\";s:2:\"19\";s:6:\"handle\";s:6:\"nature\";s:4:\"name\";s:6:\"Nature\";}}s:11:\"description\";s:8:\"New File\";s:5:\"width\";s:4:\"1920\";s:6:\"height\";s:4:\"1277\";s:7:\"version\";s:3:\"1.0\";s:14:\"plugin_version\";s:5:\"6.0.0\";s:5:\"added\";s:19:\"2019-04-16 10:31:55\";s:6:\"active\";s:1:\"1\";s:4:\"type\";s:1:\"2\";}i:200;a:12:{s:2:\"id\";s:3:\"399\";s:6:\"handle\";s:26:\"Red-and-white-mushroom.jpg\";s:4:\"name\";s:22:\"Red and white mushroom\";s:4:\"tags\";a:1:{i:0;a:3:{s:2:\"id\";s:2:\"19\";s:6:\"handle\";s:6:\"nature\";s:4:\"name\";s:6:\"Nature\";}}s:11:\"description\";s:8:\"New File\";s:5:\"width\";s:4:\"1920\";s:6:\"height\";s:4:\"1280\";s:7:\"version\";s:3:\"1.0\";s:14:\"plugin_version\";s:5:\"6.0.0\";s:5:\"added\";s:19:\"2019-04-16 10:31:55\";s:6:\"active\";s:1:\"1\";s:4:\"type\";s:1:\"2\";}i:201;a:12:{s:2:\"id\";s:3:\"398\";s:6:\"handle\";s:24:\"Lake-near-pine-trees.jpg\";s:4:\"name\";s:20:\"Lake near pine trees\";s:4:\"tags\";a:1:{i:0;a:3:{s:2:\"id\";s:2:\"19\";s:6:\"handle\";s:6:\"nature\";s:4:\"name\";s:6:\"Nature\";}}s:11:\"description\";s:8:\"New File\";s:5:\"width\";s:4:\"1920\";s:6:\"height\";s:4:\"1280\";s:7:\"version\";s:3:\"1.0\";s:14:\"plugin_version\";s:5:\"6.0.0\";s:5:\"added\";s:19:\"2019-04-16 10:31:55\";s:6:\"active\";s:1:\"1\";s:4:\"type\";s:1:\"2\";}i:202;a:12:{s:2:\"id\";s:3:\"397\";s:6:\"handle\";s:35:\"After-a-long-day-of-backpacking.jpg\";s:4:\"name\";s:31:\"After a long day of backpacking\";s:4:\"tags\";a:1:{i:0;a:3:{s:2:\"id\";s:2:\"19\";s:6:\"handle\";s:6:\"nature\";s:4:\"name\";s:6:\"Nature\";}}s:11:\"description\";s:8:\"New File\";s:5:\"width\";s:4:\"1920\";s:6:\"height\";s:4:\"1280\";s:7:\"version\";s:3:\"1.0\";s:14:\"plugin_version\";s:5:\"6.0.0\";s:5:\"added\";s:19:\"2019-04-16 10:31:55\";s:6:\"active\";s:1:\"1\";s:4:\"type\";s:1:\"2\";}i:203;a:12:{s:2:\"id\";s:3:\"396\";s:6:\"handle\";s:32:\"Mountains-during-golden-hour.jpg\";s:4:\"name\";s:28:\"Mountains during golden hour\";s:4:\"tags\";a:1:{i:0;a:3:{s:2:\"id\";s:2:\"19\";s:6:\"handle\";s:6:\"nature\";s:4:\"name\";s:6:\"Nature\";}}s:11:\"description\";s:8:\"New File\";s:5:\"width\";s:4:\"1920\";s:6:\"height\";s:4:\"1280\";s:7:\"version\";s:3:\"1.0\";s:14:\"plugin_version\";s:5:\"6.0.0\";s:5:\"added\";s:19:\"2019-04-16 10:31:55\";s:6:\"active\";s:1:\"1\";s:4:\"type\";s:1:\"2\";}i:204;a:12:{s:2:\"id\";s:3:\"395\";s:6:\"handle\";s:27:\"Man-looking-on-mountain.jpg\";s:4:\"name\";s:23:\"Man looking on mountain\";s:4:\"tags\";a:1:{i:0;a:3:{s:2:\"id\";s:2:\"19\";s:6:\"handle\";s:6:\"nature\";s:4:\"name\";s:6:\"Nature\";}}s:11:\"description\";s:8:\"New File\";s:5:\"width\";s:4:\"1920\";s:6:\"height\";s:4:\"1080\";s:7:\"version\";s:3:\"1.0\";s:14:\"plugin_version\";s:5:\"6.0.0\";s:5:\"added\";s:19:\"2019-04-16 10:31:55\";s:6:\"active\";s:1:\"1\";s:4:\"type\";s:1:\"2\";}i:205;a:12:{s:2:\"id\";s:3:\"394\";s:6:\"handle\";s:19:\"Body-of-water-2.jpg\";s:4:\"name\";s:15:\"Body of water 2\";s:4:\"tags\";a:1:{i:0;a:3:{s:2:\"id\";s:2:\"19\";s:6:\"handle\";s:6:\"nature\";s:4:\"name\";s:6:\"Nature\";}}s:11:\"description\";s:8:\"New File\";s:5:\"width\";s:4:\"1920\";s:6:\"height\";s:4:\"1280\";s:7:\"version\";s:3:\"1.0\";s:14:\"plugin_version\";s:5:\"6.0.0\";s:5:\"added\";s:19:\"2019-04-16 10:31:55\";s:6:\"active\";s:1:\"1\";s:4:\"type\";s:1:\"2\";}i:206;a:12:{s:2:\"id\";s:3:\"393\";s:6:\"handle\";s:15:\"Brown-cliff.jpg\";s:4:\"name\";s:11:\"Brown cliff\";s:4:\"tags\";a:1:{i:0;a:3:{s:2:\"id\";s:2:\"19\";s:6:\"handle\";s:6:\"nature\";s:4:\"name\";s:6:\"Nature\";}}s:11:\"description\";s:8:\"New File\";s:5:\"width\";s:4:\"1920\";s:6:\"height\";s:4:\"1440\";s:7:\"version\";s:3:\"1.0\";s:14:\"plugin_version\";s:5:\"6.0.0\";s:5:\"added\";s:19:\"2019-04-16 10:31:55\";s:6:\"active\";s:1:\"1\";s:4:\"type\";s:1:\"2\";}i:207;a:12:{s:2:\"id\";s:3:\"392\";s:6:\"handle\";s:20:\"Green-foggy-tree.jpg\";s:4:\"name\";s:16:\"Green foggy tree\";s:4:\"tags\";a:1:{i:0;a:3:{s:2:\"id\";s:2:\"19\";s:6:\"handle\";s:6:\"nature\";s:4:\"name\";s:6:\"Nature\";}}s:11:\"description\";s:8:\"New File\";s:5:\"width\";s:4:\"1920\";s:6:\"height\";s:4:\"1417\";s:7:\"version\";s:3:\"1.0\";s:14:\"plugin_version\";s:5:\"6.0.0\";s:5:\"added\";s:19:\"2019-04-16 10:31:55\";s:6:\"active\";s:1:\"1\";s:4:\"type\";s:1:\"2\";}i:208;a:12:{s:2:\"id\";s:3:\"391\";s:6:\"handle\";s:32:\"Grayscale-photo-of-mountains.jpg\";s:4:\"name\";s:28:\"Grayscale photo of mountains\";s:4:\"tags\";a:1:{i:0;a:3:{s:2:\"id\";s:2:\"19\";s:6:\"handle\";s:6:\"nature\";s:4:\"name\";s:6:\"Nature\";}}s:11:\"description\";s:8:\"New File\";s:5:\"width\";s:4:\"1920\";s:6:\"height\";s:4:\"1080\";s:7:\"version\";s:3:\"1.0\";s:14:\"plugin_version\";s:5:\"6.0.0\";s:5:\"added\";s:19:\"2019-04-16 10:31:55\";s:6:\"active\";s:1:\"1\";s:4:\"type\";s:1:\"2\";}i:209;a:12:{s:2:\"id\";s:3:\"390\";s:6:\"handle\";s:19:\"Under-sunny-sky.jpg\";s:4:\"name\";s:15:\"Under sunny sky\";s:4:\"tags\";a:1:{i:0;a:3:{s:2:\"id\";s:2:\"19\";s:6:\"handle\";s:6:\"nature\";s:4:\"name\";s:6:\"Nature\";}}s:11:\"description\";s:8:\"New File\";s:5:\"width\";s:4:\"1920\";s:6:\"height\";s:4:\"1080\";s:7:\"version\";s:3:\"1.0\";s:14:\"plugin_version\";s:5:\"6.0.0\";s:5:\"added\";s:19:\"2019-04-16 10:31:55\";s:6:\"active\";s:1:\"1\";s:4:\"type\";s:1:\"2\";}i:210;a:12:{s:2:\"id\";s:3:\"389\";s:6:\"handle\";s:16:\"Rock-concert.jpg\";s:4:\"name\";s:12:\"Rock concert\";s:4:\"tags\";a:1:{i:0;a:3:{s:2:\"id\";s:1:\"4\";s:6:\"handle\";s:5:\"music\";s:4:\"name\";s:5:\"Music\";}}s:11:\"description\";s:8:\"New File\";s:5:\"width\";s:4:\"1920\";s:6:\"height\";s:4:\"1443\";s:7:\"version\";s:3:\"1.0\";s:14:\"plugin_version\";s:5:\"6.0.0\";s:5:\"added\";s:19:\"2019-04-16 10:25:26\";s:6:\"active\";s:1:\"1\";s:4:\"type\";s:1:\"2\";}i:211;a:12:{s:2:\"id\";s:3:\"388\";s:6:\"handle\";s:30:\"Group-of-people-in-concert.jpg\";s:4:\"name\";s:26:\"Group of people in concert\";s:4:\"tags\";a:1:{i:0;a:3:{s:2:\"id\";s:1:\"4\";s:6:\"handle\";s:5:\"music\";s:4:\"name\";s:5:\"Music\";}}s:11:\"description\";s:8:\"New File\";s:5:\"width\";s:4:\"1920\";s:6:\"height\";s:4:\"1280\";s:7:\"version\";s:3:\"1.0\";s:14:\"plugin_version\";s:5:\"6.0.0\";s:5:\"added\";s:19:\"2019-04-16 10:25:26\";s:6:\"active\";s:1:\"1\";s:4:\"type\";s:1:\"2\";}i:212;a:12:{s:2:\"id\";s:3:\"387\";s:6:\"handle\";s:6:\"DJ.jpg\";s:4:\"name\";s:2:\"DJ\";s:4:\"tags\";a:1:{i:0;a:3:{s:2:\"id\";s:1:\"4\";s:6:\"handle\";s:5:\"music\";s:4:\"name\";s:5:\"Music\";}}s:11:\"description\";s:8:\"New File\";s:5:\"width\";s:4:\"1920\";s:6:\"height\";s:4:\"1282\";s:7:\"version\";s:3:\"1.0\";s:14:\"plugin_version\";s:5:\"6.0.0\";s:5:\"added\";s:19:\"2019-04-16 10:25:26\";s:6:\"active\";s:1:\"1\";s:4:\"type\";s:1:\"2\";}i:213;a:12:{s:2:\"id\";s:3:\"386\";s:6:\"handle\";s:56:\"Woman-standing-watching-LED-light-musical-instrument.jpg\";s:4:\"name\";s:52:\"Woman standing watching LED light musical instrument\";s:4:\"tags\";a:1:{i:0;a:3:{s:2:\"id\";s:1:\"4\";s:6:\"handle\";s:5:\"music\";s:4:\"name\";s:5:\"Music\";}}s:11:\"description\";s:8:\"New File\";s:5:\"width\";s:4:\"1920\";s:6:\"height\";s:4:\"1280\";s:7:\"version\";s:3:\"1.0\";s:14:\"plugin_version\";s:5:\"6.0.0\";s:5:\"added\";s:19:\"2019-04-16 10:25:26\";s:6:\"active\";s:1:\"1\";s:4:\"type\";s:1:\"2\";}i:214;a:12:{s:2:\"id\";s:3:\"385\";s:6:\"handle\";s:16:\"Concert-hall.jpg\";s:4:\"name\";s:12:\"Concert hall\";s:4:\"tags\";a:1:{i:0;a:3:{s:2:\"id\";s:1:\"4\";s:6:\"handle\";s:5:\"music\";s:4:\"name\";s:5:\"Music\";}}s:11:\"description\";s:8:\"New File\";s:5:\"width\";s:4:\"1920\";s:6:\"height\";s:4:\"1282\";s:7:\"version\";s:3:\"1.0\";s:14:\"plugin_version\";s:5:\"6.0.0\";s:5:\"added\";s:19:\"2019-04-16 10:25:26\";s:6:\"active\";s:1:\"1\";s:4:\"type\";s:1:\"2\";}i:215;a:12:{s:2:\"id\";s:3:\"384\";s:6:\"handle\";s:18:\"Concert-hall-2.jpg\";s:4:\"name\";s:14:\"Concert hall 2\";s:4:\"tags\";a:1:{i:0;a:3:{s:2:\"id\";s:1:\"4\";s:6:\"handle\";s:5:\"music\";s:4:\"name\";s:5:\"Music\";}}s:11:\"description\";s:8:\"New File\";s:5:\"width\";s:4:\"1920\";s:6:\"height\";s:4:\"1282\";s:7:\"version\";s:3:\"1.0\";s:14:\"plugin_version\";s:5:\"6.0.0\";s:5:\"added\";s:19:\"2019-04-16 10:25:26\";s:6:\"active\";s:1:\"1\";s:4:\"type\";s:1:\"2\";}i:216;a:12:{s:2:\"id\";s:3:\"383\";s:6:\"handle\";s:29:\"man-playing-upright-piano.jpg\";s:4:\"name\";s:25:\"man playing upright piano\";s:4:\"tags\";a:1:{i:0;a:3:{s:2:\"id\";s:1:\"4\";s:6:\"handle\";s:5:\"music\";s:4:\"name\";s:5:\"Music\";}}s:11:\"description\";s:8:\"New File\";s:5:\"width\";s:4:\"1920\";s:6:\"height\";s:4:\"1340\";s:7:\"version\";s:3:\"1.0\";s:14:\"plugin_version\";s:5:\"6.0.0\";s:5:\"added\";s:19:\"2019-04-16 10:25:26\";s:6:\"active\";s:1:\"1\";s:4:\"type\";s:1:\"2\";}i:217;a:12:{s:2:\"id\";s:3:\"382\";s:6:\"handle\";s:30:\"person-performing-on-stage.jpg\";s:4:\"name\";s:26:\"person performing on stage\";s:4:\"tags\";a:1:{i:0;a:3:{s:2:\"id\";s:1:\"4\";s:6:\"handle\";s:5:\"music\";s:4:\"name\";s:5:\"Music\";}}s:11:\"description\";s:8:\"New File\";s:5:\"width\";s:4:\"1920\";s:6:\"height\";s:4:\"1280\";s:7:\"version\";s:3:\"1.0\";s:14:\"plugin_version\";s:5:\"6.0.0\";s:5:\"added\";s:19:\"2019-04-16 10:25:26\";s:6:\"active\";s:1:\"1\";s:4:\"type\";s:1:\"2\";}i:218;a:12:{s:2:\"id\";s:3:\"381\";s:6:\"handle\";s:27:\"Brown-string-instrument.jpg\";s:4:\"name\";s:23:\"Brown string instrument\";s:4:\"tags\";a:1:{i:0;a:3:{s:2:\"id\";s:1:\"4\";s:6:\"handle\";s:5:\"music\";s:4:\"name\";s:5:\"Music\";}}s:11:\"description\";s:8:\"New File\";s:5:\"width\";s:4:\"1920\";s:6:\"height\";s:4:\"1272\";s:7:\"version\";s:3:\"1.0\";s:14:\"plugin_version\";s:5:\"6.0.0\";s:5:\"added\";s:19:\"2019-04-16 10:25:26\";s:6:\"active\";s:1:\"1\";s:4:\"type\";s:1:\"2\";}i:219;a:12:{s:2:\"id\";s:3:\"380\";s:6:\"handle\";s:36:\"silhouette-of-person-with-guitar.jpg\";s:4:\"name\";s:32:\"silhouette of person with guitar\";s:4:\"tags\";a:1:{i:0;a:3:{s:2:\"id\";s:1:\"4\";s:6:\"handle\";s:5:\"music\";s:4:\"name\";s:5:\"Music\";}}s:11:\"description\";s:8:\"New File\";s:5:\"width\";s:4:\"1920\";s:6:\"height\";s:4:\"1280\";s:7:\"version\";s:3:\"1.0\";s:14:\"plugin_version\";s:5:\"6.0.0\";s:5:\"added\";s:19:\"2019-04-16 10:25:26\";s:6:\"active\";s:1:\"1\";s:4:\"type\";s:1:\"2\";}i:220;a:12:{s:2:\"id\";s:3:\"379\";s:6:\"handle\";s:14:\"Party-fans.jpg\";s:4:\"name\";s:10:\"Party fans\";s:4:\"tags\";a:1:{i:0;a:3:{s:2:\"id\";s:1:\"4\";s:6:\"handle\";s:5:\"music\";s:4:\"name\";s:5:\"Music\";}}s:11:\"description\";s:8:\"New File\";s:5:\"width\";s:4:\"1920\";s:6:\"height\";s:4:\"1280\";s:7:\"version\";s:3:\"1.0\";s:14:\"plugin_version\";s:5:\"6.0.0\";s:5:\"added\";s:19:\"2019-04-16 10:25:26\";s:6:\"active\";s:1:\"1\";s:4:\"type\";s:1:\"2\";}i:221;a:12:{s:2:\"id\";s:3:\"378\";s:6:\"handle\";s:24:\"Condenser-microphone.jpg\";s:4:\"name\";s:20:\"Condenser microphone\";s:4:\"tags\";a:1:{i:0;a:3:{s:2:\"id\";s:1:\"4\";s:6:\"handle\";s:5:\"music\";s:4:\"name\";s:5:\"Music\";}}s:11:\"description\";s:8:\"New File\";s:5:\"width\";s:4:\"1920\";s:6:\"height\";s:4:\"1440\";s:7:\"version\";s:3:\"1.0\";s:14:\"plugin_version\";s:5:\"6.0.0\";s:5:\"added\";s:19:\"2019-04-16 10:25:26\";s:6:\"active\";s:1:\"1\";s:4:\"type\";s:1:\"2\";}i:222;a:12:{s:2:\"id\";s:3:\"377\";s:6:\"handle\";s:42:\"Low-angle-photo-of-high-rise-buildings.jpg\";s:4:\"name\";s:38:\"Low angle photo of high rise buildings\";s:4:\"tags\";a:1:{i:0;a:3:{s:2:\"id\";s:2:\"21\";s:6:\"handle\";s:4:\"City\";s:4:\"name\";s:4:\"City\";}}s:11:\"description\";s:8:\"New File\";s:5:\"width\";s:4:\"1920\";s:6:\"height\";s:4:\"1280\";s:7:\"version\";s:3:\"1.0\";s:14:\"plugin_version\";s:5:\"6.0.0\";s:5:\"added\";s:19:\"2019-04-16 10:24:11\";s:6:\"active\";s:1:\"1\";s:4:\"type\";s:1:\"2\";}i:223;a:12:{s:2:\"id\";s:3:\"376\";s:6:\"handle\";s:23:\"High-rise-buildings.jpg\";s:4:\"name\";s:19:\"High rise buildings\";s:4:\"tags\";a:1:{i:0;a:3:{s:2:\"id\";s:2:\"21\";s:6:\"handle\";s:4:\"City\";s:4:\"name\";s:4:\"City\";}}s:11:\"description\";s:8:\"New File\";s:5:\"width\";s:4:\"1920\";s:6:\"height\";s:4:\"1280\";s:7:\"version\";s:3:\"1.0\";s:14:\"plugin_version\";s:5:\"6.0.0\";s:5:\"added\";s:19:\"2019-04-16 10:24:11\";s:6:\"active\";s:1:\"1\";s:4:\"type\";s:1:\"2\";}i:224;a:12:{s:2:\"id\";s:3:\"375\";s:6:\"handle\";s:16:\"Cable-bridge.jpg\";s:4:\"name\";s:12:\"Cable bridge\";s:4:\"tags\";a:1:{i:0;a:3:{s:2:\"id\";s:2:\"21\";s:6:\"handle\";s:4:\"City\";s:4:\"name\";s:4:\"City\";}}s:11:\"description\";s:8:\"New File\";s:5:\"width\";s:4:\"1920\";s:6:\"height\";s:4:\"1272\";s:7:\"version\";s:3:\"1.0\";s:14:\"plugin_version\";s:5:\"6.0.0\";s:5:\"added\";s:19:\"2019-04-16 10:24:11\";s:6:\"active\";s:1:\"1\";s:4:\"type\";s:1:\"2\";}i:225;a:12:{s:2:\"id\";s:3:\"374\";s:6:\"handle\";s:35:\"Bokeh-effect-from-street-lights.jpg\";s:4:\"name\";s:31:\"Bokeh effect from street lights\";s:4:\"tags\";a:1:{i:0;a:3:{s:2:\"id\";s:2:\"21\";s:6:\"handle\";s:4:\"City\";s:4:\"name\";s:4:\"City\";}}s:11:\"description\";s:8:\"New File\";s:5:\"width\";s:4:\"1920\";s:6:\"height\";s:4:\"1280\";s:7:\"version\";s:3:\"1.0\";s:14:\"plugin_version\";s:5:\"6.0.0\";s:5:\"added\";s:19:\"2019-04-16 10:24:11\";s:6:\"active\";s:1:\"1\";s:4:\"type\";s:1:\"2\";}i:226;a:12:{s:2:\"id\";s:3:\"373\";s:6:\"handle\";s:18:\"Low-angle-view.jpg\";s:4:\"name\";s:14:\"Low angle view\";s:4:\"tags\";a:1:{i:0;a:3:{s:2:\"id\";s:2:\"21\";s:6:\"handle\";s:4:\"City\";s:4:\"name\";s:4:\"City\";}}s:11:\"description\";s:8:\"New File\";s:5:\"width\";s:4:\"1920\";s:6:\"height\";s:4:\"1280\";s:7:\"version\";s:3:\"1.0\";s:14:\"plugin_version\";s:5:\"6.0.0\";s:5:\"added\";s:19:\"2019-04-16 10:24:11\";s:6:\"active\";s:1:\"1\";s:4:\"type\";s:1:\"2\";}i:227;a:12:{s:2:\"id\";s:3:\"372\";s:6:\"handle\";s:21:\"Double-decker-bus.jpg\";s:4:\"name\";s:17:\"Double decker bus\";s:4:\"tags\";a:1:{i:0;a:3:{s:2:\"id\";s:2:\"21\";s:6:\"handle\";s:4:\"City\";s:4:\"name\";s:4:\"City\";}}s:11:\"description\";s:8:\"New File\";s:5:\"width\";s:4:\"1920\";s:6:\"height\";s:4:\"1373\";s:7:\"version\";s:3:\"1.0\";s:14:\"plugin_version\";s:5:\"6.0.0\";s:5:\"added\";s:19:\"2019-04-16 10:24:11\";s:6:\"active\";s:1:\"1\";s:4:\"type\";s:1:\"2\";}i:228;a:12:{s:2:\"id\";s:3:\"371\";s:6:\"handle\";s:32:\"Buildings-near-body-of-water.jpg\";s:4:\"name\";s:28:\"Buildings near body of water\";s:4:\"tags\";a:1:{i:0;a:3:{s:2:\"id\";s:2:\"21\";s:6:\"handle\";s:4:\"City\";s:4:\"name\";s:4:\"City\";}}s:11:\"description\";s:8:\"New File\";s:5:\"width\";s:4:\"1920\";s:6:\"height\";s:4:\"1370\";s:7:\"version\";s:3:\"1.0\";s:14:\"plugin_version\";s:5:\"6.0.0\";s:5:\"added\";s:19:\"2019-04-16 10:24:11\";s:6:\"active\";s:1:\"1\";s:4:\"type\";s:1:\"2\";}i:229;a:12:{s:2:\"id\";s:3:\"370\";s:6:\"handle\";s:18:\"Satellite-view.jpg\";s:4:\"name\";s:14:\"Satellite view\";s:4:\"tags\";a:1:{i:0;a:3:{s:2:\"id\";s:2:\"21\";s:6:\"handle\";s:4:\"City\";s:4:\"name\";s:4:\"City\";}}s:11:\"description\";s:8:\"New File\";s:5:\"width\";s:4:\"1920\";s:6:\"height\";s:4:\"1278\";s:7:\"version\";s:3:\"1.0\";s:14:\"plugin_version\";s:5:\"6.0.0\";s:5:\"added\";s:19:\"2019-04-16 10:24:11\";s:6:\"active\";s:1:\"1\";s:4:\"type\";s:1:\"2\";}i:230;a:12:{s:2:\"id\";s:3:\"369\";s:6:\"handle\";s:14:\"Twin-Tower.jpg\";s:4:\"name\";s:10:\"Twin Tower\";s:4:\"tags\";a:1:{i:0;a:3:{s:2:\"id\";s:2:\"21\";s:6:\"handle\";s:4:\"City\";s:4:\"name\";s:4:\"City\";}}s:11:\"description\";s:8:\"New File\";s:5:\"width\";s:4:\"1920\";s:6:\"height\";s:4:\"1440\";s:7:\"version\";s:3:\"1.0\";s:14:\"plugin_version\";s:5:\"6.0.0\";s:5:\"added\";s:19:\"2019-04-16 10:24:11\";s:6:\"active\";s:1:\"1\";s:4:\"type\";s:1:\"2\";}i:231;a:12:{s:2:\"id\";s:3:\"368\";s:6:\"handle\";s:22:\"Two-person-walking.jpg\";s:4:\"name\";s:18:\"Two person walking\";s:4:\"tags\";a:1:{i:0;a:3:{s:2:\"id\";s:2:\"21\";s:6:\"handle\";s:4:\"City\";s:4:\"name\";s:4:\"City\";}}s:11:\"description\";s:8:\"New File\";s:5:\"width\";s:4:\"1920\";s:6:\"height\";s:4:\"1345\";s:7:\"version\";s:3:\"1.0\";s:14:\"plugin_version\";s:5:\"6.0.0\";s:5:\"added\";s:19:\"2019-04-16 10:24:11\";s:6:\"active\";s:1:\"1\";s:4:\"type\";s:1:\"2\";}i:232;a:12:{s:2:\"id\";s:3:\"367\";s:6:\"handle\";s:15:\"Sears-Tower.jpg\";s:4:\"name\";s:11:\"Sears Tower\";s:4:\"tags\";a:1:{i:0;a:3:{s:2:\"id\";s:2:\"21\";s:6:\"handle\";s:4:\"City\";s:4:\"name\";s:4:\"City\";}}s:11:\"description\";s:8:\"New File\";s:5:\"width\";s:4:\"1920\";s:6:\"height\";s:4:\"1280\";s:7:\"version\";s:3:\"1.0\";s:14:\"plugin_version\";s:5:\"6.0.0\";s:5:\"added\";s:19:\"2019-04-16 10:24:11\";s:6:\"active\";s:1:\"1\";s:4:\"type\";s:1:\"2\";}i:233;a:12:{s:2:\"id\";s:3:\"366\";s:6:\"handle\";s:19:\"Night-cityscape.jpg\";s:4:\"name\";s:15:\"Night cityscape\";s:4:\"tags\";a:1:{i:0;a:3:{s:2:\"id\";s:2:\"21\";s:6:\"handle\";s:4:\"City\";s:4:\"name\";s:4:\"City\";}}s:11:\"description\";s:8:\"New File\";s:5:\"width\";s:4:\"1920\";s:6:\"height\";s:4:\"1080\";s:7:\"version\";s:3:\"1.0\";s:14:\"plugin_version\";s:5:\"6.0.0\";s:5:\"added\";s:19:\"2019-04-16 10:24:11\";s:6:\"active\";s:1:\"1\";s:4:\"type\";s:1:\"2\";}i:234;a:12:{s:2:\"id\";s:3:\"365\";s:6:\"handle\";s:25:\"Empire-State-Building.jpg\";s:4:\"name\";s:21:\"Empire State Building\";s:4:\"tags\";a:1:{i:0;a:3:{s:2:\"id\";s:2:\"21\";s:6:\"handle\";s:4:\"City\";s:4:\"name\";s:4:\"City\";}}s:11:\"description\";s:8:\"New File\";s:5:\"width\";s:4:\"1920\";s:6:\"height\";s:4:\"1280\";s:7:\"version\";s:3:\"1.0\";s:14:\"plugin_version\";s:5:\"6.0.0\";s:5:\"added\";s:19:\"2019-04-16 10:24:11\";s:6:\"active\";s:1:\"1\";s:4:\"type\";s:1:\"2\";}i:235;a:12:{s:2:\"id\";s:3:\"364\";s:6:\"handle\";s:9:\"Paris.jpg\";s:4:\"name\";s:5:\"Paris\";s:4:\"tags\";a:1:{i:0;a:3:{s:2:\"id\";s:2:\"21\";s:6:\"handle\";s:4:\"City\";s:4:\"name\";s:4:\"City\";}}s:11:\"description\";s:8:\"New File\";s:5:\"width\";s:4:\"1920\";s:6:\"height\";s:4:\"1280\";s:7:\"version\";s:3:\"1.0\";s:14:\"plugin_version\";s:5:\"6.0.0\";s:5:\"added\";s:19:\"2019-04-16 10:24:11\";s:6:\"active\";s:1:\"1\";s:4:\"type\";s:1:\"2\";}i:236;a:12:{s:2:\"id\";s:3:\"363\";s:6:\"handle\";s:31:\"Building-during-golden-hour.jpg\";s:4:\"name\";s:27:\"Building during golden hour\";s:4:\"tags\";a:1:{i:0;a:3:{s:2:\"id\";s:2:\"21\";s:6:\"handle\";s:4:\"City\";s:4:\"name\";s:4:\"City\";}}s:11:\"description\";s:8:\"New File\";s:5:\"width\";s:4:\"1920\";s:6:\"height\";s:4:\"1288\";s:7:\"version\";s:3:\"1.0\";s:14:\"plugin_version\";s:5:\"6.0.0\";s:5:\"added\";s:19:\"2019-04-16 10:24:11\";s:6:\"active\";s:1:\"1\";s:4:\"type\";s:1:\"2\";}i:237;a:12:{s:2:\"id\";s:3:\"362\";s:6:\"handle\";s:21:\"Afternoon-skyline.jpg\";s:4:\"name\";s:17:\"Afternoon skyline\";s:4:\"tags\";a:1:{i:0;a:3:{s:2:\"id\";s:2:\"21\";s:6:\"handle\";s:4:\"City\";s:4:\"name\";s:4:\"City\";}}s:11:\"description\";s:8:\"New File\";s:5:\"width\";s:4:\"1920\";s:6:\"height\";s:4:\"1280\";s:7:\"version\";s:3:\"1.0\";s:14:\"plugin_version\";s:5:\"6.0.0\";s:5:\"added\";s:19:\"2019-04-16 10:24:11\";s:6:\"active\";s:1:\"1\";s:4:\"type\";s:1:\"2\";}i:238;a:12:{s:2:\"id\";s:3:\"361\";s:6:\"handle\";s:22:\"Concrete-buildings.jpg\";s:4:\"name\";s:18:\"Concrete buildings\";s:4:\"tags\";a:1:{i:0;a:3:{s:2:\"id\";s:2:\"21\";s:6:\"handle\";s:4:\"City\";s:4:\"name\";s:4:\"City\";}}s:11:\"description\";s:8:\"New File\";s:5:\"width\";s:4:\"1920\";s:6:\"height\";s:4:\"1440\";s:7:\"version\";s:3:\"1.0\";s:14:\"plugin_version\";s:5:\"6.0.0\";s:5:\"added\";s:19:\"2019-04-16 10:24:11\";s:6:\"active\";s:1:\"1\";s:4:\"type\";s:1:\"2\";}i:239;a:12:{s:2:\"id\";s:3:\"360\";s:6:\"handle\";s:26:\"Architectural-building.jpg\";s:4:\"name\";s:22:\"Architectural building\";s:4:\"tags\";a:1:{i:0;a:3:{s:2:\"id\";s:2:\"21\";s:6:\"handle\";s:4:\"City\";s:4:\"name\";s:4:\"City\";}}s:11:\"description\";s:8:\"New File\";s:5:\"width\";s:4:\"1920\";s:6:\"height\";s:4:\"1382\";s:7:\"version\";s:3:\"1.0\";s:14:\"plugin_version\";s:5:\"6.0.0\";s:5:\"added\";s:19:\"2019-04-16 10:24:11\";s:6:\"active\";s:1:\"1\";s:4:\"type\";s:1:\"2\";}i:240;a:12:{s:2:\"id\";s:3:\"359\";s:6:\"handle\";s:23:\"Skyline-photography.jpg\";s:4:\"name\";s:19:\"Skyline photography\";s:4:\"tags\";a:1:{i:0;a:3:{s:2:\"id\";s:2:\"21\";s:6:\"handle\";s:4:\"City\";s:4:\"name\";s:4:\"City\";}}s:11:\"description\";s:8:\"New File\";s:5:\"width\";s:4:\"1920\";s:6:\"height\";s:4:\"1280\";s:7:\"version\";s:3:\"1.0\";s:14:\"plugin_version\";s:5:\"6.0.0\";s:5:\"added\";s:19:\"2019-04-16 10:24:11\";s:6:\"active\";s:1:\"1\";s:4:\"type\";s:1:\"2\";}i:241;a:12:{s:2:\"id\";s:3:\"358\";s:6:\"handle\";s:38:\"People-standing-on-pedestrian-lane.jpg\";s:4:\"name\";s:34:\"People standing on pedestrian lane\";s:4:\"tags\";a:1:{i:0;a:3:{s:2:\"id\";s:2:\"21\";s:6:\"handle\";s:4:\"City\";s:4:\"name\";s:4:\"City\";}}s:11:\"description\";s:8:\"New File\";s:5:\"width\";s:4:\"1920\";s:6:\"height\";s:4:\"1154\";s:7:\"version\";s:3:\"1.0\";s:14:\"plugin_version\";s:5:\"6.0.0\";s:5:\"added\";s:19:\"2019-04-16 10:24:11\";s:6:\"active\";s:1:\"1\";s:4:\"type\";s:1:\"2\";}i:242;a:12:{s:2:\"id\";s:3:\"357\";s:6:\"handle\";s:16:\"Burj-Khalifa.jpg\";s:4:\"name\";s:12:\"Burj Khalifa\";s:4:\"tags\";a:1:{i:0;a:3:{s:2:\"id\";s:2:\"21\";s:6:\"handle\";s:4:\"City\";s:4:\"name\";s:4:\"City\";}}s:11:\"description\";s:8:\"New File\";s:5:\"width\";s:4:\"1920\";s:6:\"height\";s:4:\"1280\";s:7:\"version\";s:3:\"1.0\";s:14:\"plugin_version\";s:5:\"6.0.0\";s:5:\"added\";s:19:\"2019-04-16 10:24:11\";s:6:\"active\";s:1:\"1\";s:4:\"type\";s:1:\"2\";}i:243;a:12:{s:2:\"id\";s:3:\"356\";s:6:\"handle\";s:13:\"Skycraper.jpg\";s:4:\"name\";s:9:\"Skycraper\";s:4:\"tags\";a:1:{i:0;a:3:{s:2:\"id\";s:2:\"21\";s:6:\"handle\";s:4:\"City\";s:4:\"name\";s:4:\"City\";}}s:11:\"description\";s:8:\"New File\";s:5:\"width\";s:4:\"1920\";s:6:\"height\";s:4:\"1281\";s:7:\"version\";s:3:\"1.0\";s:14:\"plugin_version\";s:5:\"6.0.0\";s:5:\"added\";s:19:\"2019-04-16 10:24:11\";s:6:\"active\";s:1:\"1\";s:4:\"type\";s:1:\"2\";}i:244;a:12:{s:2:\"id\";s:3:\"355\";s:6:\"handle\";s:14:\"Gray-tower.jpg\";s:4:\"name\";s:10:\"Gray tower\";s:4:\"tags\";a:1:{i:0;a:3:{s:2:\"id\";s:2:\"21\";s:6:\"handle\";s:4:\"City\";s:4:\"name\";s:4:\"City\";}}s:11:\"description\";s:8:\"New File\";s:5:\"width\";s:4:\"1920\";s:6:\"height\";s:4:\"1433\";s:7:\"version\";s:3:\"1.0\";s:14:\"plugin_version\";s:5:\"6.0.0\";s:5:\"added\";s:19:\"2019-04-16 10:24:11\";s:6:\"active\";s:1:\"1\";s:4:\"type\";s:1:\"2\";}i:245;a:12:{s:2:\"id\";s:3:\"354\";s:6:\"handle\";s:28:\"One-fine-day-in-Maldives.jpg\";s:4:\"name\";s:24:\"One fine day in Maldives\";s:4:\"tags\";a:1:{i:0;a:3:{s:2:\"id\";s:2:\"20\";s:6:\"handle\";s:5:\"Beach\";s:4:\"name\";s:5:\"Beach\";}}s:11:\"description\";s:8:\"New File\";s:5:\"width\";s:4:\"1920\";s:6:\"height\";s:4:\"1116\";s:7:\"version\";s:3:\"1.0\";s:14:\"plugin_version\";s:5:\"6.0.0\";s:5:\"added\";s:19:\"2019-04-15 14:18:38\";s:6:\"active\";s:1:\"1\";s:4:\"type\";s:1:\"2\";}i:246;a:12:{s:2:\"id\";s:3:\"353\";s:6:\"handle\";s:25:\"Boat-on-body-of-water.jpg\";s:4:\"name\";s:21:\"Boat on body of water\";s:4:\"tags\";a:1:{i:0;a:3:{s:2:\"id\";s:2:\"20\";s:6:\"handle\";s:5:\"Beach\";s:4:\"name\";s:5:\"Beach\";}}s:11:\"description\";s:8:\"New File\";s:5:\"width\";s:4:\"1920\";s:6:\"height\";s:4:\"1080\";s:7:\"version\";s:3:\"1.0\";s:14:\"plugin_version\";s:5:\"6.0.0\";s:5:\"added\";s:19:\"2019-04-15 14:18:38\";s:6:\"active\";s:1:\"1\";s:4:\"type\";s:1:\"2\";}i:247;a:12:{s:2:\"id\";s:3:\"352\";s:6:\"handle\";s:33:\"Aerial-photo-of-body-of-water.jpg\";s:4:\"name\";s:29:\"Aerial photo of body of water\";s:4:\"tags\";a:1:{i:0;a:3:{s:2:\"id\";s:2:\"20\";s:6:\"handle\";s:5:\"Beach\";s:4:\"name\";s:5:\"Beach\";}}s:11:\"description\";s:8:\"New File\";s:5:\"width\";s:4:\"1920\";s:6:\"height\";s:4:\"1078\";s:7:\"version\";s:3:\"1.0\";s:14:\"plugin_version\";s:5:\"6.0.0\";s:5:\"added\";s:19:\"2019-04-15 14:18:38\";s:6:\"active\";s:1:\"1\";s:4:\"type\";s:1:\"2\";}i:248;a:12:{s:2:\"id\";s:3:\"351\";s:6:\"handle\";s:31:\"Assorted-color-beach-houses.jpg\";s:4:\"name\";s:27:\"Assorted color beach houses\";s:4:\"tags\";a:1:{i:0;a:3:{s:2:\"id\";s:2:\"20\";s:6:\"handle\";s:5:\"Beach\";s:4:\"name\";s:5:\"Beach\";}}s:11:\"description\";s:8:\"New File\";s:5:\"width\";s:4:\"1920\";s:6:\"height\";s:4:\"1135\";s:7:\"version\";s:3:\"1.0\";s:14:\"plugin_version\";s:5:\"6.0.0\";s:5:\"added\";s:19:\"2019-04-15 14:18:38\";s:6:\"active\";s:1:\"1\";s:4:\"type\";s:1:\"2\";}i:249;a:12:{s:2:\"id\";s:3:\"350\";s:6:\"handle\";s:36:\"Woman-leaning-on-tree-near-beach.jpg\";s:4:\"name\";s:32:\"Woman leaning on tree near beach\";s:4:\"tags\";a:1:{i:0;a:3:{s:2:\"id\";s:2:\"20\";s:6:\"handle\";s:5:\"Beach\";s:4:\"name\";s:5:\"Beach\";}}s:11:\"description\";s:8:\"New File\";s:5:\"width\";s:4:\"1920\";s:6:\"height\";s:4:\"1559\";s:7:\"version\";s:3:\"1.0\";s:14:\"plugin_version\";s:5:\"6.0.0\";s:5:\"added\";s:19:\"2019-04-15 14:18:38\";s:6:\"active\";s:1:\"1\";s:4:\"type\";s:1:\"2\";}i:250;a:12:{s:2:\"id\";s:3:\"349\";s:6:\"handle\";s:17:\"Body-of-water.jpg\";s:4:\"name\";s:13:\"Body of water\";s:4:\"tags\";a:1:{i:0;a:3:{s:2:\"id\";s:2:\"20\";s:6:\"handle\";s:5:\"Beach\";s:4:\"name\";s:5:\"Beach\";}}s:11:\"description\";s:8:\"New File\";s:5:\"width\";s:4:\"1920\";s:6:\"height\";s:4:\"1269\";s:7:\"version\";s:3:\"1.0\";s:14:\"plugin_version\";s:5:\"6.0.0\";s:5:\"added\";s:19:\"2019-04-15 14:18:38\";s:6:\"active\";s:1:\"1\";s:4:\"type\";s:1:\"2\";}i:251;a:12:{s:2:\"id\";s:3:\"348\";s:6:\"handle\";s:17:\"People-on-sea.jpg\";s:4:\"name\";s:13:\"People on sea\";s:4:\"tags\";a:1:{i:0;a:3:{s:2:\"id\";s:2:\"20\";s:6:\"handle\";s:5:\"Beach\";s:4:\"name\";s:5:\"Beach\";}}s:11:\"description\";s:8:\"New File\";s:5:\"width\";s:4:\"1920\";s:6:\"height\";s:4:\"1278\";s:7:\"version\";s:3:\"1.0\";s:14:\"plugin_version\";s:5:\"6.0.0\";s:5:\"added\";s:19:\"2019-04-15 14:18:38\";s:6:\"active\";s:1:\"1\";s:4:\"type\";s:1:\"2\";}i:252;a:12:{s:2:\"id\";s:3:\"347\";s:6:\"handle\";s:31:\"Man-sitting-beside-of-woman.jpg\";s:4:\"name\";s:27:\"Man sitting beside of woman\";s:4:\"tags\";a:1:{i:0;a:3:{s:2:\"id\";s:2:\"20\";s:6:\"handle\";s:5:\"Beach\";s:4:\"name\";s:5:\"Beach\";}}s:11:\"description\";s:8:\"New File\";s:5:\"width\";s:4:\"1920\";s:6:\"height\";s:4:\"1277\";s:7:\"version\";s:3:\"1.0\";s:14:\"plugin_version\";s:5:\"6.0.0\";s:5:\"added\";s:19:\"2019-04-15 14:18:38\";s:6:\"active\";s:1:\"1\";s:4:\"type\";s:1:\"2\";}i:253;a:12:{s:2:\"id\";s:3:\"346\";s:6:\"handle\";s:22:\"woman-in-the-water.jpg\";s:4:\"name\";s:18:\"woman in the water\";s:4:\"tags\";a:1:{i:0;a:3:{s:2:\"id\";s:2:\"20\";s:6:\"handle\";s:5:\"Beach\";s:4:\"name\";s:5:\"Beach\";}}s:11:\"description\";s:8:\"New File\";s:5:\"width\";s:4:\"1920\";s:6:\"height\";s:4:\"1080\";s:7:\"version\";s:3:\"1.0\";s:14:\"plugin_version\";s:5:\"6.0.0\";s:5:\"added\";s:19:\"2019-04-15 14:18:38\";s:6:\"active\";s:1:\"1\";s:4:\"type\";s:1:\"2\";}i:254;a:12:{s:2:\"id\";s:3:\"345\";s:6:\"handle\";s:39:\"Brown-stone-near-sea-at-golden-hour.jpg\";s:4:\"name\";s:35:\"Brown stone near sea at golden hour\";s:4:\"tags\";a:1:{i:0;a:3:{s:2:\"id\";s:2:\"20\";s:6:\"handle\";s:5:\"Beach\";s:4:\"name\";s:5:\"Beach\";}}s:11:\"description\";s:8:\"New File\";s:5:\"width\";s:4:\"1920\";s:6:\"height\";s:4:\"1280\";s:7:\"version\";s:3:\"1.0\";s:14:\"plugin_version\";s:5:\"6.0.0\";s:5:\"added\";s:19:\"2019-04-15 14:18:38\";s:6:\"active\";s:1:\"1\";s:4:\"type\";s:1:\"2\";}i:255;a:12:{s:2:\"id\";s:3:\"344\";s:6:\"handle\";s:18:\"Birds-eye-view.jpg\";s:4:\"name\";s:14:\"Birds eye view\";s:4:\"tags\";a:1:{i:0;a:3:{s:2:\"id\";s:2:\"20\";s:6:\"handle\";s:5:\"Beach\";s:4:\"name\";s:5:\"Beach\";}}s:11:\"description\";s:8:\"New File\";s:5:\"width\";s:4:\"1920\";s:6:\"height\";s:4:\"1079\";s:7:\"version\";s:3:\"1.0\";s:14:\"plugin_version\";s:5:\"6.0.0\";s:5:\"added\";s:19:\"2019-04-15 14:18:38\";s:6:\"active\";s:1:\"1\";s:4:\"type\";s:1:\"2\";}i:256;a:12:{s:2:\"id\";s:3:\"343\";s:6:\"handle\";s:18:\"Empty-seashore.jpg\";s:4:\"name\";s:14:\"Empty seashore\";s:4:\"tags\";a:1:{i:0;a:3:{s:2:\"id\";s:2:\"20\";s:6:\"handle\";s:5:\"Beach\";s:4:\"name\";s:5:\"Beach\";}}s:11:\"description\";s:8:\"New File\";s:5:\"width\";s:4:\"1920\";s:6:\"height\";s:4:\"1365\";s:7:\"version\";s:3:\"1.0\";s:14:\"plugin_version\";s:5:\"6.0.0\";s:5:\"added\";s:19:\"2019-04-15 14:18:38\";s:6:\"active\";s:1:\"1\";s:4:\"type\";s:1:\"2\";}i:257;a:12:{s:2:\"id\";s:3:\"342\";s:6:\"handle\";s:31:\"Seashore-during-golden-hour.jpg\";s:4:\"name\";s:27:\"Seashore during golden hour\";s:4:\"tags\";a:1:{i:0;a:3:{s:2:\"id\";s:2:\"20\";s:6:\"handle\";s:5:\"Beach\";s:4:\"name\";s:5:\"Beach\";}}s:11:\"description\";s:8:\"New File\";s:5:\"width\";s:4:\"1920\";s:6:\"height\";s:4:\"1439\";s:7:\"version\";s:3:\"1.0\";s:14:\"plugin_version\";s:5:\"6.0.0\";s:5:\"added\";s:19:\"2019-04-15 14:18:38\";s:6:\"active\";s:1:\"1\";s:4:\"type\";s:1:\"2\";}i:258;a:12:{s:2:\"id\";s:3:\"341\";s:6:\"handle\";s:16:\"Coconut-tree.jpg\";s:4:\"name\";s:12:\"Coconut tree\";s:4:\"tags\";a:1:{i:0;a:3:{s:2:\"id\";s:2:\"20\";s:6:\"handle\";s:5:\"Beach\";s:4:\"name\";s:5:\"Beach\";}}s:11:\"description\";s:8:\"New File\";s:5:\"width\";s:4:\"1920\";s:6:\"height\";s:4:\"1278\";s:7:\"version\";s:3:\"1.0\";s:14:\"plugin_version\";s:5:\"6.0.0\";s:5:\"added\";s:19:\"2019-04-15 14:18:38\";s:6:\"active\";s:1:\"1\";s:4:\"type\";s:1:\"2\";}i:259;a:12:{s:2:\"id\";s:3:\"340\";s:6:\"handle\";s:37:\"Aerial-photography-of-beach-shore.jpg\";s:4:\"name\";s:33:\"Aerial photography of beach shore\";s:4:\"tags\";a:1:{i:0;a:3:{s:2:\"id\";s:2:\"20\";s:6:\"handle\";s:5:\"Beach\";s:4:\"name\";s:5:\"Beach\";}}s:11:\"description\";s:8:\"New File\";s:5:\"width\";s:4:\"1920\";s:6:\"height\";s:4:\"1439\";s:7:\"version\";s:3:\"1.0\";s:14:\"plugin_version\";s:5:\"6.0.0\";s:5:\"added\";s:19:\"2019-04-15 14:18:38\";s:6:\"active\";s:1:\"1\";s:4:\"type\";s:1:\"2\";}i:260;a:12:{s:2:\"id\";s:3:\"197\";s:6:\"handle\";s:17:\"relax_hammock.jpg\";s:4:\"name\";s:13:\"Relax Hammock\";s:4:\"tags\";a:2:{i:0;a:3:{s:2:\"id\";s:2:\"24\";s:6:\"handle\";s:6:\"People\";s:4:\"name\";s:6:\"People\";}i:1;a:3:{s:2:\"id\";s:2:\"21\";s:6:\"handle\";s:4:\"City\";s:4:\"name\";s:4:\"City\";}}s:11:\"description\";s:8:\"New File\";s:5:\"width\";s:4:\"1920\";s:6:\"height\";s:4:\"1280\";s:7:\"version\";s:3:\"1.0\";s:14:\"plugin_version\";s:0:\"\";s:5:\"added\";s:19:\"2016-10-17 12:41:12\";s:6:\"active\";s:1:\"1\";s:4:\"type\";s:1:\"2\";}i:261;a:12:{s:2:\"id\";s:3:\"196\";s:6:\"handle\";s:16:\"beach_houses.jpg\";s:4:\"name\";s:12:\"Beach Houses\";s:4:\"tags\";a:2:{i:0;a:3:{s:2:\"id\";s:2:\"20\";s:6:\"handle\";s:5:\"Beach\";s:4:\"name\";s:5:\"Beach\";}i:1;a:3:{s:2:\"id\";s:2:\"22\";s:6:\"handle\";s:3:\"Sky\";s:4:\"name\";s:3:\"Sky\";}}s:11:\"description\";s:8:\"New File\";s:5:\"width\";s:4:\"1920\";s:6:\"height\";s:4:\"1280\";s:7:\"version\";s:3:\"1.0\";s:14:\"plugin_version\";s:0:\"\";s:5:\"added\";s:19:\"2016-10-17 12:41:12\";s:6:\"active\";s:1:\"1\";s:4:\"type\";s:1:\"2\";}i:262;a:12:{s:2:\"id\";s:3:\"195\";s:6:\"handle\";s:17:\"forest_road_2.jpg\";s:4:\"name\";s:13:\"Forest Road 2\";s:4:\"tags\";a:1:{i:0;a:3:{s:2:\"id\";s:2:\"19\";s:6:\"handle\";s:6:\"nature\";s:4:\"name\";s:6:\"Nature\";}}s:11:\"description\";s:8:\"New File\";s:5:\"width\";s:4:\"1920\";s:6:\"height\";s:4:\"1280\";s:7:\"version\";s:3:\"1.0\";s:14:\"plugin_version\";s:0:\"\";s:5:\"added\";s:19:\"2016-10-17 12:41:12\";s:6:\"active\";s:1:\"1\";s:4:\"type\";s:1:\"2\";}i:263;a:12:{s:2:\"id\";s:3:\"194\";s:6:\"handle\";s:14:\"clean_desk.jpg\";s:4:\"name\";s:10:\"Clean Desk\";s:4:\"tags\";a:1:{i:0;a:3:{s:2:\"id\";s:2:\"21\";s:6:\"handle\";s:4:\"City\";s:4:\"name\";s:4:\"City\";}}s:11:\"description\";s:8:\"New File\";s:5:\"width\";s:4:\"1920\";s:6:\"height\";s:4:\"1280\";s:7:\"version\";s:3:\"1.0\";s:14:\"plugin_version\";s:0:\"\";s:5:\"added\";s:19:\"2016-10-17 12:41:12\";s:6:\"active\";s:1:\"1\";s:4:\"type\";s:1:\"2\";}i:264;a:12:{s:2:\"id\";s:3:\"193\";s:6:\"handle\";s:19:\"mountain_view_6.jpg\";s:4:\"name\";s:15:\"Mountain View 6\";s:4:\"tags\";a:2:{i:0;a:3:{s:2:\"id\";s:2:\"22\";s:6:\"handle\";s:3:\"Sky\";s:4:\"name\";s:3:\"Sky\";}i:1;a:3:{s:2:\"id\";s:2:\"23\";s:6:\"handle\";s:5:\"Night\";s:4:\"name\";s:5:\"Night\";}}s:11:\"description\";s:8:\"New File\";s:5:\"width\";s:4:\"1920\";s:6:\"height\";s:4:\"1249\";s:7:\"version\";s:3:\"1.0\";s:14:\"plugin_version\";s:0:\"\";s:5:\"added\";s:19:\"2016-10-17 12:41:12\";s:6:\"active\";s:1:\"1\";s:4:\"type\";s:1:\"2\";}i:265;a:12:{s:2:\"id\";s:3:\"192\";s:6:\"handle\";s:14:\"corn_field.jpg\";s:4:\"name\";s:10:\"Corn Field\";s:4:\"tags\";a:1:{i:0;a:3:{s:2:\"id\";s:2:\"22\";s:6:\"handle\";s:3:\"Sky\";s:4:\"name\";s:3:\"Sky\";}}s:11:\"description\";s:8:\"New File\";s:5:\"width\";s:4:\"1920\";s:6:\"height\";s:4:\"1320\";s:7:\"version\";s:3:\"1.0\";s:14:\"plugin_version\";s:0:\"\";s:5:\"added\";s:19:\"2016-10-17 12:41:12\";s:6:\"active\";s:1:\"1\";s:4:\"type\";s:1:\"2\";}i:266;a:12:{s:2:\"id\";s:3:\"191\";s:6:\"handle\";s:21:\"stylish_apartment.jpg\";s:4:\"name\";s:17:\"Stylish Apartment\";s:4:\"tags\";a:1:{i:0;a:3:{s:2:\"id\";s:2:\"21\";s:6:\"handle\";s:4:\"City\";s:4:\"name\";s:4:\"City\";}}s:11:\"description\";s:8:\"New File\";s:5:\"width\";s:4:\"1920\";s:6:\"height\";s:4:\"1281\";s:7:\"version\";s:3:\"1.0\";s:14:\"plugin_version\";s:0:\"\";s:5:\"added\";s:19:\"2016-10-17 12:41:12\";s:6:\"active\";s:1:\"1\";s:4:\"type\";s:1:\"2\";}i:267;a:12:{s:2:\"id\";s:3:\"190\";s:6:\"handle\";s:24:\"hipster_coffee_house.jpg\";s:4:\"name\";s:20:\"Hipster Coffee House\";s:4:\"tags\";a:1:{i:0;a:3:{s:2:\"id\";s:2:\"21\";s:6:\"handle\";s:4:\"City\";s:4:\"name\";s:4:\"City\";}}s:11:\"description\";s:8:\"New File\";s:5:\"width\";s:4:\"1920\";s:6:\"height\";s:4:\"1080\";s:7:\"version\";s:3:\"1.0\";s:14:\"plugin_version\";s:0:\"\";s:5:\"added\";s:19:\"2016-10-17 12:41:12\";s:6:\"active\";s:1:\"1\";s:4:\"type\";s:1:\"2\";}i:268;a:12:{s:2:\"id\";s:3:\"189\";s:6:\"handle\";s:16:\"blurry_beach.jpg\";s:4:\"name\";s:12:\"Blurry Beach\";s:4:\"tags\";a:2:{i:0;a:3:{s:2:\"id\";s:2:\"20\";s:6:\"handle\";s:5:\"Beach\";s:4:\"name\";s:5:\"Beach\";}i:1;a:3:{s:2:\"id\";s:2:\"22\";s:6:\"handle\";s:3:\"Sky\";s:4:\"name\";s:3:\"Sky\";}}s:11:\"description\";s:8:\"New File\";s:5:\"width\";s:4:\"1920\";s:6:\"height\";s:4:\"1080\";s:7:\"version\";s:3:\"1.0\";s:14:\"plugin_version\";s:0:\"\";s:5:\"added\";s:19:\"2016-10-17 12:41:12\";s:6:\"active\";s:1:\"1\";s:4:\"type\";s:1:\"2\";}i:269;a:12:{s:2:\"id\";s:3:\"186\";s:6:\"handle\";s:17:\"greens_street.jpg\";s:4:\"name\";s:13:\"Greens Street\";s:4:\"tags\";a:1:{i:0;a:3:{s:2:\"id\";s:2:\"21\";s:6:\"handle\";s:4:\"City\";s:4:\"name\";s:4:\"City\";}}s:11:\"description\";s:8:\"New File\";s:5:\"width\";s:4:\"1920\";s:6:\"height\";s:4:\"1277\";s:7:\"version\";s:3:\"1.0\";s:14:\"plugin_version\";s:0:\"\";s:5:\"added\";s:19:\"2016-09-05 15:29:22\";s:6:\"active\";s:1:\"1\";s:4:\"type\";s:1:\"2\";}i:270;a:12:{s:2:\"id\";s:3:\"185\";s:6:\"handle\";s:10:\"desert.jpg\";s:4:\"name\";s:6:\"Desert\";s:4:\"tags\";a:1:{i:0;a:3:{s:2:\"id\";s:2:\"22\";s:6:\"handle\";s:3:\"Sky\";s:4:\"name\";s:3:\"Sky\";}}s:11:\"description\";s:8:\"New File\";s:5:\"width\";s:4:\"1920\";s:6:\"height\";s:4:\"1280\";s:7:\"version\";s:3:\"1.0\";s:14:\"plugin_version\";s:0:\"\";s:5:\"added\";s:19:\"2016-09-05 15:29:22\";s:6:\"active\";s:1:\"1\";s:4:\"type\";s:1:\"2\";}i:271;a:12:{s:2:\"id\";s:3:\"184\";s:6:\"handle\";s:19:\"mountain_view_5.jpg\";s:4:\"name\";s:15:\"Mountain View 5\";s:4:\"tags\";a:1:{i:0;a:3:{s:2:\"id\";s:2:\"22\";s:6:\"handle\";s:3:\"Sky\";s:4:\"name\";s:3:\"Sky\";}}s:11:\"description\";s:8:\"New File\";s:5:\"width\";s:4:\"1920\";s:6:\"height\";s:4:\"1080\";s:7:\"version\";s:3:\"1.0\";s:14:\"plugin_version\";s:0:\"\";s:5:\"added\";s:19:\"2016-09-05 15:29:22\";s:6:\"active\";s:1:\"1\";s:4:\"type\";s:1:\"2\";}i:272;a:12:{s:2:\"id\";s:3:\"183\";s:6:\"handle\";s:10:\"laptop.jpg\";s:4:\"name\";s:6:\"Laptop\";s:4:\"tags\";a:1:{i:0;a:3:{s:2:\"id\";s:2:\"21\";s:6:\"handle\";s:4:\"City\";s:4:\"name\";s:4:\"City\";}}s:11:\"description\";s:8:\"New File\";s:5:\"width\";s:4:\"1920\";s:6:\"height\";s:4:\"1391\";s:7:\"version\";s:3:\"1.0\";s:14:\"plugin_version\";s:0:\"\";s:5:\"added\";s:19:\"2016-09-05 15:29:22\";s:6:\"active\";s:1:\"1\";s:4:\"type\";s:1:\"2\";}i:273;a:12:{s:2:\"id\";s:3:\"182\";s:6:\"handle\";s:16:\"grand_canyon.jpg\";s:4:\"name\";s:12:\"Grand Canyon\";s:4:\"tags\";a:1:{i:0;a:3:{s:2:\"id\";s:2:\"22\";s:6:\"handle\";s:3:\"Sky\";s:4:\"name\";s:3:\"Sky\";}}s:11:\"description\";s:8:\"New File\";s:5:\"width\";s:4:\"1920\";s:6:\"height\";s:4:\"1287\";s:7:\"version\";s:3:\"1.0\";s:14:\"plugin_version\";s:0:\"\";s:5:\"added\";s:19:\"2016-09-05 15:29:22\";s:6:\"active\";s:1:\"1\";s:4:\"type\";s:1:\"2\";}i:274;a:12:{s:2:\"id\";s:3:\"181\";s:6:\"handle\";s:20:\"landscape_clouds.jpg\";s:4:\"name\";s:16:\"Landscape Clouds\";s:4:\"tags\";a:1:{i:0;a:3:{s:2:\"id\";s:2:\"22\";s:6:\"handle\";s:3:\"Sky\";s:4:\"name\";s:3:\"Sky\";}}s:11:\"description\";s:8:\"New File\";s:5:\"width\";s:4:\"1920\";s:6:\"height\";s:4:\"1272\";s:7:\"version\";s:3:\"1.0\";s:14:\"plugin_version\";s:0:\"\";s:5:\"added\";s:19:\"2016-09-05 15:29:22\";s:6:\"active\";s:1:\"1\";s:4:\"type\";s:1:\"2\";}i:275;a:12:{s:2:\"id\";s:3:\"180\";s:6:\"handle\";s:17:\"highway_night.jpg\";s:4:\"name\";s:13:\"Highway Night\";s:4:\"tags\";a:2:{i:0;a:3:{s:2:\"id\";s:2:\"23\";s:6:\"handle\";s:5:\"Night\";s:4:\"name\";s:5:\"Night\";}i:1;a:3:{s:2:\"id\";s:2:\"21\";s:6:\"handle\";s:4:\"City\";s:4:\"name\";s:4:\"City\";}}s:11:\"description\";s:8:\"New File\";s:5:\"width\";s:4:\"1920\";s:6:\"height\";s:4:\"1440\";s:7:\"version\";s:3:\"1.0\";s:14:\"plugin_version\";s:0:\"\";s:5:\"added\";s:19:\"2016-09-05 15:29:22\";s:6:\"active\";s:1:\"1\";s:4:\"type\";s:1:\"2\";}i:276;a:12:{s:2:\"id\";s:3:\"179\";s:6:\"handle\";s:15:\"beach_water.jpg\";s:4:\"name\";s:11:\"Beach Water\";s:4:\"tags\";a:2:{i:0;a:3:{s:2:\"id\";s:2:\"20\";s:6:\"handle\";s:5:\"Beach\";s:4:\"name\";s:5:\"Beach\";}i:1;a:3:{s:2:\"id\";s:2:\"22\";s:6:\"handle\";s:3:\"Sky\";s:4:\"name\";s:3:\"Sky\";}}s:11:\"description\";s:8:\"New File\";s:5:\"width\";s:4:\"1920\";s:6:\"height\";s:4:\"1280\";s:7:\"version\";s:3:\"1.0\";s:14:\"plugin_version\";s:0:\"\";s:5:\"added\";s:19:\"2016-09-05 15:29:22\";s:6:\"active\";s:1:\"1\";s:4:\"type\";s:1:\"2\";}i:277;a:12:{s:2:\"id\";s:3:\"177\";s:6:\"handle\";s:15:\"woman_beach.jpg\";s:4:\"name\";s:11:\"Woman Beach\";s:4:\"tags\";a:4:{i:0;a:3:{s:2:\"id\";s:2:\"20\";s:6:\"handle\";s:5:\"Beach\";s:4:\"name\";s:5:\"Beach\";}i:1;a:3:{s:2:\"id\";s:2:\"22\";s:6:\"handle\";s:3:\"Sky\";s:4:\"name\";s:3:\"Sky\";}i:2;a:3:{s:2:\"id\";s:2:\"19\";s:6:\"handle\";s:6:\"nature\";s:4:\"name\";s:6:\"Nature\";}i:3;a:3:{s:2:\"id\";s:2:\"24\";s:6:\"handle\";s:6:\"People\";s:4:\"name\";s:6:\"People\";}}s:11:\"description\";s:8:\"New File\";s:5:\"width\";s:4:\"1920\";s:6:\"height\";s:4:\"1280\";s:7:\"version\";s:3:\"1.0\";s:14:\"plugin_version\";s:0:\"\";s:5:\"added\";s:19:\"2016-09-05 15:29:22\";s:6:\"active\";s:1:\"1\";s:4:\"type\";s:1:\"2\";}i:278;a:12:{s:2:\"id\";s:3:\"175\";s:6:\"handle\";s:12:\"cool_guy.jpg\";s:4:\"name\";s:8:\"Cool Guy\";s:4:\"tags\";a:1:{i:0;a:3:{s:2:\"id\";s:2:\"24\";s:6:\"handle\";s:6:\"People\";s:4:\"name\";s:6:\"People\";}}s:11:\"description\";s:8:\"New File\";s:5:\"width\";s:4:\"1920\";s:6:\"height\";s:4:\"1280\";s:7:\"version\";s:3:\"1.0\";s:14:\"plugin_version\";s:0:\"\";s:5:\"added\";s:19:\"2016-09-05 15:29:22\";s:6:\"active\";s:1:\"1\";s:4:\"type\";s:1:\"2\";}i:279;a:12:{s:2:\"id\";s:3:\"174\";s:6:\"handle\";s:13:\"beach_sea.jpg\";s:4:\"name\";s:9:\"Beach Sea\";s:4:\"tags\";a:3:{i:0;a:3:{s:2:\"id\";s:2:\"20\";s:6:\"handle\";s:5:\"Beach\";s:4:\"name\";s:5:\"Beach\";}i:1;a:3:{s:2:\"id\";s:2:\"22\";s:6:\"handle\";s:3:\"Sky\";s:4:\"name\";s:3:\"Sky\";}i:2;a:3:{s:2:\"id\";s:2:\"19\";s:6:\"handle\";s:6:\"nature\";s:4:\"name\";s:6:\"Nature\";}}s:11:\"description\";s:8:\"New File\";s:5:\"width\";s:4:\"1920\";s:6:\"height\";s:4:\"1280\";s:7:\"version\";s:3:\"1.0\";s:14:\"plugin_version\";s:0:\"\";s:5:\"added\";s:19:\"2016-09-05 15:29:22\";s:6:\"active\";s:1:\"1\";s:4:\"type\";s:1:\"2\";}i:280;a:12:{s:2:\"id\";s:3:\"173\";s:6:\"handle\";s:17:\"bridge_clouds.jpg\";s:4:\"name\";s:13:\"Bridge Clouds\";s:4:\"tags\";a:3:{i:0;a:3:{s:2:\"id\";s:2:\"22\";s:6:\"handle\";s:3:\"Sky\";s:4:\"name\";s:3:\"Sky\";}i:1;a:3:{s:2:\"id\";s:2:\"19\";s:6:\"handle\";s:6:\"nature\";s:4:\"name\";s:6:\"Nature\";}i:2;a:3:{s:2:\"id\";s:2:\"21\";s:6:\"handle\";s:4:\"City\";s:4:\"name\";s:4:\"City\";}}s:11:\"description\";s:8:\"New File\";s:5:\"width\";s:4:\"1920\";s:6:\"height\";s:4:\"1281\";s:7:\"version\";s:3:\"1.0\";s:14:\"plugin_version\";s:0:\"\";s:5:\"added\";s:19:\"2016-09-05 15:29:22\";s:6:\"active\";s:1:\"1\";s:4:\"type\";s:1:\"2\";}i:281;a:12:{s:2:\"id\";s:3:\"116\";s:6:\"handle\";s:19:\"mountain_view_2.jpg\";s:4:\"name\";s:15:\"Mountain View 2\";s:4:\"tags\";a:2:{i:0;a:3:{s:2:\"id\";s:2:\"22\";s:6:\"handle\";s:3:\"Sky\";s:4:\"name\";s:3:\"Sky\";}i:1;a:3:{s:2:\"id\";s:2:\"19\";s:6:\"handle\";s:6:\"nature\";s:4:\"name\";s:6:\"Nature\";}}s:11:\"description\";s:8:\"New File\";s:5:\"width\";s:4:\"1920\";s:6:\"height\";s:4:\"1275\";s:7:\"version\";s:3:\"1.0\";s:14:\"plugin_version\";s:0:\"\";s:5:\"added\";s:19:\"2016-08-15 14:29:46\";s:6:\"active\";s:1:\"1\";s:4:\"type\";s:1:\"2\";}i:282;a:12:{s:2:\"id\";s:3:\"115\";s:6:\"handle\";s:16:\"desert_trees.jpg\";s:4:\"name\";s:12:\"Desert Trees\";s:4:\"tags\";a:2:{i:0;a:3:{s:2:\"id\";s:2:\"22\";s:6:\"handle\";s:3:\"Sky\";s:4:\"name\";s:3:\"Sky\";}i:1;a:3:{s:2:\"id\";s:2:\"19\";s:6:\"handle\";s:6:\"nature\";s:4:\"name\";s:6:\"Nature\";}}s:11:\"description\";s:8:\"New File\";s:5:\"width\";s:4:\"1920\";s:6:\"height\";s:4:\"1275\";s:7:\"version\";s:3:\"1.0\";s:14:\"plugin_version\";s:0:\"\";s:5:\"added\";s:19:\"2016-08-15 14:29:46\";s:6:\"active\";s:1:\"1\";s:4:\"type\";s:1:\"2\";}i:283;a:12:{s:2:\"id\";s:3:\"114\";s:6:\"handle\";s:20:\"explore_moutains.jpg\";s:4:\"name\";s:17:\"Explore Mountains\";s:4:\"tags\";a:2:{i:0;a:3:{s:2:\"id\";s:2:\"22\";s:6:\"handle\";s:3:\"Sky\";s:4:\"name\";s:3:\"Sky\";}i:1;a:3:{s:2:\"id\";s:2:\"19\";s:6:\"handle\";s:6:\"nature\";s:4:\"name\";s:6:\"Nature\";}}s:11:\"description\";s:8:\"New File\";s:5:\"width\";s:4:\"1920\";s:6:\"height\";s:4:\"1080\";s:7:\"version\";s:3:\"1.0\";s:14:\"plugin_version\";s:0:\"\";s:5:\"added\";s:19:\"2016-08-15 14:29:46\";s:6:\"active\";s:1:\"1\";s:4:\"type\";s:1:\"2\";}i:284;a:12:{s:2:\"id\";s:3:\"113\";s:6:\"handle\";s:19:\"night_skyline_2.jpg\";s:4:\"name\";s:15:\"Night Skyline 2\";s:4:\"tags\";a:2:{i:0;a:3:{s:2:\"id\";s:2:\"23\";s:6:\"handle\";s:5:\"Night\";s:4:\"name\";s:5:\"Night\";}i:1;a:3:{s:2:\"id\";s:2:\"21\";s:6:\"handle\";s:4:\"City\";s:4:\"name\";s:4:\"City\";}}s:11:\"description\";s:8:\"New File\";s:5:\"width\";s:4:\"1920\";s:6:\"height\";s:4:\"1280\";s:7:\"version\";s:3:\"1.0\";s:14:\"plugin_version\";s:0:\"\";s:5:\"added\";s:19:\"2016-08-15 14:29:46\";s:6:\"active\";s:1:\"1\";s:4:\"type\";s:1:\"2\";}i:285;a:12:{s:2:\"id\";s:3:\"112\";s:6:\"handle\";s:15:\"cliff_ocean.jpg\";s:4:\"name\";s:11:\"Cliff Ocean\";s:4:\"tags\";a:1:{i:0;a:3:{s:2:\"id\";s:2:\"19\";s:6:\"handle\";s:6:\"nature\";s:4:\"name\";s:6:\"Nature\";}}s:11:\"description\";s:8:\"New File\";s:5:\"width\";s:4:\"1920\";s:6:\"height\";s:4:\"1280\";s:7:\"version\";s:3:\"1.0\";s:14:\"plugin_version\";s:0:\"\";s:5:\"added\";s:19:\"2016-08-15 14:29:46\";s:6:\"active\";s:1:\"1\";s:4:\"type\";s:1:\"2\";}i:286;a:12:{s:2:\"id\";s:3:\"111\";s:6:\"handle\";s:14:\"city_smoke.jpg\";s:4:\"name\";s:10:\"City Smoke\";s:4:\"tags\";a:2:{i:0;a:3:{s:2:\"id\";s:2:\"24\";s:6:\"handle\";s:6:\"People\";s:4:\"name\";s:6:\"People\";}i:1;a:3:{s:2:\"id\";s:2:\"21\";s:6:\"handle\";s:4:\"City\";s:4:\"name\";s:4:\"City\";}}s:11:\"description\";s:8:\"New File\";s:5:\"width\";s:4:\"1920\";s:6:\"height\";s:4:\"1280\";s:7:\"version\";s:3:\"1.0\";s:14:\"plugin_version\";s:0:\"\";s:5:\"added\";s:19:\"2016-08-15 14:29:46\";s:6:\"active\";s:1:\"1\";s:4:\"type\";s:1:\"2\";}i:287;a:12:{s:2:\"id\";s:3:\"110\";s:6:\"handle\";s:16:\"surfer_beach.jpg\";s:4:\"name\";s:12:\"Surfer Beach\";s:4:\"tags\";a:3:{i:0;a:3:{s:2:\"id\";s:2:\"20\";s:6:\"handle\";s:5:\"Beach\";s:4:\"name\";s:5:\"Beach\";}i:1;a:3:{s:2:\"id\";s:2:\"22\";s:6:\"handle\";s:3:\"Sky\";s:4:\"name\";s:3:\"Sky\";}i:2;a:3:{s:2:\"id\";s:2:\"19\";s:6:\"handle\";s:6:\"nature\";s:4:\"name\";s:6:\"Nature\";}}s:11:\"description\";s:8:\"New File\";s:5:\"width\";s:4:\"1920\";s:6:\"height\";s:4:\"1278\";s:7:\"version\";s:3:\"1.0\";s:14:\"plugin_version\";s:0:\"\";s:5:\"added\";s:19:\"2016-08-15 14:29:46\";s:6:\"active\";s:1:\"1\";s:4:\"type\";s:1:\"2\";}i:288;a:12:{s:2:\"id\";s:3:\"109\";s:6:\"handle\";s:13:\"sky_night.jpg\";s:4:\"name\";s:9:\"Sky Night\";s:4:\"tags\";a:3:{i:0;a:3:{s:2:\"id\";s:2:\"22\";s:6:\"handle\";s:3:\"Sky\";s:4:\"name\";s:3:\"Sky\";}i:1;a:3:{s:2:\"id\";s:2:\"19\";s:6:\"handle\";s:6:\"nature\";s:4:\"name\";s:6:\"Nature\";}i:2;a:3:{s:2:\"id\";s:2:\"23\";s:6:\"handle\";s:5:\"Night\";s:4:\"name\";s:5:\"Night\";}}s:11:\"description\";s:8:\"New File\";s:5:\"width\";s:4:\"1920\";s:6:\"height\";s:4:\"1282\";s:7:\"version\";s:3:\"1.0\";s:14:\"plugin_version\";s:0:\"\";s:5:\"added\";s:19:\"2016-08-15 14:29:46\";s:6:\"active\";s:1:\"1\";s:4:\"type\";s:1:\"2\";}i:289;a:12:{s:2:\"id\";s:3:\"108\";s:6:\"handle\";s:15:\"palm_sunset.jpg\";s:4:\"name\";s:11:\"Palm Sunset\";s:4:\"tags\";a:4:{i:0;a:3:{s:2:\"id\";s:2:\"22\";s:6:\"handle\";s:3:\"Sky\";s:4:\"name\";s:3:\"Sky\";}i:1;a:3:{s:2:\"id\";s:2:\"19\";s:6:\"handle\";s:6:\"nature\";s:4:\"name\";s:6:\"Nature\";}i:2;a:3:{s:2:\"id\";s:2:\"21\";s:6:\"handle\";s:4:\"City\";s:4:\"name\";s:4:\"City\";}i:3;a:3:{s:2:\"id\";s:2:\"23\";s:6:\"handle\";s:5:\"Night\";s:4:\"name\";s:5:\"Night\";}}s:11:\"description\";s:8:\"New File\";s:5:\"width\";s:4:\"1372\";s:6:\"height\";s:4:\"1920\";s:7:\"version\";s:3:\"1.0\";s:14:\"plugin_version\";s:0:\"\";s:5:\"added\";s:19:\"2016-08-15 14:29:46\";s:6:\"active\";s:1:\"1\";s:4:\"type\";s:1:\"2\";}i:290;a:12:{s:2:\"id\";s:3:\"107\";s:6:\"handle\";s:18:\"concert_people.jpg\";s:4:\"name\";s:14:\"Concert People\";s:4:\"tags\";a:1:{i:0;a:3:{s:2:\"id\";s:2:\"24\";s:6:\"handle\";s:6:\"People\";s:4:\"name\";s:6:\"People\";}}s:11:\"description\";s:8:\"New File\";s:5:\"width\";s:4:\"1920\";s:6:\"height\";s:4:\"1277\";s:7:\"version\";s:3:\"1.0\";s:14:\"plugin_version\";s:0:\"\";s:5:\"added\";s:19:\"2016-08-15 14:29:46\";s:6:\"active\";s:1:\"1\";s:4:\"type\";s:1:\"2\";}i:291;a:12:{s:2:\"id\";s:3:\"106\";s:6:\"handle\";s:15:\"forest_road.jpg\";s:4:\"name\";s:11:\"Forest Road\";s:4:\"tags\";a:1:{i:0;a:3:{s:2:\"id\";s:2:\"19\";s:6:\"handle\";s:6:\"nature\";s:4:\"name\";s:6:\"Nature\";}}s:11:\"description\";s:8:\"New File\";s:5:\"width\";s:4:\"1920\";s:6:\"height\";s:4:\"1282\";s:7:\"version\";s:3:\"1.0\";s:14:\"plugin_version\";s:0:\"\";s:5:\"added\";s:19:\"2016-08-15 14:29:46\";s:6:\"active\";s:1:\"1\";s:4:\"type\";s:1:\"2\";}i:292;a:12:{s:2:\"id\";s:3:\"105\";s:6:\"handle\";s:15:\"beach_ocean.jpg\";s:4:\"name\";s:11:\"Beach Ocean\";s:4:\"tags\";a:3:{i:0;a:3:{s:2:\"id\";s:2:\"20\";s:6:\"handle\";s:5:\"Beach\";s:4:\"name\";s:5:\"Beach\";}i:1;a:3:{s:2:\"id\";s:2:\"22\";s:6:\"handle\";s:3:\"Sky\";s:4:\"name\";s:3:\"Sky\";}i:2;a:3:{s:2:\"id\";s:2:\"19\";s:6:\"handle\";s:6:\"nature\";s:4:\"name\";s:6:\"Nature\";}}s:11:\"description\";s:8:\"New File\";s:5:\"width\";s:4:\"1920\";s:6:\"height\";s:4:\"1280\";s:7:\"version\";s:3:\"1.0\";s:14:\"plugin_version\";s:0:\"\";s:5:\"added\";s:19:\"2016-08-15 14:29:46\";s:6:\"active\";s:1:\"1\";s:4:\"type\";s:1:\"2\";}i:293;a:12:{s:2:\"id\";s:3:\"104\";s:6:\"handle\";s:18:\"mountain_night.jpg\";s:4:\"name\";s:14:\"Mountain Night\";s:4:\"tags\";a:3:{i:0;a:3:{s:2:\"id\";s:2:\"22\";s:6:\"handle\";s:3:\"Sky\";s:4:\"name\";s:3:\"Sky\";}i:1;a:3:{s:2:\"id\";s:2:\"19\";s:6:\"handle\";s:6:\"nature\";s:4:\"name\";s:6:\"Nature\";}i:2;a:3:{s:2:\"id\";s:2:\"23\";s:6:\"handle\";s:5:\"Night\";s:4:\"name\";s:5:\"Night\";}}s:11:\"description\";s:8:\"New File\";s:5:\"width\";s:4:\"1920\";s:6:\"height\";s:4:\"1277\";s:7:\"version\";s:3:\"1.0\";s:14:\"plugin_version\";s:0:\"\";s:5:\"added\";s:19:\"2016-08-15 14:29:46\";s:6:\"active\";s:1:\"1\";s:4:\"type\";s:1:\"2\";}i:294;a:12:{s:2:\"id\";s:3:\"103\";s:6:\"handle\";s:19:\"ocean_mountains.jpg\";s:4:\"name\";s:15:\"Ocean Mountains\";s:4:\"tags\";a:2:{i:0;a:3:{s:2:\"id\";s:2:\"22\";s:6:\"handle\";s:3:\"Sky\";s:4:\"name\";s:3:\"Sky\";}i:1;a:3:{s:2:\"id\";s:2:\"19\";s:6:\"handle\";s:6:\"nature\";s:4:\"name\";s:6:\"Nature\";}}s:11:\"description\";s:8:\"New File\";s:5:\"width\";s:4:\"1920\";s:6:\"height\";s:4:\"1282\";s:7:\"version\";s:3:\"1.0\";s:14:\"plugin_version\";s:0:\"\";s:5:\"added\";s:19:\"2016-08-15 14:29:46\";s:6:\"active\";s:1:\"1\";s:4:\"type\";s:1:\"2\";}i:295;a:12:{s:2:\"id\";s:3:\"102\";s:6:\"handle\";s:10:\"forest.jpg\";s:4:\"name\";s:6:\"Forest\";s:4:\"tags\";a:2:{i:0;a:3:{s:2:\"id\";s:2:\"22\";s:6:\"handle\";s:3:\"Sky\";s:4:\"name\";s:3:\"Sky\";}i:1;a:3:{s:2:\"id\";s:2:\"19\";s:6:\"handle\";s:6:\"nature\";s:4:\"name\";s:6:\"Nature\";}}s:11:\"description\";s:8:\"New File\";s:5:\"width\";s:4:\"1920\";s:6:\"height\";s:4:\"1280\";s:7:\"version\";s:3:\"1.0\";s:14:\"plugin_version\";s:0:\"\";s:5:\"added\";s:19:\"2016-08-15 14:29:46\";s:6:\"active\";s:1:\"1\";s:4:\"type\";s:1:\"2\";}i:296;a:12:{s:2:\"id\";s:3:\"101\";s:6:\"handle\";s:16:\"ocean_stones.jpg\";s:4:\"name\";s:12:\"Ocean Stones\";s:4:\"tags\";a:3:{i:0;a:3:{s:2:\"id\";s:2:\"20\";s:6:\"handle\";s:5:\"Beach\";s:4:\"name\";s:5:\"Beach\";}i:1;a:3:{s:2:\"id\";s:2:\"22\";s:6:\"handle\";s:3:\"Sky\";s:4:\"name\";s:3:\"Sky\";}i:2;a:3:{s:2:\"id\";s:2:\"19\";s:6:\"handle\";s:6:\"nature\";s:4:\"name\";s:6:\"Nature\";}}s:11:\"description\";s:8:\"New File\";s:5:\"width\";s:4:\"1920\";s:6:\"height\";s:4:\"1280\";s:7:\"version\";s:3:\"1.0\";s:14:\"plugin_version\";s:0:\"\";s:5:\"added\";s:19:\"2016-08-15 14:29:46\";s:6:\"active\";s:1:\"1\";s:4:\"type\";s:1:\"2\";}i:297;a:12:{s:2:\"id\";s:3:\"100\";s:6:\"handle\";s:16:\"country_road.jpg\";s:4:\"name\";s:12:\"Country Road\";s:4:\"tags\";a:3:{i:0;a:3:{s:2:\"id\";s:2:\"22\";s:6:\"handle\";s:3:\"Sky\";s:4:\"name\";s:3:\"Sky\";}i:1;a:3:{s:2:\"id\";s:2:\"19\";s:6:\"handle\";s:6:\"nature\";s:4:\"name\";s:6:\"Nature\";}i:2;a:3:{s:2:\"id\";s:2:\"21\";s:6:\"handle\";s:4:\"City\";s:4:\"name\";s:4:\"City\";}}s:11:\"description\";s:8:\"New File\";s:5:\"width\";s:4:\"1920\";s:6:\"height\";s:3:\"800\";s:7:\"version\";s:3:\"1.0\";s:14:\"plugin_version\";s:0:\"\";s:5:\"added\";s:19:\"2016-08-15 14:29:46\";s:6:\"active\";s:1:\"1\";s:4:\"type\";s:1:\"2\";}i:298;a:12:{s:2:\"id\";s:2:\"99\";s:6:\"handle\";s:9:\"beach.jpg\";s:4:\"name\";s:5:\"Beach\";s:4:\"tags\";a:2:{i:0;a:3:{s:2:\"id\";s:2:\"20\";s:6:\"handle\";s:5:\"Beach\";s:4:\"name\";s:5:\"Beach\";}i:1;a:3:{s:2:\"id\";s:2:\"19\";s:6:\"handle\";s:6:\"nature\";s:4:\"name\";s:6:\"Nature\";}}s:11:\"description\";s:8:\"New File\";s:5:\"width\";s:4:\"1920\";s:6:\"height\";s:4:\"1280\";s:7:\"version\";s:3:\"1.0\";s:14:\"plugin_version\";s:0:\"\";s:5:\"added\";s:19:\"2016-08-15 14:29:46\";s:6:\"active\";s:1:\"1\";s:4:\"type\";s:1:\"2\";}i:299;a:12:{s:2:\"id\";s:2:\"98\";s:6:\"handle\";s:16:\"city_skyline.jpg\";s:4:\"name\";s:12:\"City Skyline\";s:4:\"tags\";a:1:{i:0;a:3:{s:2:\"id\";s:2:\"21\";s:6:\"handle\";s:4:\"City\";s:4:\"name\";s:4:\"City\";}}s:11:\"description\";s:8:\"New File\";s:5:\"width\";s:4:\"1920\";s:6:\"height\";s:4:\"1280\";s:7:\"version\";s:3:\"1.0\";s:14:\"plugin_version\";s:0:\"\";s:5:\"added\";s:19:\"2016-08-15 14:29:46\";s:6:\"active\";s:1:\"1\";s:4:\"type\";s:1:\"2\";}i:300;a:12:{s:2:\"id\";s:2:\"97\";s:6:\"handle\";s:17:\"night_skyline.jpg\";s:4:\"name\";s:13:\"Night Skyline\";s:4:\"tags\";a:3:{i:0;a:3:{s:2:\"id\";s:2:\"22\";s:6:\"handle\";s:3:\"Sky\";s:4:\"name\";s:3:\"Sky\";}i:1;a:3:{s:2:\"id\";s:2:\"21\";s:6:\"handle\";s:4:\"City\";s:4:\"name\";s:4:\"City\";}i:2;a:3:{s:2:\"id\";s:2:\"23\";s:6:\"handle\";s:5:\"Night\";s:4:\"name\";s:5:\"Night\";}}s:11:\"description\";s:8:\"New File\";s:5:\"width\";s:4:\"1920\";s:6:\"height\";s:4:\"1280\";s:7:\"version\";s:3:\"1.0\";s:14:\"plugin_version\";s:0:\"\";s:5:\"added\";s:19:\"2016-08-15 14:29:46\";s:6:\"active\";s:1:\"1\";s:4:\"type\";s:1:\"2\";}i:301;a:12:{s:2:\"id\";s:2:\"96\";s:6:\"handle\";s:14:\"city_river.jpg\";s:4:\"name\";s:10:\"City River\";s:4:\"tags\";a:2:{i:0;a:3:{s:2:\"id\";s:2:\"22\";s:6:\"handle\";s:3:\"Sky\";s:4:\"name\";s:3:\"Sky\";}i:1;a:3:{s:2:\"id\";s:2:\"21\";s:6:\"handle\";s:4:\"City\";s:4:\"name\";s:4:\"City\";}}s:11:\"description\";s:8:\"New File\";s:5:\"width\";s:4:\"1920\";s:6:\"height\";s:4:\"1280\";s:7:\"version\";s:3:\"1.0\";s:14:\"plugin_version\";s:0:\"\";s:5:\"added\";s:19:\"2016-08-15 14:29:46\";s:6:\"active\";s:1:\"1\";s:4:\"type\";s:1:\"2\";}i:302;a:12:{s:2:\"id\";s:2:\"95\";s:6:\"handle\";s:19:\"mountain_view_3.jpg\";s:4:\"name\";s:15:\"Mountain View 3\";s:4:\"tags\";a:2:{i:0;a:3:{s:2:\"id\";s:2:\"22\";s:6:\"handle\";s:3:\"Sky\";s:4:\"name\";s:3:\"Sky\";}i:1;a:3:{s:2:\"id\";s:2:\"19\";s:6:\"handle\";s:6:\"nature\";s:4:\"name\";s:6:\"Nature\";}}s:11:\"description\";s:8:\"New File\";s:5:\"width\";s:4:\"1920\";s:6:\"height\";s:4:\"1281\";s:7:\"version\";s:3:\"1.0\";s:14:\"plugin_version\";s:0:\"\";s:5:\"added\";s:19:\"2016-08-15 14:29:46\";s:6:\"active\";s:1:\"1\";s:4:\"type\";s:1:\"2\";}i:303;a:12:{s:2:\"id\";s:2:\"94\";s:6:\"handle\";s:14:\"misty_farm.jpg\";s:4:\"name\";s:10:\"Misty Farm\";s:4:\"tags\";a:2:{i:0;a:3:{s:2:\"id\";s:2:\"22\";s:6:\"handle\";s:3:\"Sky\";s:4:\"name\";s:3:\"Sky\";}i:1;a:3:{s:2:\"id\";s:2:\"19\";s:6:\"handle\";s:6:\"nature\";s:4:\"name\";s:6:\"Nature\";}}s:11:\"description\";s:8:\"New File\";s:5:\"width\";s:4:\"1920\";s:6:\"height\";s:4:\"1280\";s:7:\"version\";s:3:\"1.0\";s:14:\"plugin_version\";s:0:\"\";s:5:\"added\";s:19:\"2016-08-15 14:29:46\";s:6:\"active\";s:1:\"1\";s:4:\"type\";s:1:\"2\";}i:304;a:12:{s:2:\"id\";s:2:\"93\";s:6:\"handle\";s:17:\"mountain_path.jpg\";s:4:\"name\";s:13:\"Mountain Path\";s:4:\"tags\";a:2:{i:0;a:3:{s:2:\"id\";s:2:\"22\";s:6:\"handle\";s:3:\"Sky\";s:4:\"name\";s:3:\"Sky\";}i:1;a:3:{s:2:\"id\";s:2:\"19\";s:6:\"handle\";s:6:\"nature\";s:4:\"name\";s:6:\"Nature\";}}s:11:\"description\";s:8:\"New File\";s:5:\"width\";s:4:\"1920\";s:6:\"height\";s:4:\"1280\";s:7:\"version\";s:3:\"1.0\";s:14:\"plugin_version\";s:0:\"\";s:5:\"added\";s:19:\"2016-08-15 14:29:46\";s:6:\"active\";s:1:\"1\";s:4:\"type\";s:1:\"2\";}i:305;a:12:{s:2:\"id\";s:2:\"92\";s:6:\"handle\";s:19:\"night_skyline_3.jpg\";s:4:\"name\";s:15:\"Night Skyline 3\";s:4:\"tags\";a:2:{i:0;a:3:{s:2:\"id\";s:2:\"22\";s:6:\"handle\";s:3:\"Sky\";s:4:\"name\";s:3:\"Sky\";}i:1;a:3:{s:2:\"id\";s:2:\"21\";s:6:\"handle\";s:4:\"City\";s:4:\"name\";s:4:\"City\";}}s:11:\"description\";s:8:\"New File\";s:5:\"width\";s:4:\"1920\";s:6:\"height\";s:4:\"1080\";s:7:\"version\";s:3:\"1.0\";s:14:\"plugin_version\";s:0:\"\";s:5:\"added\";s:19:\"2016-08-15 14:29:46\";s:6:\"active\";s:1:\"1\";s:4:\"type\";s:1:\"2\";}i:306;a:12:{s:2:\"id\";s:2:\"91\";s:6:\"handle\";s:17:\"mountain_view.jpg\";s:4:\"name\";s:13:\"Mountain View\";s:4:\"tags\";a:2:{i:0;a:3:{s:2:\"id\";s:2:\"22\";s:6:\"handle\";s:3:\"Sky\";s:4:\"name\";s:3:\"Sky\";}i:1;a:3:{s:2:\"id\";s:2:\"19\";s:6:\"handle\";s:6:\"nature\";s:4:\"name\";s:6:\"Nature\";}}s:11:\"description\";s:8:\"New File\";s:5:\"width\";s:4:\"1920\";s:6:\"height\";s:4:\"1160\";s:7:\"version\";s:3:\"1.0\";s:14:\"plugin_version\";s:0:\"\";s:5:\"added\";s:19:\"2016-08-15 14:29:46\";s:6:\"active\";s:1:\"1\";s:4:\"type\";s:1:\"2\";}i:307;a:12:{s:2:\"id\";s:2:\"90\";s:6:\"handle\";s:19:\"rocky_landscape.jpg\";s:4:\"name\";s:15:\"Rocky Landscape\";s:4:\"tags\";a:2:{i:0;a:3:{s:2:\"id\";s:2:\"22\";s:6:\"handle\";s:3:\"Sky\";s:4:\"name\";s:3:\"Sky\";}i:1;a:3:{s:2:\"id\";s:2:\"19\";s:6:\"handle\";s:6:\"nature\";s:4:\"name\";s:6:\"Nature\";}}s:11:\"description\";s:8:\"New File\";s:5:\"width\";s:4:\"1920\";s:6:\"height\";s:4:\"1080\";s:7:\"version\";s:3:\"1.0\";s:14:\"plugin_version\";s:0:\"\";s:5:\"added\";s:19:\"2016-08-15 14:29:46\";s:6:\"active\";s:1:\"1\";s:4:\"type\";s:1:\"2\";}i:308;a:12:{s:2:\"id\";s:2:\"89\";s:6:\"handle\";s:19:\"mountain_view_4.jpg\";s:4:\"name\";s:15:\"Mountain View 4\";s:4:\"tags\";a:2:{i:0;a:3:{s:2:\"id\";s:2:\"22\";s:6:\"handle\";s:3:\"Sky\";s:4:\"name\";s:3:\"Sky\";}i:1;a:3:{s:2:\"id\";s:2:\"19\";s:6:\"handle\";s:6:\"nature\";s:4:\"name\";s:6:\"Nature\";}}s:11:\"description\";s:8:\"New File\";s:5:\"width\";s:4:\"1920\";s:6:\"height\";s:4:\"1203\";s:7:\"version\";s:3:\"1.0\";s:14:\"plugin_version\";s:0:\"\";s:5:\"added\";s:19:\"2016-08-15 14:29:46\";s:6:\"active\";s:1:\"1\";s:4:\"type\";s:1:\"2\";}i:309;a:13:{s:2:\"id\";s:3:\"529\";s:6:\"handle\";s:13:\"Fitness-4.jpg\";s:5:\"video\";s:13:\"Fitness-4.mp4\";s:4:\"name\";s:10:\"Fitness 4 \";s:4:\"tags\";a:1:{i:0;a:3:{s:2:\"id\";s:2:\"27\";s:6:\"handle\";s:5:\"sport\";s:4:\"name\";s:5:\"Sport\";}}s:11:\"description\";s:8:\"New File\";s:5:\"width\";s:4:\"1920\";s:6:\"height\";s:4:\"1080\";s:7:\"version\";s:3:\"1.0\";s:14:\"plugin_version\";s:5:\"6.0.0\";s:5:\"added\";s:19:\"2019-04-23 11:46:50\";s:6:\"active\";s:1:\"1\";s:4:\"type\";s:1:\"3\";}i:310;a:13:{s:2:\"id\";s:3:\"528\";s:6:\"handle\";s:13:\"Fitness-3.jpg\";s:5:\"video\";s:13:\"Fitness-3.mp4\";s:4:\"name\";s:10:\"Fitness 3 \";s:4:\"tags\";a:1:{i:0;a:3:{s:2:\"id\";s:2:\"27\";s:6:\"handle\";s:5:\"sport\";s:4:\"name\";s:5:\"Sport\";}}s:11:\"description\";s:8:\"New File\";s:5:\"width\";s:4:\"1920\";s:6:\"height\";s:4:\"1080\";s:7:\"version\";s:3:\"1.0\";s:14:\"plugin_version\";s:5:\"6.0.0\";s:5:\"added\";s:19:\"2019-04-23 11:46:50\";s:6:\"active\";s:1:\"1\";s:4:\"type\";s:1:\"3\";}i:311;a:13:{s:2:\"id\";s:3:\"527\";s:6:\"handle\";s:9:\"Chess.jpg\";s:5:\"video\";s:9:\"Chess.mp4\";s:4:\"name\";s:6:\"Chess \";s:4:\"tags\";a:1:{i:0;a:3:{s:2:\"id\";s:2:\"27\";s:6:\"handle\";s:5:\"sport\";s:4:\"name\";s:5:\"Sport\";}}s:11:\"description\";s:8:\"New File\";s:5:\"width\";s:4:\"1920\";s:6:\"height\";s:4:\"1080\";s:7:\"version\";s:3:\"1.0\";s:14:\"plugin_version\";s:5:\"6.0.0\";s:5:\"added\";s:19:\"2019-04-23 11:46:50\";s:6:\"active\";s:1:\"1\";s:4:\"type\";s:1:\"3\";}i:312;a:13:{s:2:\"id\";s:3:\"526\";s:6:\"handle\";s:13:\"Fitness-2.jpg\";s:5:\"video\";s:13:\"Fitness-2.mp4\";s:4:\"name\";s:10:\"Fitness 2 \";s:4:\"tags\";a:1:{i:0;a:3:{s:2:\"id\";s:2:\"27\";s:6:\"handle\";s:5:\"sport\";s:4:\"name\";s:5:\"Sport\";}}s:11:\"description\";s:8:\"New File\";s:5:\"width\";s:4:\"1920\";s:6:\"height\";s:4:\"1080\";s:7:\"version\";s:3:\"1.0\";s:14:\"plugin_version\";s:5:\"6.0.0\";s:5:\"added\";s:19:\"2019-04-23 11:46:50\";s:6:\"active\";s:1:\"1\";s:4:\"type\";s:1:\"3\";}i:313;a:13:{s:2:\"id\";s:3:\"525\";s:6:\"handle\";s:11:\"Fitness.jpg\";s:5:\"video\";s:11:\"Fitness.mp4\";s:4:\"name\";s:8:\"Fitness \";s:4:\"tags\";a:1:{i:0;a:3:{s:2:\"id\";s:2:\"27\";s:6:\"handle\";s:5:\"sport\";s:4:\"name\";s:5:\"Sport\";}}s:11:\"description\";s:8:\"New File\";s:5:\"width\";s:4:\"1920\";s:6:\"height\";s:4:\"1080\";s:7:\"version\";s:3:\"1.0\";s:14:\"plugin_version\";s:5:\"6.0.0\";s:5:\"added\";s:19:\"2019-04-23 11:46:50\";s:6:\"active\";s:1:\"1\";s:4:\"type\";s:1:\"3\";}i:314;a:13:{s:2:\"id\";s:3:\"524\";s:6:\"handle\";s:9:\"Earth.jpg\";s:5:\"video\";s:9:\"Earth.mp4\";s:4:\"name\";s:6:\"Earth \";s:4:\"tags\";a:1:{i:0;a:3:{s:2:\"id\";s:2:\"29\";s:6:\"handle\";s:5:\"space\";s:4:\"name\";s:5:\"Space\";}}s:11:\"description\";s:8:\"New File\";s:5:\"width\";s:4:\"1920\";s:6:\"height\";s:4:\"1080\";s:7:\"version\";s:3:\"1.0\";s:14:\"plugin_version\";s:5:\"6.0.0\";s:5:\"added\";s:19:\"2019-04-23 11:44:06\";s:6:\"active\";s:1:\"1\";s:4:\"type\";s:1:\"3\";}i:315;a:13:{s:2:\"id\";s:3:\"523\";s:6:\"handle\";s:11:\"Space-2.jpg\";s:5:\"video\";s:11:\"Space-2.mp4\";s:4:\"name\";s:8:\"Space 2 \";s:4:\"tags\";a:1:{i:0;a:3:{s:2:\"id\";s:2:\"29\";s:6:\"handle\";s:5:\"space\";s:4:\"name\";s:5:\"Space\";}}s:11:\"description\";s:8:\"New File\";s:5:\"width\";s:4:\"1440\";s:6:\"height\";s:4:\"1080\";s:7:\"version\";s:3:\"1.0\";s:14:\"plugin_version\";s:5:\"6.0.0\";s:5:\"added\";s:19:\"2019-04-23 11:44:06\";s:6:\"active\";s:1:\"1\";s:4:\"type\";s:1:\"3\";}i:316;a:13:{s:2:\"id\";s:3:\"522\";s:6:\"handle\";s:13:\"Asteroids.jpg\";s:5:\"video\";s:13:\"Asteroids.mp4\";s:4:\"name\";s:10:\"Asteroids \";s:4:\"tags\";a:1:{i:0;a:3:{s:2:\"id\";s:2:\"29\";s:6:\"handle\";s:5:\"space\";s:4:\"name\";s:5:\"Space\";}}s:11:\"description\";s:8:\"New File\";s:5:\"width\";s:4:\"1920\";s:6:\"height\";s:4:\"1080\";s:7:\"version\";s:3:\"1.0\";s:14:\"plugin_version\";s:5:\"6.0.0\";s:5:\"added\";s:19:\"2019-04-23 11:44:06\";s:6:\"active\";s:1:\"1\";s:4:\"type\";s:1:\"3\";}i:317;a:13:{s:2:\"id\";s:3:\"521\";s:6:\"handle\";s:9:\"Space.jpg\";s:5:\"video\";s:9:\"Space.mp4\";s:4:\"name\";s:6:\"Space \";s:4:\"tags\";a:1:{i:0;a:3:{s:2:\"id\";s:2:\"29\";s:6:\"handle\";s:5:\"space\";s:4:\"name\";s:5:\"Space\";}}s:11:\"description\";s:8:\"New File\";s:5:\"width\";s:4:\"1920\";s:6:\"height\";s:4:\"1080\";s:7:\"version\";s:3:\"1.0\";s:14:\"plugin_version\";s:5:\"6.0.0\";s:5:\"added\";s:19:\"2019-04-23 11:44:06\";s:6:\"active\";s:1:\"1\";s:4:\"type\";s:1:\"3\";}i:318;a:13:{s:2:\"id\";s:3:\"520\";s:6:\"handle\";s:10:\"People.jpg\";s:5:\"video\";s:10:\"People.mp4\";s:4:\"name\";s:7:\"People \";s:4:\"tags\";a:1:{i:0;a:3:{s:2:\"id\";s:2:\"24\";s:6:\"handle\";s:6:\"People\";s:4:\"name\";s:6:\"People\";}}s:11:\"description\";s:8:\"New File\";s:5:\"width\";s:4:\"1920\";s:6:\"height\";s:4:\"1080\";s:7:\"version\";s:3:\"1.0\";s:14:\"plugin_version\";s:5:\"6.0.0\";s:5:\"added\";s:19:\"2019-04-23 11:42:16\";s:6:\"active\";s:1:\"1\";s:4:\"type\";s:1:\"3\";}i:319;a:13:{s:2:\"id\";s:3:\"519\";s:6:\"handle\";s:11:\"Walking.jpg\";s:5:\"video\";s:11:\"Walking.mp4\";s:4:\"name\";s:8:\"Walking \";s:4:\"tags\";a:1:{i:0;a:3:{s:2:\"id\";s:2:\"24\";s:6:\"handle\";s:6:\"People\";s:4:\"name\";s:6:\"People\";}}s:11:\"description\";s:8:\"New File\";s:5:\"width\";s:4:\"1920\";s:6:\"height\";s:4:\"1080\";s:7:\"version\";s:3:\"1.0\";s:14:\"plugin_version\";s:5:\"6.0.0\";s:5:\"added\";s:19:\"2019-04-23 11:42:16\";s:6:\"active\";s:1:\"1\";s:4:\"type\";s:1:\"3\";}i:320;a:13:{s:2:\"id\";s:3:\"518\";s:6:\"handle\";s:19:\"Double-Exposure.jpg\";s:5:\"video\";s:19:\"Double-Exposure.mp4\";s:4:\"name\";s:16:\"Double Exposure \";s:4:\"tags\";a:1:{i:0;a:3:{s:2:\"id\";s:2:\"24\";s:6:\"handle\";s:6:\"People\";s:4:\"name\";s:6:\"People\";}}s:11:\"description\";s:8:\"New File\";s:5:\"width\";s:4:\"1920\";s:6:\"height\";s:4:\"1080\";s:7:\"version\";s:3:\"1.0\";s:14:\"plugin_version\";s:5:\"6.0.0\";s:5:\"added\";s:19:\"2019-04-23 11:42:16\";s:6:\"active\";s:1:\"1\";s:4:\"type\";s:1:\"3\";}i:321;a:13:{s:2:\"id\";s:3:\"517\";s:6:\"handle\";s:8:\"Girl.jpg\";s:5:\"video\";s:8:\"Girl.mp4\";s:4:\"name\";s:5:\"Girl \";s:4:\"tags\";a:1:{i:0;a:3:{s:2:\"id\";s:2:\"24\";s:6:\"handle\";s:6:\"People\";s:4:\"name\";s:6:\"People\";}}s:11:\"description\";s:8:\"New File\";s:5:\"width\";s:4:\"1920\";s:6:\"height\";s:4:\"1088\";s:7:\"version\";s:3:\"1.0\";s:14:\"plugin_version\";s:5:\"6.0.0\";s:5:\"added\";s:19:\"2019-04-23 11:42:16\";s:6:\"active\";s:1:\"1\";s:4:\"type\";s:1:\"3\";}i:322;a:13:{s:2:\"id\";s:3:\"516\";s:6:\"handle\";s:17:\"Bengal-Lights.jpg\";s:5:\"video\";s:17:\"Bengal-Lights.mp4\";s:4:\"name\";s:14:\"Bengal Lights \";s:4:\"tags\";a:1:{i:0;a:3:{s:2:\"id\";s:2:\"24\";s:6:\"handle\";s:6:\"People\";s:4:\"name\";s:6:\"People\";}}s:11:\"description\";s:8:\"New File\";s:5:\"width\";s:4:\"1920\";s:6:\"height\";s:4:\"1080\";s:7:\"version\";s:3:\"1.0\";s:14:\"plugin_version\";s:5:\"6.0.0\";s:5:\"added\";s:19:\"2019-04-23 11:42:16\";s:6:\"active\";s:1:\"1\";s:4:\"type\";s:1:\"3\";}i:323;a:13:{s:2:\"id\";s:3:\"515\";s:6:\"handle\";s:13:\"Swiping-2.jpg\";s:5:\"video\";s:13:\"Swiping-2.mp4\";s:4:\"name\";s:10:\"Swiping 2 \";s:4:\"tags\";a:1:{i:0;a:3:{s:2:\"id\";s:1:\"3\";s:6:\"handle\";s:6:\"office\";s:4:\"name\";s:6:\"Office\";}}s:11:\"description\";s:8:\"New File\";s:5:\"width\";s:4:\"1920\";s:6:\"height\";s:4:\"1080\";s:7:\"version\";s:3:\"1.0\";s:14:\"plugin_version\";s:5:\"6.0.0\";s:5:\"added\";s:19:\"2019-04-23 11:39:19\";s:6:\"active\";s:1:\"1\";s:4:\"type\";s:1:\"3\";}i:324;a:13:{s:2:\"id\";s:3:\"514\";s:6:\"handle\";s:11:\"Mock-Up.jpg\";s:5:\"video\";s:11:\"Mock-Up.mp4\";s:4:\"name\";s:8:\"Mock Up \";s:4:\"tags\";a:1:{i:0;a:3:{s:2:\"id\";s:1:\"3\";s:6:\"handle\";s:6:\"office\";s:4:\"name\";s:6:\"Office\";}}s:11:\"description\";s:8:\"New File\";s:5:\"width\";s:4:\"1920\";s:6:\"height\";s:4:\"1080\";s:7:\"version\";s:3:\"1.0\";s:14:\"plugin_version\";s:5:\"6.0.0\";s:5:\"added\";s:19:\"2019-04-23 11:39:19\";s:6:\"active\";s:1:\"1\";s:4:\"type\";s:1:\"3\";}i:325;a:13:{s:2:\"id\";s:3:\"513\";s:6:\"handle\";s:13:\"Countdown.jpg\";s:5:\"video\";s:13:\"Countdown.mp4\";s:4:\"name\";s:10:\"Countdown \";s:4:\"tags\";a:1:{i:0;a:3:{s:2:\"id\";s:1:\"3\";s:6:\"handle\";s:6:\"office\";s:4:\"name\";s:6:\"Office\";}}s:11:\"description\";s:8:\"New File\";s:5:\"width\";s:4:\"1920\";s:6:\"height\";s:4:\"1080\";s:7:\"version\";s:3:\"1.0\";s:14:\"plugin_version\";s:5:\"6.0.0\";s:5:\"added\";s:19:\"2019-04-23 11:39:19\";s:6:\"active\";s:1:\"1\";s:4:\"type\";s:1:\"3\";}i:326;a:13:{s:2:\"id\";s:3:\"512\";s:6:\"handle\";s:18:\"Wall-Sketching.jpg\";s:5:\"video\";s:18:\"Wall-Sketching.mp4\";s:4:\"name\";s:15:\"Wall Sketching \";s:4:\"tags\";a:1:{i:0;a:3:{s:2:\"id\";s:1:\"3\";s:6:\"handle\";s:6:\"office\";s:4:\"name\";s:6:\"Office\";}}s:11:\"description\";s:8:\"New File\";s:5:\"width\";s:4:\"1920\";s:6:\"height\";s:4:\"1080\";s:7:\"version\";s:3:\"1.0\";s:14:\"plugin_version\";s:5:\"6.0.0\";s:5:\"added\";s:19:\"2019-04-23 11:39:19\";s:6:\"active\";s:1:\"1\";s:4:\"type\";s:1:\"3\";}i:327;a:13:{s:2:\"id\";s:3:\"511\";s:6:\"handle\";s:26:\"Typing-on-the-keyboard.jpg\";s:5:\"video\";s:26:\"Typing-on-the-keyboard.mp4\";s:4:\"name\";s:23:\"Typing on the keyboard \";s:4:\"tags\";a:1:{i:0;a:3:{s:2:\"id\";s:1:\"3\";s:6:\"handle\";s:6:\"office\";s:4:\"name\";s:6:\"Office\";}}s:11:\"description\";s:8:\"New File\";s:5:\"width\";s:4:\"1920\";s:6:\"height\";s:4:\"1080\";s:7:\"version\";s:3:\"1.0\";s:14:\"plugin_version\";s:5:\"6.0.0\";s:5:\"added\";s:19:\"2019-04-23 11:39:19\";s:6:\"active\";s:1:\"1\";s:4:\"type\";s:1:\"3\";}i:328;a:13:{s:2:\"id\";s:3:\"510\";s:6:\"handle\";s:11:\"Meeting.jpg\";s:5:\"video\";s:11:\"Meeting.mp4\";s:4:\"name\";s:8:\"Meeting \";s:4:\"tags\";a:1:{i:0;a:3:{s:2:\"id\";s:1:\"3\";s:6:\"handle\";s:6:\"office\";s:4:\"name\";s:6:\"Office\";}}s:11:\"description\";s:8:\"New File\";s:5:\"width\";s:4:\"1920\";s:6:\"height\";s:4:\"1080\";s:7:\"version\";s:3:\"1.0\";s:14:\"plugin_version\";s:5:\"6.0.0\";s:5:\"added\";s:19:\"2019-04-23 11:39:19\";s:6:\"active\";s:1:\"1\";s:4:\"type\";s:1:\"3\";}i:329;a:13:{s:2:\"id\";s:3:\"509\";s:6:\"handle\";s:11:\"Swiping.jpg\";s:5:\"video\";s:11:\"Swiping.mp4\";s:4:\"name\";s:8:\"Swiping \";s:4:\"tags\";a:1:{i:0;a:3:{s:2:\"id\";s:1:\"3\";s:6:\"handle\";s:6:\"office\";s:4:\"name\";s:6:\"Office\";}}s:11:\"description\";s:8:\"New File\";s:5:\"width\";s:4:\"1920\";s:6:\"height\";s:4:\"1080\";s:7:\"version\";s:3:\"1.0\";s:14:\"plugin_version\";s:5:\"6.0.0\";s:5:\"added\";s:19:\"2019-04-23 11:39:19\";s:6:\"active\";s:1:\"1\";s:4:\"type\";s:1:\"3\";}i:330;a:13:{s:2:\"id\";s:3:\"508\";s:6:\"handle\";s:9:\"Alarm.jpg\";s:5:\"video\";s:9:\"Alarm.mp4\";s:4:\"name\";s:6:\"Alarm \";s:4:\"tags\";a:1:{i:0;a:3:{s:2:\"id\";s:1:\"3\";s:6:\"handle\";s:6:\"office\";s:4:\"name\";s:6:\"Office\";}}s:11:\"description\";s:8:\"New File\";s:5:\"width\";s:4:\"1920\";s:6:\"height\";s:4:\"1013\";s:7:\"version\";s:3:\"1.0\";s:14:\"plugin_version\";s:5:\"6.0.0\";s:5:\"added\";s:19:\"2019-04-23 11:39:19\";s:6:\"active\";s:1:\"1\";s:4:\"type\";s:1:\"3\";}i:331;a:13:{s:2:\"id\";s:3:\"507\";s:6:\"handle\";s:13:\"Hey-World.jpg\";s:5:\"video\";s:13:\"Hey-World.mp4\";s:4:\"name\";s:10:\"Hey World \";s:4:\"tags\";a:1:{i:0;a:3:{s:2:\"id\";s:1:\"3\";s:6:\"handle\";s:6:\"office\";s:4:\"name\";s:6:\"Office\";}}s:11:\"description\";s:8:\"New File\";s:5:\"width\";s:4:\"1920\";s:6:\"height\";s:4:\"1080\";s:7:\"version\";s:3:\"1.0\";s:14:\"plugin_version\";s:5:\"6.0.0\";s:5:\"added\";s:19:\"2019-04-23 11:39:19\";s:6:\"active\";s:1:\"1\";s:4:\"type\";s:1:\"3\";}i:332;a:13:{s:2:\"id\";s:3:\"506\";s:6:\"handle\";s:28:\"Typing-on-the-keyboard-2.jpg\";s:5:\"video\";s:28:\"Typing-on-the-keyboard-2.mp4\";s:4:\"name\";s:25:\"Typing on the keyboard 2 \";s:4:\"tags\";a:1:{i:0;a:3:{s:2:\"id\";s:1:\"3\";s:6:\"handle\";s:6:\"office\";s:4:\"name\";s:6:\"Office\";}}s:11:\"description\";s:8:\"New File\";s:5:\"width\";s:4:\"1920\";s:6:\"height\";s:4:\"1080\";s:7:\"version\";s:3:\"1.0\";s:14:\"plugin_version\";s:5:\"6.0.0\";s:5:\"added\";s:19:\"2019-04-23 11:39:19\";s:6:\"active\";s:1:\"1\";s:4:\"type\";s:1:\"3\";}i:333;a:13:{s:2:\"id\";s:3:\"505\";s:6:\"handle\";s:10:\"Valley.jpg\";s:5:\"video\";s:10:\"Valley.mp4\";s:4:\"name\";s:7:\"Valley \";s:4:\"tags\";a:1:{i:0;a:3:{s:2:\"id\";s:2:\"19\";s:6:\"handle\";s:6:\"nature\";s:4:\"name\";s:6:\"Nature\";}}s:11:\"description\";s:8:\"New File\";s:5:\"width\";s:4:\"1920\";s:6:\"height\";s:4:\"1080\";s:7:\"version\";s:3:\"1.0\";s:14:\"plugin_version\";s:5:\"6.0.0\";s:5:\"added\";s:19:\"2019-04-23 11:35:27\";s:6:\"active\";s:1:\"1\";s:4:\"type\";s:1:\"3\";}i:334;a:13:{s:2:\"id\";s:3:\"504\";s:6:\"handle\";s:9:\"Stars.jpg\";s:5:\"video\";s:9:\"Stars.mp4\";s:4:\"name\";s:6:\"Stars \";s:4:\"tags\";a:1:{i:0;a:3:{s:2:\"id\";s:2:\"19\";s:6:\"handle\";s:6:\"nature\";s:4:\"name\";s:6:\"Nature\";}}s:11:\"description\";s:8:\"New File\";s:5:\"width\";s:4:\"1920\";s:6:\"height\";s:4:\"1080\";s:7:\"version\";s:3:\"1.0\";s:14:\"plugin_version\";s:5:\"6.0.0\";s:5:\"added\";s:19:\"2019-04-23 11:35:27\";s:6:\"active\";s:1:\"1\";s:4:\"type\";s:1:\"3\";}i:335;a:13:{s:2:\"id\";s:3:\"503\";s:6:\"handle\";s:21:\"Car-in-the-forest.jpg\";s:5:\"video\";s:21:\"Car-in-the-forest.mp4\";s:4:\"name\";s:18:\"Car in the forest \";s:4:\"tags\";a:1:{i:0;a:3:{s:2:\"id\";s:2:\"19\";s:6:\"handle\";s:6:\"nature\";s:4:\"name\";s:6:\"Nature\";}}s:11:\"description\";s:8:\"New File\";s:5:\"width\";s:4:\"1920\";s:6:\"height\";s:4:\"1012\";s:7:\"version\";s:3:\"1.0\";s:14:\"plugin_version\";s:5:\"6.0.0\";s:5:\"added\";s:19:\"2019-04-23 11:35:27\";s:6:\"active\";s:1:\"1\";s:4:\"type\";s:1:\"3\";}i:336;a:13:{s:2:\"id\";s:3:\"502\";s:6:\"handle\";s:15:\"Aerial-Shot.jpg\";s:5:\"video\";s:15:\"Aerial-Shot.mp4\";s:4:\"name\";s:12:\"Aerial Shot \";s:4:\"tags\";a:1:{i:0;a:3:{s:2:\"id\";s:2:\"19\";s:6:\"handle\";s:6:\"nature\";s:4:\"name\";s:6:\"Nature\";}}s:11:\"description\";s:8:\"New File\";s:5:\"width\";s:4:\"1920\";s:6:\"height\";s:4:\"1080\";s:7:\"version\";s:3:\"1.0\";s:14:\"plugin_version\";s:5:\"6.0.0\";s:5:\"added\";s:19:\"2019-04-23 11:35:27\";s:6:\"active\";s:1:\"1\";s:4:\"type\";s:1:\"3\";}i:337;a:13:{s:2:\"id\";s:3:\"501\";s:6:\"handle\";s:14:\"Disco-Ball.jpg\";s:5:\"video\";s:14:\"Disco-Ball.mp4\";s:4:\"name\";s:11:\"Disco Ball \";s:4:\"tags\";a:1:{i:0;a:3:{s:2:\"id\";s:1:\"4\";s:6:\"handle\";s:5:\"music\";s:4:\"name\";s:5:\"Music\";}}s:11:\"description\";s:8:\"New File\";s:5:\"width\";s:4:\"1920\";s:6:\"height\";s:4:\"1080\";s:7:\"version\";s:3:\"1.0\";s:14:\"plugin_version\";s:5:\"6.0.0\";s:5:\"added\";s:19:\"2019-04-23 11:33:16\";s:6:\"active\";s:1:\"1\";s:4:\"type\";s:1:\"3\";}i:338;a:13:{s:2:\"id\";s:3:\"500\";s:6:\"handle\";s:22:\"Man-Playing-Guitar.jpg\";s:5:\"video\";s:22:\"Man-Playing-Guitar.mp4\";s:4:\"name\";s:19:\"Man Playing Guitar \";s:4:\"tags\";a:1:{i:0;a:3:{s:2:\"id\";s:1:\"4\";s:6:\"handle\";s:5:\"music\";s:4:\"name\";s:5:\"Music\";}}s:11:\"description\";s:8:\"New File\";s:5:\"width\";s:4:\"1920\";s:6:\"height\";s:4:\"1080\";s:7:\"version\";s:3:\"1.0\";s:14:\"plugin_version\";s:5:\"6.0.0\";s:5:\"added\";s:19:\"2019-04-23 11:33:16\";s:6:\"active\";s:1:\"1\";s:4:\"type\";s:1:\"3\";}i:339;a:13:{s:2:\"id\";s:3:\"499\";s:6:\"handle\";s:14:\"Live-Music.jpg\";s:5:\"video\";s:14:\"Live-Music.mp4\";s:4:\"name\";s:11:\"Live Music \";s:4:\"tags\";a:1:{i:0;a:3:{s:2:\"id\";s:1:\"4\";s:6:\"handle\";s:5:\"music\";s:4:\"name\";s:5:\"Music\";}}s:11:\"description\";s:8:\"New File\";s:5:\"width\";s:4:\"1920\";s:6:\"height\";s:4:\"1080\";s:7:\"version\";s:3:\"1.0\";s:14:\"plugin_version\";s:5:\"6.0.0\";s:5:\"added\";s:19:\"2019-04-23 11:33:16\";s:6:\"active\";s:1:\"1\";s:4:\"type\";s:1:\"3\";}i:340;a:13:{s:2:\"id\";s:3:\"498\";s:6:\"handle\";s:12:\"Cheer-Up.jpg\";s:5:\"video\";s:12:\"Cheer-Up.mp4\";s:4:\"name\";s:9:\"Cheer Up \";s:4:\"tags\";a:1:{i:0;a:3:{s:2:\"id\";s:1:\"4\";s:6:\"handle\";s:5:\"music\";s:4:\"name\";s:5:\"Music\";}}s:11:\"description\";s:8:\"New File\";s:5:\"width\";s:4:\"1920\";s:6:\"height\";s:4:\"1080\";s:7:\"version\";s:3:\"1.0\";s:14:\"plugin_version\";s:5:\"6.0.0\";s:5:\"added\";s:19:\"2019-04-23 11:33:16\";s:6:\"active\";s:1:\"1\";s:4:\"type\";s:1:\"3\";}i:341;a:13:{s:2:\"id\";s:3:\"497\";s:6:\"handle\";s:14:\"Night-club.jpg\";s:5:\"video\";s:14:\"Night-club.mp4\";s:4:\"name\";s:11:\"Night club \";s:4:\"tags\";a:1:{i:0;a:3:{s:2:\"id\";s:1:\"4\";s:6:\"handle\";s:5:\"music\";s:4:\"name\";s:5:\"Music\";}}s:11:\"description\";s:8:\"New File\";s:5:\"width\";s:4:\"1920\";s:6:\"height\";s:4:\"1080\";s:7:\"version\";s:3:\"1.0\";s:14:\"plugin_version\";s:5:\"6.0.0\";s:5:\"added\";s:19:\"2019-04-23 11:33:16\";s:6:\"active\";s:1:\"1\";s:4:\"type\";s:1:\"3\";}i:342;a:13:{s:2:\"id\";s:3:\"496\";s:6:\"handle\";s:17:\"Cup-Of-Coffee.jpg\";s:5:\"video\";s:17:\"Cup-Of-Coffee.mp4\";s:4:\"name\";s:14:\"Cup Of Coffee \";s:4:\"tags\";a:1:{i:0;a:3:{s:2:\"id\";s:2:\"16\";s:6:\"handle\";s:4:\"food\";s:4:\"name\";s:4:\"Food\";}}s:11:\"description\";s:8:\"New File\";s:5:\"width\";s:4:\"1920\";s:6:\"height\";s:4:\"1080\";s:7:\"version\";s:3:\"1.0\";s:14:\"plugin_version\";s:5:\"6.0.0\";s:5:\"added\";s:19:\"2019-04-23 11:30:48\";s:6:\"active\";s:1:\"1\";s:4:\"type\";s:1:\"3\";}i:343;a:13:{s:2:\"id\";s:3:\"495\";s:6:\"handle\";s:7:\"Pot.jpg\";s:5:\"video\";s:7:\"Pot.mp4\";s:4:\"name\";s:4:\"Pot \";s:4:\"tags\";a:1:{i:0;a:3:{s:2:\"id\";s:2:\"16\";s:6:\"handle\";s:4:\"food\";s:4:\"name\";s:4:\"Food\";}}s:11:\"description\";s:8:\"New File\";s:5:\"width\";s:4:\"1920\";s:6:\"height\";s:4:\"1080\";s:7:\"version\";s:3:\"1.0\";s:14:\"plugin_version\";s:5:\"6.0.0\";s:5:\"added\";s:19:\"2019-04-23 11:30:48\";s:6:\"active\";s:1:\"1\";s:4:\"type\";s:1:\"3\";}i:344;a:13:{s:2:\"id\";s:3:\"494\";s:6:\"handle\";s:11:\"Grill-2.jpg\";s:5:\"video\";s:11:\"Grill-2.mp4\";s:4:\"name\";s:8:\"Grill 2 \";s:4:\"tags\";a:1:{i:0;a:3:{s:2:\"id\";s:2:\"16\";s:6:\"handle\";s:4:\"food\";s:4:\"name\";s:4:\"Food\";}}s:11:\"description\";s:8:\"New File\";s:5:\"width\";s:4:\"1920\";s:6:\"height\";s:4:\"1080\";s:7:\"version\";s:3:\"1.0\";s:14:\"plugin_version\";s:5:\"6.0.0\";s:5:\"added\";s:19:\"2019-04-23 11:30:48\";s:6:\"active\";s:1:\"1\";s:4:\"type\";s:1:\"3\";}i:345;a:13:{s:2:\"id\";s:3:\"493\";s:6:\"handle\";s:13:\"Rice-Bowl.jpg\";s:5:\"video\";s:13:\"Rice-Bowl.mp4\";s:4:\"name\";s:10:\"Rice Bowl \";s:4:\"tags\";a:1:{i:0;a:3:{s:2:\"id\";s:2:\"16\";s:6:\"handle\";s:4:\"food\";s:4:\"name\";s:4:\"Food\";}}s:11:\"description\";s:8:\"New File\";s:5:\"width\";s:4:\"1920\";s:6:\"height\";s:4:\"1010\";s:7:\"version\";s:3:\"1.0\";s:14:\"plugin_version\";s:5:\"6.0.0\";s:5:\"added\";s:19:\"2019-04-23 11:30:48\";s:6:\"active\";s:1:\"1\";s:4:\"type\";s:1:\"3\";}i:346;a:13:{s:2:\"id\";s:3:\"492\";s:6:\"handle\";s:9:\"Grill.jpg\";s:5:\"video\";s:9:\"Grill.mp4\";s:4:\"name\";s:6:\"Grill \";s:4:\"tags\";a:1:{i:0;a:3:{s:2:\"id\";s:2:\"16\";s:6:\"handle\";s:4:\"food\";s:4:\"name\";s:4:\"Food\";}}s:11:\"description\";s:8:\"New File\";s:5:\"width\";s:4:\"1920\";s:6:\"height\";s:4:\"1080\";s:7:\"version\";s:3:\"1.0\";s:14:\"plugin_version\";s:5:\"6.0.0\";s:5:\"added\";s:19:\"2019-04-23 11:30:48\";s:6:\"active\";s:1:\"1\";s:4:\"type\";s:1:\"3\";}i:347;a:13:{s:2:\"id\";s:3:\"491\";s:6:\"handle\";s:9:\"Water.jpg\";s:5:\"video\";s:9:\"Water.mp4\";s:4:\"name\";s:6:\"Water \";s:4:\"tags\";a:1:{i:0;a:3:{s:2:\"id\";s:2:\"20\";s:6:\"handle\";s:5:\"Beach\";s:4:\"name\";s:5:\"Beach\";}}s:11:\"description\";s:8:\"New File\";s:5:\"width\";s:4:\"1920\";s:6:\"height\";s:4:\"1080\";s:7:\"version\";s:3:\"1.0\";s:14:\"plugin_version\";s:5:\"6.0.0\";s:5:\"added\";s:19:\"2019-04-23 11:24:15\";s:6:\"active\";s:1:\"1\";s:4:\"type\";s:1:\"3\";}i:348;a:13:{s:2:\"id\";s:3:\"490\";s:6:\"handle\";s:17:\"Feet-and-Sand.jpg\";s:5:\"video\";s:17:\"Feet-and-Sand.mp4\";s:4:\"name\";s:14:\"Feet and Sand \";s:4:\"tags\";a:1:{i:0;a:3:{s:2:\"id\";s:2:\"20\";s:6:\"handle\";s:5:\"Beach\";s:4:\"name\";s:5:\"Beach\";}}s:11:\"description\";s:8:\"New File\";s:5:\"width\";s:4:\"1920\";s:6:\"height\";s:4:\"1080\";s:7:\"version\";s:3:\"1.0\";s:14:\"plugin_version\";s:5:\"6.0.0\";s:5:\"added\";s:19:\"2019-04-23 11:24:15\";s:6:\"active\";s:1:\"1\";s:4:\"type\";s:1:\"3\";}i:349;a:13:{s:2:\"id\";s:3:\"489\";s:6:\"handle\";s:9:\"Ocean.jpg\";s:5:\"video\";s:9:\"Ocean.mp4\";s:4:\"name\";s:6:\"Ocean \";s:4:\"tags\";a:1:{i:0;a:3:{s:2:\"id\";s:2:\"20\";s:6:\"handle\";s:5:\"Beach\";s:4:\"name\";s:5:\"Beach\";}}s:11:\"description\";s:8:\"New File\";s:5:\"width\";s:4:\"1920\";s:6:\"height\";s:4:\"1080\";s:7:\"version\";s:3:\"1.0\";s:14:\"plugin_version\";s:5:\"6.0.0\";s:5:\"added\";s:19:\"2019-04-23 11:24:15\";s:6:\"active\";s:1:\"1\";s:4:\"type\";s:1:\"3\";}i:350;a:13:{s:2:\"id\";s:3:\"488\";s:6:\"handle\";s:9:\"Waves.jpg\";s:5:\"video\";s:9:\"Waves.mp4\";s:4:\"name\";s:6:\"Waves \";s:4:\"tags\";a:1:{i:0;a:3:{s:2:\"id\";s:2:\"20\";s:6:\"handle\";s:5:\"Beach\";s:4:\"name\";s:5:\"Beach\";}}s:11:\"description\";s:8:\"New File\";s:5:\"width\";s:4:\"1920\";s:6:\"height\";s:4:\"1080\";s:7:\"version\";s:3:\"1.0\";s:14:\"plugin_version\";s:5:\"6.0.0\";s:5:\"added\";s:19:\"2019-04-23 11:24:15\";s:6:\"active\";s:1:\"1\";s:4:\"type\";s:1:\"3\";}i:351;a:13:{s:2:\"id\";s:3:\"487\";s:6:\"handle\";s:10:\"Hearts.jpg\";s:5:\"video\";s:10:\"Hearts.mp4\";s:4:\"name\";s:7:\"Hearts \";s:4:\"tags\";a:1:{i:0;a:3:{s:2:\"id\";s:2:\"28\";s:6:\"handle\";s:11:\"abstraction\";s:4:\"name\";s:11:\"Abstraction\";}}s:11:\"description\";s:8:\"New File\";s:5:\"width\";s:4:\"1920\";s:6:\"height\";s:4:\"1080\";s:7:\"version\";s:3:\"1.0\";s:14:\"plugin_version\";s:5:\"6.0.0\";s:5:\"added\";s:19:\"2019-04-23 11:20:38\";s:6:\"active\";s:1:\"1\";s:4:\"type\";s:1:\"3\";}i:352;a:13:{s:2:\"id\";s:3:\"486\";s:6:\"handle\";s:12:\"Octagons.jpg\";s:5:\"video\";s:12:\"Octagons.mp4\";s:4:\"name\";s:9:\"Octagons \";s:4:\"tags\";a:1:{i:0;a:3:{s:2:\"id\";s:2:\"28\";s:6:\"handle\";s:11:\"abstraction\";s:4:\"name\";s:11:\"Abstraction\";}}s:11:\"description\";s:8:\"New File\";s:5:\"width\";s:4:\"1920\";s:6:\"height\";s:4:\"1080\";s:7:\"version\";s:3:\"1.0\";s:14:\"plugin_version\";s:5:\"6.0.0\";s:5:\"added\";s:19:\"2019-04-23 11:20:38\";s:6:\"active\";s:1:\"1\";s:4:\"type\";s:1:\"3\";}i:353;a:13:{s:2:\"id\";s:3:\"485\";s:6:\"handle\";s:11:\"Squares.jpg\";s:5:\"video\";s:11:\"Squares.mp4\";s:4:\"name\";s:8:\"Squares \";s:4:\"tags\";a:1:{i:0;a:3:{s:2:\"id\";s:2:\"28\";s:6:\"handle\";s:11:\"abstraction\";s:4:\"name\";s:11:\"Abstraction\";}}s:11:\"description\";s:8:\"New File\";s:5:\"width\";s:4:\"1920\";s:6:\"height\";s:4:\"1080\";s:7:\"version\";s:3:\"1.0\";s:14:\"plugin_version\";s:5:\"6.0.0\";s:5:\"added\";s:19:\"2019-04-23 11:20:38\";s:6:\"active\";s:1:\"1\";s:4:\"type\";s:1:\"3\";}i:354;a:13:{s:2:\"id\";s:3:\"484\";s:6:\"handle\";s:12:\"Pink-ink.jpg\";s:5:\"video\";s:12:\"Pink-ink.mp4\";s:4:\"name\";s:9:\"Pink ink \";s:4:\"tags\";a:1:{i:0;a:3:{s:2:\"id\";s:2:\"28\";s:6:\"handle\";s:11:\"abstraction\";s:4:\"name\";s:11:\"Abstraction\";}}s:11:\"description\";s:8:\"New File\";s:5:\"width\";s:4:\"1920\";s:6:\"height\";s:4:\"1080\";s:7:\"version\";s:3:\"1.0\";s:14:\"plugin_version\";s:5:\"6.0.0\";s:5:\"added\";s:19:\"2019-04-23 11:20:38\";s:6:\"active\";s:1:\"1\";s:4:\"type\";s:1:\"3\";}i:355;a:13:{s:2:\"id\";s:3:\"483\";s:6:\"handle\";s:22:\"Blurred-Background.jpg\";s:5:\"video\";s:22:\"Blurred-Background.mp4\";s:4:\"name\";s:19:\"Blurred Background \";s:4:\"tags\";a:1:{i:0;a:3:{s:2:\"id\";s:2:\"28\";s:6:\"handle\";s:11:\"abstraction\";s:4:\"name\";s:11:\"Abstraction\";}}s:11:\"description\";s:8:\"New File\";s:5:\"width\";s:4:\"1920\";s:6:\"height\";s:4:\"1080\";s:7:\"version\";s:3:\"1.0\";s:14:\"plugin_version\";s:5:\"6.0.0\";s:5:\"added\";s:19:\"2019-04-23 11:20:38\";s:6:\"active\";s:1:\"1\";s:4:\"type\";s:1:\"3\";}i:356;a:13:{s:2:\"id\";s:3:\"482\";s:6:\"handle\";s:20:\"Blinking-bubbles.jpg\";s:5:\"video\";s:20:\"Blinking-bubbles.mp4\";s:4:\"name\";s:17:\"Blinking bubbles \";s:4:\"tags\";a:1:{i:0;a:3:{s:2:\"id\";s:2:\"28\";s:6:\"handle\";s:11:\"abstraction\";s:4:\"name\";s:11:\"Abstraction\";}}s:11:\"description\";s:8:\"New File\";s:5:\"width\";s:4:\"1920\";s:6:\"height\";s:4:\"1080\";s:7:\"version\";s:3:\"1.0\";s:14:\"plugin_version\";s:5:\"6.0.0\";s:5:\"added\";s:19:\"2019-04-23 11:20:38\";s:6:\"active\";s:1:\"1\";s:4:\"type\";s:1:\"3\";}i:357;a:13:{s:2:\"id\";s:3:\"481\";s:6:\"handle\";s:13:\"Fireworks.jpg\";s:5:\"video\";s:13:\"Fireworks.mp4\";s:4:\"name\";s:10:\"Fireworks \";s:4:\"tags\";a:1:{i:0;a:3:{s:2:\"id\";s:2:\"28\";s:6:\"handle\";s:11:\"abstraction\";s:4:\"name\";s:11:\"Abstraction\";}}s:11:\"description\";s:8:\"New File\";s:5:\"width\";s:4:\"1920\";s:6:\"height\";s:4:\"1080\";s:7:\"version\";s:3:\"1.0\";s:14:\"plugin_version\";s:5:\"6.0.0\";s:5:\"added\";s:19:\"2019-04-23 11:20:38\";s:6:\"active\";s:1:\"1\";s:4:\"type\";s:1:\"3\";}i:358;a:13:{s:2:\"id\";s:3:\"480\";s:6:\"handle\";s:12:\"Dark-ink.jpg\";s:5:\"video\";s:12:\"Dark-ink.mp4\";s:4:\"name\";s:9:\"Dark ink \";s:4:\"tags\";a:1:{i:0;a:3:{s:2:\"id\";s:2:\"28\";s:6:\"handle\";s:11:\"abstraction\";s:4:\"name\";s:11:\"Abstraction\";}}s:11:\"description\";s:8:\"New File\";s:5:\"width\";s:4:\"1920\";s:6:\"height\";s:4:\"1080\";s:7:\"version\";s:3:\"1.0\";s:14:\"plugin_version\";s:5:\"6.0.0\";s:5:\"added\";s:19:\"2019-04-23 11:20:38\";s:6:\"active\";s:1:\"1\";s:4:\"type\";s:1:\"3\";}i:359;a:13:{s:2:\"id\";s:3:\"238\";s:6:\"handle\";s:12:\"Mt_Baker.jpg\";s:5:\"video\";s:12:\"Mt_Baker.mp4\";s:4:\"name\";s:9:\"Mt Baker \";s:4:\"tags\";a:1:{i:0;a:3:{s:2:\"id\";s:2:\"19\";s:6:\"handle\";s:6:\"nature\";s:4:\"name\";s:6:\"Nature\";}}s:11:\"description\";s:8:\"New File\";s:5:\"width\";s:4:\"1920\";s:6:\"height\";s:4:\"1080\";s:7:\"version\";s:3:\"1.0\";s:14:\"plugin_version\";s:0:\"\";s:5:\"added\";s:19:\"2018-07-16 15:34:55\";s:6:\"active\";s:1:\"1\";s:4:\"type\";s:1:\"3\";}i:360;a:13:{s:2:\"id\";s:3:\"237\";s:6:\"handle\";s:16:\"Two-Swimmers.jpg\";s:5:\"video\";s:16:\"Two-Swimmers.mp4\";s:4:\"name\";s:13:\"Two Swimmers \";s:4:\"tags\";a:1:{i:0;a:3:{s:2:\"id\";s:2:\"19\";s:6:\"handle\";s:6:\"nature\";s:4:\"name\";s:6:\"Nature\";}}s:11:\"description\";s:8:\"New File\";s:5:\"width\";s:4:\"1920\";s:6:\"height\";s:4:\"1080\";s:7:\"version\";s:3:\"1.0\";s:14:\"plugin_version\";s:0:\"\";s:5:\"added\";s:19:\"2018-07-16 15:34:55\";s:6:\"active\";s:1:\"1\";s:4:\"type\";s:1:\"3\";}i:361;a:13:{s:2:\"id\";s:3:\"236\";s:6:\"handle\";s:14:\"Boats_Maze.jpg\";s:5:\"video\";s:14:\"Boats_Maze.mp4\";s:4:\"name\";s:11:\"Boats Maze \";s:4:\"tags\";a:1:{i:0;a:3:{s:2:\"id\";s:2:\"19\";s:6:\"handle\";s:6:\"nature\";s:4:\"name\";s:6:\"Nature\";}}s:11:\"description\";s:8:\"New File\";s:5:\"width\";s:4:\"1920\";s:6:\"height\";s:4:\"1080\";s:7:\"version\";s:3:\"1.0\";s:14:\"plugin_version\";s:0:\"\";s:5:\"added\";s:19:\"2018-07-16 15:34:55\";s:6:\"active\";s:1:\"1\";s:4:\"type\";s:1:\"3\";}i:362;a:13:{s:2:\"id\";s:3:\"235\";s:6:\"handle\";s:18:\"Candolim-Beach.jpg\";s:5:\"video\";s:18:\"Candolim-Beach.mp4\";s:4:\"name\";s:15:\"Candolim Beach \";s:4:\"tags\";a:2:{i:0;a:3:{s:2:\"id\";s:2:\"20\";s:6:\"handle\";s:5:\"Beach\";s:4:\"name\";s:5:\"Beach\";}i:1;a:3:{s:2:\"id\";s:2:\"19\";s:6:\"handle\";s:6:\"nature\";s:4:\"name\";s:6:\"Nature\";}}s:11:\"description\";s:8:\"New File\";s:5:\"width\";s:4:\"1920\";s:6:\"height\";s:4:\"1080\";s:7:\"version\";s:3:\"1.0\";s:14:\"plugin_version\";s:0:\"\";s:5:\"added\";s:19:\"2018-07-16 15:34:55\";s:6:\"active\";s:1:\"1\";s:4:\"type\";s:1:\"3\";}i:363;a:13:{s:2:\"id\";s:3:\"234\";s:6:\"handle\";s:17:\"Working-Space.jpg\";s:5:\"video\";s:17:\"Working-Space.mp4\";s:4:\"name\";s:14:\"Working Space \";s:4:\"tags\";a:1:{i:0;a:3:{s:2:\"id\";s:1:\"3\";s:6:\"handle\";s:6:\"office\";s:4:\"name\";s:6:\"Office\";}}s:11:\"description\";s:8:\"New File\";s:5:\"width\";s:4:\"1920\";s:6:\"height\";s:4:\"1080\";s:7:\"version\";s:3:\"1.0\";s:14:\"plugin_version\";s:0:\"\";s:5:\"added\";s:19:\"2018-07-16 15:34:55\";s:6:\"active\";s:1:\"1\";s:4:\"type\";s:1:\"3\";}i:364;a:13:{s:2:\"id\";s:3:\"233\";s:6:\"handle\";s:9:\"Wavez.jpg\";s:5:\"video\";s:9:\"Wavez.mp4\";s:4:\"name\";s:6:\"Wavez \";s:4:\"tags\";a:1:{i:0;a:3:{s:2:\"id\";s:2:\"19\";s:6:\"handle\";s:6:\"nature\";s:4:\"name\";s:6:\"Nature\";}}s:11:\"description\";s:8:\"New File\";s:5:\"width\";s:4:\"1920\";s:6:\"height\";s:4:\"1080\";s:7:\"version\";s:3:\"1.0\";s:14:\"plugin_version\";s:0:\"\";s:5:\"added\";s:19:\"2018-07-16 15:34:55\";s:6:\"active\";s:1:\"1\";s:4:\"type\";s:1:\"3\";}i:365;a:13:{s:2:\"id\";s:3:\"232\";s:6:\"handle\";s:17:\"Coconut-Grove.jpg\";s:5:\"video\";s:17:\"Coconut-Grove.mp4\";s:4:\"name\";s:14:\"Coconut Grove \";s:4:\"tags\";a:1:{i:0;a:3:{s:2:\"id\";s:2:\"19\";s:6:\"handle\";s:6:\"nature\";s:4:\"name\";s:6:\"Nature\";}}s:11:\"description\";s:8:\"New File\";s:5:\"width\";s:4:\"1920\";s:6:\"height\";s:4:\"1080\";s:7:\"version\";s:3:\"1.0\";s:14:\"plugin_version\";s:0:\"\";s:5:\"added\";s:19:\"2018-07-16 15:34:55\";s:6:\"active\";s:1:\"1\";s:4:\"type\";s:1:\"3\";}i:366;a:13:{s:2:\"id\";s:3:\"231\";s:6:\"handle\";s:19:\"Very-Open-Space.jpg\";s:5:\"video\";s:19:\"Very-Open-Space.mp4\";s:4:\"name\";s:16:\"Very Open Space \";s:4:\"tags\";a:1:{i:0;a:3:{s:2:\"id\";s:1:\"3\";s:6:\"handle\";s:6:\"office\";s:4:\"name\";s:6:\"Office\";}}s:11:\"description\";s:8:\"New File\";s:5:\"width\";s:4:\"1920\";s:6:\"height\";s:4:\"1080\";s:7:\"version\";s:3:\"1.0\";s:14:\"plugin_version\";s:0:\"\";s:5:\"added\";s:19:\"2018-07-16 15:34:55\";s:6:\"active\";s:1:\"1\";s:4:\"type\";s:1:\"3\";}i:367;a:13:{s:2:\"id\";s:3:\"230\";s:6:\"handle\";s:14:\"Office-Day.jpg\";s:5:\"video\";s:14:\"Office-Day.mp4\";s:4:\"name\";s:11:\"Office Day \";s:4:\"tags\";a:1:{i:0;a:3:{s:2:\"id\";s:1:\"3\";s:6:\"handle\";s:6:\"office\";s:4:\"name\";s:6:\"Office\";}}s:11:\"description\";s:8:\"New File\";s:5:\"width\";s:4:\"1920\";s:6:\"height\";s:4:\"1080\";s:7:\"version\";s:3:\"1.0\";s:14:\"plugin_version\";s:0:\"\";s:5:\"added\";s:19:\"2018-07-16 15:34:55\";s:6:\"active\";s:1:\"1\";s:4:\"type\";s:1:\"3\";}i:368;a:13:{s:2:\"id\";s:3:\"229\";s:6:\"handle\";s:12:\"The-Hill.jpg\";s:5:\"video\";s:12:\"The-Hill.mp4\";s:4:\"name\";s:9:\"The Hill \";s:4:\"tags\";a:2:{i:0;a:3:{s:2:\"id\";s:1:\"5\";s:6:\"handle\";s:3:\"art\";s:4:\"name\";s:3:\"Art\";}i:1;a:3:{s:2:\"id\";s:2:\"19\";s:6:\"handle\";s:6:\"nature\";s:4:\"name\";s:6:\"Nature\";}}s:11:\"description\";s:8:\"New File\";s:5:\"width\";s:4:\"1920\";s:6:\"height\";s:4:\"1080\";s:7:\"version\";s:3:\"1.0\";s:14:\"plugin_version\";s:0:\"\";s:5:\"added\";s:19:\"2018-07-16 15:34:55\";s:6:\"active\";s:1:\"1\";s:4:\"type\";s:1:\"3\";}i:369;a:13:{s:2:\"id\";s:3:\"339\";s:6:\"handle\";s:19:\"best_price_dark.jpg\";s:5:\"video\";s:19:\"best_price_dark.mp4\";s:4:\"name\";s:15:\"best_price_dark\";s:4:\"tags\";a:1:{i:0;a:3:{s:2:\"id\";s:2:\"25\";s:6:\"handle\";s:4:\"dark\";s:4:\"name\";s:4:\"Dark\";}}s:11:\"description\";s:15:\"best_price_dark\";s:5:\"width\";s:3:\"552\";s:6:\"height\";s:3:\"300\";s:7:\"version\";s:3:\"1.0\";s:14:\"plugin_version\";s:5:\"6.0.0\";s:5:\"added\";s:19:\"2019-03-26 09:24:35\";s:6:\"active\";s:1:\"1\";s:4:\"type\";s:1:\"4\";}i:370;a:13:{s:2:\"id\";s:3:\"337\";s:6:\"handle\";s:27:\"limited_time_offer_dark.jpg\";s:5:\"video\";s:27:\"limited_time_offer_dark.mp4\";s:4:\"name\";s:23:\"limited_time_offer_dark\";s:4:\"tags\";a:1:{i:0;a:3:{s:2:\"id\";s:2:\"25\";s:6:\"handle\";s:4:\"dark\";s:4:\"name\";s:4:\"Dark\";}}s:11:\"description\";s:23:\"limited_time_offer_dark\";s:5:\"width\";s:3:\"552\";s:6:\"height\";s:3:\"300\";s:7:\"version\";s:3:\"1.0\";s:14:\"plugin_version\";s:5:\"6.0.0\";s:5:\"added\";s:19:\"2019-03-26 09:24:35\";s:6:\"active\";s:1:\"1\";s:4:\"type\";s:1:\"4\";}i:371;a:13:{s:2:\"id\";s:3:\"336\";s:6:\"handle\";s:26:\"slider_revolution_dark.jpg\";s:5:\"video\";s:26:\"slider_revolution_dark.mp4\";s:4:\"name\";s:22:\"slider_revolution_dark\";s:4:\"tags\";a:1:{i:0;a:3:{s:2:\"id\";s:2:\"25\";s:6:\"handle\";s:4:\"dark\";s:4:\"name\";s:4:\"Dark\";}}s:11:\"description\";s:22:\"slider_revolution_dark\";s:5:\"width\";s:3:\"552\";s:6:\"height\";s:3:\"300\";s:7:\"version\";s:3:\"1.0\";s:14:\"plugin_version\";s:5:\"6.0.0\";s:5:\"added\";s:19:\"2019-03-26 09:24:35\";s:6:\"active\";s:1:\"1\";s:4:\"type\";s:1:\"4\";}i:372;a:13:{s:2:\"id\";s:3:\"335\";s:6:\"handle\";s:19:\"mick_brown_dark.jpg\";s:5:\"video\";s:19:\"mick_brown_dark.mp4\";s:4:\"name\";s:15:\"mick_brown_dark\";s:4:\"tags\";a:1:{i:0;a:3:{s:2:\"id\";s:2:\"25\";s:6:\"handle\";s:4:\"dark\";s:4:\"name\";s:4:\"Dark\";}}s:11:\"description\";s:15:\"mick_brown_dark\";s:5:\"width\";s:3:\"552\";s:6:\"height\";s:3:\"300\";s:7:\"version\";s:3:\"1.0\";s:14:\"plugin_version\";s:5:\"6.0.0\";s:5:\"added\";s:19:\"2019-03-26 09:24:35\";s:6:\"active\";s:1:\"1\";s:4:\"type\";s:1:\"4\";}i:373;a:13:{s:2:\"id\";s:3:\"334\";s:6:\"handle\";s:14:\"sales_dark.jpg\";s:5:\"video\";s:14:\"sales_dark.mp4\";s:4:\"name\";s:10:\"sales_dark\";s:4:\"tags\";a:1:{i:0;a:3:{s:2:\"id\";s:2:\"25\";s:6:\"handle\";s:4:\"dark\";s:4:\"name\";s:4:\"Dark\";}}s:11:\"description\";s:10:\"sales_dark\";s:5:\"width\";s:3:\"552\";s:6:\"height\";s:3:\"300\";s:7:\"version\";s:3:\"1.0\";s:14:\"plugin_version\";s:5:\"6.0.0\";s:5:\"added\";s:19:\"2019-03-12 08:32:18\";s:6:\"active\";s:1:\"1\";s:4:\"type\";s:1:\"4\";}i:374;a:13:{s:2:\"id\";s:3:\"333\";s:6:\"handle\";s:21:\"robert_smith_dark.jpg\";s:5:\"video\";s:21:\"robert_smith_dark.mp4\";s:4:\"name\";s:17:\"robert_smith_dark\";s:4:\"tags\";a:1:{i:0;a:3:{s:2:\"id\";s:2:\"25\";s:6:\"handle\";s:4:\"dark\";s:4:\"name\";s:4:\"Dark\";}}s:11:\"description\";s:17:\"robert_smith_dark\";s:5:\"width\";s:3:\"552\";s:6:\"height\";s:3:\"300\";s:7:\"version\";s:3:\"1.0\";s:14:\"plugin_version\";s:5:\"6.0.0\";s:5:\"added\";s:19:\"2019-03-12 08:32:18\";s:6:\"active\";s:1:\"1\";s:4:\"type\";s:1:\"4\";}i:375;a:13:{s:2:\"id\";s:3:\"332\";s:6:\"handle\";s:21:\"product_name_dark.jpg\";s:5:\"video\";s:21:\"product_name_dark.mp4\";s:4:\"name\";s:17:\"product_name_dark\";s:4:\"tags\";a:1:{i:0;a:3:{s:2:\"id\";s:2:\"25\";s:6:\"handle\";s:4:\"dark\";s:4:\"name\";s:4:\"Dark\";}}s:11:\"description\";s:17:\"product_name_dark\";s:5:\"width\";s:3:\"552\";s:6:\"height\";s:3:\"300\";s:7:\"version\";s:3:\"1.0\";s:14:\"plugin_version\";s:5:\"6.0.0\";s:5:\"added\";s:19:\"2019-03-12 08:32:18\";s:6:\"active\";s:1:\"1\";s:4:\"type\";s:1:\"4\";}i:376;a:13:{s:2:\"id\";s:3:\"331\";s:6:\"handle\";s:21:\"high_quality_dark.jpg\";s:5:\"video\";s:21:\"high_quality_dark.mp4\";s:4:\"name\";s:17:\"high_quality_dark\";s:4:\"tags\";a:1:{i:0;a:3:{s:2:\"id\";s:2:\"25\";s:6:\"handle\";s:4:\"dark\";s:4:\"name\";s:4:\"Dark\";}}s:11:\"description\";s:17:\"high_quality_dark\";s:5:\"width\";s:3:\"552\";s:6:\"height\";s:3:\"300\";s:7:\"version\";s:3:\"1.0\";s:14:\"plugin_version\";s:5:\"6.0.0\";s:5:\"added\";s:19:\"2019-03-12 08:32:18\";s:6:\"active\";s:1:\"1\";s:4:\"type\";s:1:\"4\";}i:377;a:13:{s:2:\"id\";s:3:\"330\";s:6:\"handle\";s:24:\"robert_johnson_light.jpg\";s:5:\"video\";s:24:\"robert_johnson_light.mp4\";s:4:\"name\";s:20:\"robert_johnson_light\";s:4:\"tags\";a:1:{i:0;a:3:{s:2:\"id\";s:2:\"26\";s:6:\"handle\";s:5:\"light\";s:4:\"name\";s:5:\"Light\";}}s:11:\"description\";s:20:\"robert_johnson_light\";s:5:\"width\";s:3:\"552\";s:6:\"height\";s:3:\"300\";s:7:\"version\";s:3:\"1.0\";s:14:\"plugin_version\";s:5:\"6.0.0\";s:5:\"added\";s:19:\"2019-03-12 08:32:18\";s:6:\"active\";s:1:\"1\";s:4:\"type\";s:1:\"4\";}i:378;a:13:{s:2:\"id\";s:3:\"329\";s:6:\"handle\";s:21:\"jake_collins_dark.jpg\";s:5:\"video\";s:21:\"jake_collins_dark.mp4\";s:4:\"name\";s:17:\"jake_collins_dark\";s:4:\"tags\";a:1:{i:0;a:3:{s:2:\"id\";s:2:\"25\";s:6:\"handle\";s:4:\"dark\";s:4:\"name\";s:4:\"Dark\";}}s:11:\"description\";s:17:\"jake_collins_dark\";s:5:\"width\";s:3:\"552\";s:6:\"height\";s:3:\"300\";s:7:\"version\";s:3:\"1.0\";s:14:\"plugin_version\";s:5:\"6.0.0\";s:5:\"added\";s:19:\"2019-03-12 08:32:18\";s:6:\"active\";s:1:\"1\";s:4:\"type\";s:1:\"4\";}i:379;a:13:{s:2:\"id\";s:3:\"328\";s:6:\"handle\";s:22:\"daniele_wood_light.jpg\";s:5:\"video\";s:22:\"daniele_wood_light.mp4\";s:4:\"name\";s:18:\"daniele_wood_light\";s:4:\"tags\";a:1:{i:0;a:3:{s:2:\"id\";s:2:\"26\";s:6:\"handle\";s:5:\"light\";s:4:\"name\";s:5:\"Light\";}}s:11:\"description\";s:18:\"daniele_wood_light\";s:5:\"width\";s:3:\"552\";s:6:\"height\";s:3:\"300\";s:7:\"version\";s:3:\"1.0\";s:14:\"plugin_version\";s:5:\"6.0.0\";s:5:\"added\";s:19:\"2019-03-12 08:31:30\";s:6:\"active\";s:1:\"1\";s:4:\"type\";s:1:\"4\";}i:380;a:13:{s:2:\"id\";s:3:\"327\";s:6:\"handle\";s:23:\"michael_blake_light.jpg\";s:5:\"video\";s:23:\"michael_blake_light.mp4\";s:4:\"name\";s:19:\"michael_blake_light\";s:4:\"tags\";a:1:{i:0;a:3:{s:2:\"id\";s:2:\"26\";s:6:\"handle\";s:5:\"light\";s:4:\"name\";s:5:\"Light\";}}s:11:\"description\";s:19:\"michael_blake_light\";s:5:\"width\";s:3:\"552\";s:6:\"height\";s:3:\"300\";s:7:\"version\";s:3:\"1.0\";s:14:\"plugin_version\";s:5:\"6.0.0\";s:5:\"added\";s:19:\"2019-03-05 09:20:21\";s:6:\"active\";s:1:\"1\";s:4:\"type\";s:1:\"4\";}i:381;a:13:{s:2:\"id\";s:3:\"326\";s:6:\"handle\";s:22:\"product_name_light.jpg\";s:5:\"video\";s:22:\"product_name_light.mp4\";s:4:\"name\";s:18:\"product_name_light\";s:4:\"tags\";a:1:{i:0;a:3:{s:2:\"id\";s:2:\"26\";s:6:\"handle\";s:5:\"light\";s:4:\"name\";s:5:\"Light\";}}s:11:\"description\";s:18:\"product_name_light\";s:5:\"width\";s:3:\"552\";s:6:\"height\";s:3:\"300\";s:7:\"version\";s:3:\"1.0\";s:14:\"plugin_version\";s:5:\"6.0.0\";s:5:\"added\";s:19:\"2019-03-05 09:20:21\";s:6:\"active\";s:1:\"1\";s:4:\"type\";s:1:\"4\";}i:382;a:13:{s:2:\"id\";s:3:\"325\";s:6:\"handle\";s:24:\"rebecca_cooper_light.jpg\";s:5:\"video\";s:24:\"rebecca_cooper_light.mp4\";s:4:\"name\";s:20:\"rebecca_cooper_light\";s:4:\"tags\";a:1:{i:0;a:3:{s:2:\"id\";s:2:\"26\";s:6:\"handle\";s:5:\"light\";s:4:\"name\";s:5:\"Light\";}}s:11:\"description\";s:20:\"rebecca_cooper_light\";s:5:\"width\";s:3:\"552\";s:6:\"height\";s:3:\"300\";s:7:\"version\";s:3:\"1.0\";s:14:\"plugin_version\";s:5:\"6.0.0\";s:5:\"added\";s:19:\"2019-03-05 09:20:21\";s:6:\"active\";s:1:\"1\";s:4:\"type\";s:1:\"4\";}i:383;a:13:{s:2:\"id\";s:3:\"324\";s:6:\"handle\";s:28:\"limited_time_offer_light.jpg\";s:5:\"video\";s:28:\"limited_time_offer_light.mp4\";s:4:\"name\";s:24:\"limited_time_offer_light\";s:4:\"tags\";a:1:{i:0;a:3:{s:2:\"id\";s:2:\"26\";s:6:\"handle\";s:5:\"light\";s:4:\"name\";s:5:\"Light\";}}s:11:\"description\";s:24:\"limited_time_offer_light\";s:5:\"width\";s:3:\"552\";s:6:\"height\";s:3:\"300\";s:7:\"version\";s:3:\"1.0\";s:14:\"plugin_version\";s:5:\"6.0.0\";s:5:\"added\";s:19:\"2019-03-05 09:20:21\";s:6:\"active\";s:1:\"1\";s:4:\"type\";s:1:\"4\";}i:384;a:13:{s:2:\"id\";s:3:\"322\";s:6:\"handle\";s:22:\"jake_michael_light.jpg\";s:5:\"video\";s:22:\"jake_michael_light.mp4\";s:4:\"name\";s:18:\"jake_michael_light\";s:4:\"tags\";a:1:{i:0;a:3:{s:2:\"id\";s:2:\"26\";s:6:\"handle\";s:5:\"light\";s:4:\"name\";s:5:\"Light\";}}s:11:\"description\";s:18:\"jake_michael_light\";s:5:\"width\";s:3:\"552\";s:6:\"height\";s:3:\"300\";s:7:\"version\";s:3:\"1.0\";s:14:\"plugin_version\";s:5:\"6.0.0\";s:5:\"added\";s:19:\"2019-03-05 09:20:21\";s:6:\"active\";s:1:\"1\";s:4:\"type\";s:1:\"4\";}i:385;a:13:{s:2:\"id\";s:3:\"321\";s:6:\"handle\";s:23:\"colin_johnson_light.jpg\";s:5:\"video\";s:23:\"colin_johnson_light.mp4\";s:4:\"name\";s:19:\"colin_johnson_light\";s:4:\"tags\";a:1:{i:0;a:3:{s:2:\"id\";s:2:\"26\";s:6:\"handle\";s:5:\"light\";s:4:\"name\";s:5:\"Light\";}}s:11:\"description\";s:19:\"colin_johnson_light\";s:5:\"width\";s:3:\"552\";s:6:\"height\";s:3:\"300\";s:7:\"version\";s:3:\"1.0\";s:14:\"plugin_version\";s:5:\"6.0.0\";s:5:\"added\";s:19:\"2019-03-05 09:20:21\";s:6:\"active\";s:1:\"1\";s:4:\"type\";s:1:\"4\";}i:386;a:13:{s:2:\"id\";s:3:\"320\";s:6:\"handle\";s:21:\"colin_morris_dark.jpg\";s:5:\"video\";s:21:\"colin_morris_dark.mp4\";s:4:\"name\";s:17:\"colin_morris_dark\";s:4:\"tags\";a:1:{i:0;a:3:{s:2:\"id\";s:2:\"25\";s:6:\"handle\";s:4:\"dark\";s:4:\"name\";s:4:\"Dark\";}}s:11:\"description\";s:17:\"colin_morris_dark\";s:5:\"width\";s:3:\"552\";s:6:\"height\";s:3:\"300\";s:7:\"version\";s:3:\"1.0\";s:14:\"plugin_version\";s:5:\"6.0.0\";s:5:\"added\";s:19:\"2019-02-21 09:07:08\";s:6:\"active\";s:1:\"1\";s:4:\"type\";s:1:\"4\";}i:387;a:13:{s:2:\"id\";s:3:\"319\";s:6:\"handle\";s:22:\"justin_cooper_dark.jpg\";s:5:\"video\";s:22:\"justin_cooper_dark.mp4\";s:4:\"name\";s:18:\"justin_cooper_dark\";s:4:\"tags\";a:1:{i:0;a:3:{s:2:\"id\";s:2:\"25\";s:6:\"handle\";s:4:\"dark\";s:4:\"name\";s:4:\"Dark\";}}s:11:\"description\";s:18:\"justin_cooper_dark\";s:5:\"width\";s:3:\"552\";s:6:\"height\";s:3:\"300\";s:7:\"version\";s:3:\"1.0\";s:14:\"plugin_version\";s:5:\"6.0.0\";s:5:\"added\";s:19:\"2019-02-21 09:07:08\";s:6:\"active\";s:1:\"1\";s:4:\"type\";s:1:\"4\";}i:388;a:13:{s:2:\"id\";s:3:\"318\";s:6:\"handle\";s:21:\"james-dodson_dark.jpg\";s:5:\"video\";s:21:\"james-dodson_dark.mp4\";s:4:\"name\";s:17:\"james-dodson_dark\";s:4:\"tags\";a:1:{i:0;a:3:{s:2:\"id\";s:2:\"25\";s:6:\"handle\";s:4:\"dark\";s:4:\"name\";s:4:\"Dark\";}}s:11:\"description\";s:17:\"james-dodson_dark\";s:5:\"width\";s:3:\"552\";s:6:\"height\";s:3:\"300\";s:7:\"version\";s:3:\"1.0\";s:14:\"plugin_version\";s:5:\"6.0.0\";s:5:\"added\";s:19:\"2019-02-21 09:07:08\";s:6:\"active\";s:1:\"1\";s:4:\"type\";s:1:\"4\";}i:389;a:13:{s:2:\"id\";s:3:\"317\";s:6:\"handle\";s:23:\"robert_sanders_dark.jpg\";s:5:\"video\";s:23:\"robert_sanders_dark.mp4\";s:4:\"name\";s:19:\"robert_sanders_dark\";s:4:\"tags\";a:1:{i:0;a:3:{s:2:\"id\";s:2:\"25\";s:6:\"handle\";s:4:\"dark\";s:4:\"name\";s:4:\"Dark\";}}s:11:\"description\";s:19:\"robert_sanders_dark\";s:5:\"width\";s:3:\"552\";s:6:\"height\";s:3:\"300\";s:7:\"version\";s:3:\"1.0\";s:14:\"plugin_version\";s:5:\"6.0.0\";s:5:\"added\";s:19:\"2019-02-21 09:07:08\";s:6:\"active\";s:1:\"1\";s:4:\"type\";s:1:\"4\";}i:390;a:13:{s:2:\"id\";s:3:\"316\";s:6:\"handle\";s:21:\"emily_carney_dark.jpg\";s:5:\"video\";s:21:\"emily_carney_dark.mp4\";s:4:\"name\";s:17:\"emily_carney_dark\";s:4:\"tags\";a:1:{i:0;a:3:{s:2:\"id\";s:2:\"25\";s:6:\"handle\";s:4:\"dark\";s:4:\"name\";s:4:\"Dark\";}}s:11:\"description\";s:17:\"emily_carney_dark\";s:5:\"width\";s:3:\"552\";s:6:\"height\";s:3:\"300\";s:7:\"version\";s:3:\"1.0\";s:14:\"plugin_version\";s:5:\"6.0.0\";s:5:\"added\";s:19:\"2019-02-21 09:07:08\";s:6:\"active\";s:1:\"1\";s:4:\"type\";s:1:\"4\";}i:391;a:13:{s:2:\"id\";s:3:\"315\";s:6:\"handle\";s:22:\"michael-smith_dark.jpg\";s:5:\"video\";s:22:\"michael-smith_dark.mp4\";s:4:\"name\";s:18:\"michael-smith_dark\";s:4:\"tags\";a:1:{i:0;a:3:{s:2:\"id\";s:2:\"25\";s:6:\"handle\";s:4:\"dark\";s:4:\"name\";s:4:\"Dark\";}}s:11:\"description\";s:18:\"michael-smith_dark\";s:5:\"width\";s:3:\"552\";s:6:\"height\";s:3:\"300\";s:7:\"version\";s:3:\"1.0\";s:14:\"plugin_version\";s:5:\"6.0.0\";s:5:\"added\";s:19:\"2019-02-21 09:07:08\";s:6:\"active\";s:1:\"1\";s:4:\"type\";s:1:\"4\";}i:392;a:13:{s:2:\"id\";s:3:\"314\";s:6:\"handle\";s:23:\"sandra_johnson_dark.jpg\";s:5:\"video\";s:23:\"sandra_johnson_dark.mp4\";s:4:\"name\";s:19:\"sandra_johnson_dark\";s:4:\"tags\";a:1:{i:0;a:3:{s:2:\"id\";s:2:\"25\";s:6:\"handle\";s:4:\"dark\";s:4:\"name\";s:4:\"Dark\";}}s:11:\"description\";s:19:\"sandra_johnson_dark\";s:5:\"width\";s:3:\"552\";s:6:\"height\";s:3:\"300\";s:7:\"version\";s:3:\"1.0\";s:14:\"plugin_version\";s:5:\"6.0.0\";s:5:\"added\";s:19:\"2019-02-21 09:07:08\";s:6:\"active\";s:1:\"1\";s:4:\"type\";s:1:\"4\";}i:393;a:13:{s:2:\"id\";s:3:\"313\";s:6:\"handle\";s:22:\"robert_bolton_dark.jpg\";s:5:\"video\";s:22:\"robert_bolton_dark.mp4\";s:4:\"name\";s:18:\"robert_bolton_dark\";s:4:\"tags\";a:1:{i:0;a:3:{s:2:\"id\";s:2:\"25\";s:6:\"handle\";s:4:\"dark\";s:4:\"name\";s:4:\"Dark\";}}s:11:\"description\";s:18:\"robert_bolton_dark\";s:5:\"width\";s:3:\"552\";s:6:\"height\";s:3:\"300\";s:7:\"version\";s:3:\"1.0\";s:14:\"plugin_version\";s:5:\"6.0.0\";s:5:\"added\";s:19:\"2019-02-21 09:07:08\";s:6:\"active\";s:1:\"1\";s:4:\"type\";s:1:\"4\";}i:394;a:13:{s:2:\"id\";s:3:\"312\";s:6:\"handle\";s:25:\"elegant_captions_dark.png\";s:5:\"video\";s:25:\"elegant_captions_dark.mp4\";s:4:\"name\";s:21:\"elegant_captions_dark\";s:4:\"tags\";a:1:{i:0;a:3:{s:2:\"id\";s:2:\"25\";s:6:\"handle\";s:4:\"dark\";s:4:\"name\";s:4:\"Dark\";}}s:11:\"description\";s:21:\"elegant_captions_dark\";s:5:\"width\";s:3:\"552\";s:6:\"height\";s:3:\"300\";s:7:\"version\";s:3:\"1.0\";s:14:\"plugin_version\";s:5:\"6.0.0\";s:5:\"added\";s:19:\"2019-02-18 14:41:45\";s:6:\"active\";s:1:\"1\";s:4:\"type\";s:1:\"4\";}i:395;a:13:{s:2:\"id\";s:3:\"311\";s:6:\"handle\";s:19:\"Caption_Dark_06.png\";s:5:\"video\";s:19:\"Caption_Dark_06.mp4\";s:4:\"name\";s:15:\"Caption_Dark_06\";s:4:\"tags\";a:1:{i:0;a:3:{s:2:\"id\";s:2:\"25\";s:6:\"handle\";s:4:\"dark\";s:4:\"name\";s:4:\"Dark\";}}s:11:\"description\";s:15:\"Caption_Dark_06\";s:5:\"width\";s:3:\"414\";s:6:\"height\";s:3:\"225\";s:7:\"version\";s:3:\"1.0\";s:14:\"plugin_version\";s:5:\"6.0.0\";s:5:\"added\";s:19:\"2019-02-14 13:18:35\";s:6:\"active\";s:1:\"1\";s:4:\"type\";s:1:\"4\";}i:396;a:13:{s:2:\"id\";s:3:\"310\";s:6:\"handle\";s:19:\"Header_Light_02.png\";s:5:\"video\";s:19:\"Header_Light_02.mp4\";s:4:\"name\";s:15:\"Header_Light_02\";s:4:\"tags\";a:1:{i:0;a:3:{s:2:\"id\";s:2:\"26\";s:6:\"handle\";s:5:\"light\";s:4:\"name\";s:5:\"Light\";}}s:11:\"description\";s:15:\"Header_Light_02\";s:5:\"width\";s:3:\"552\";s:6:\"height\";s:3:\"300\";s:7:\"version\";s:3:\"1.0\";s:14:\"plugin_version\";s:5:\"6.0.0\";s:5:\"added\";s:19:\"2019-02-14 13:18:35\";s:6:\"active\";s:1:\"1\";s:4:\"type\";s:1:\"4\";}i:397;a:13:{s:2:\"id\";s:3:\"309\";s:6:\"handle\";s:21:\"Columns_4_Dark_01.png\";s:5:\"video\";s:21:\"Columns_4_Dark_01.mp4\";s:4:\"name\";s:17:\"Columns_4_Dark_01\";s:4:\"tags\";a:1:{i:0;a:3:{s:2:\"id\";s:2:\"25\";s:6:\"handle\";s:4:\"dark\";s:4:\"name\";s:4:\"Dark\";}}s:11:\"description\";s:17:\"Columns_4_Dark_01\";s:5:\"width\";s:3:\"552\";s:6:\"height\";s:3:\"300\";s:7:\"version\";s:3:\"1.0\";s:14:\"plugin_version\";s:5:\"6.0.0\";s:5:\"added\";s:19:\"2019-02-14 13:18:35\";s:6:\"active\";s:1:\"1\";s:4:\"type\";s:1:\"4\";}i:398;a:13:{s:2:\"id\";s:3:\"308\";s:6:\"handle\";s:18:\"Header_Dark_01.png\";s:5:\"video\";s:18:\"Header_Dark_01.mp4\";s:4:\"name\";s:14:\"Header_Dark_01\";s:4:\"tags\";a:1:{i:0;a:3:{s:2:\"id\";s:2:\"25\";s:6:\"handle\";s:4:\"dark\";s:4:\"name\";s:4:\"Dark\";}}s:11:\"description\";s:14:\"Header_Dark_01\";s:5:\"width\";s:3:\"552\";s:6:\"height\";s:3:\"300\";s:7:\"version\";s:3:\"1.0\";s:14:\"plugin_version\";s:5:\"6.0.0\";s:5:\"added\";s:19:\"2019-02-14 13:18:35\";s:6:\"active\";s:1:\"1\";s:4:\"type\";s:1:\"4\";}i:399;a:13:{s:2:\"id\";s:3:\"307\";s:6:\"handle\";s:19:\"Caption_Dark_03.png\";s:5:\"video\";s:19:\"Caption_Dark_03.mp4\";s:4:\"name\";s:15:\"Caption_Dark_03\";s:4:\"tags\";a:1:{i:0;a:3:{s:2:\"id\";s:2:\"25\";s:6:\"handle\";s:4:\"dark\";s:4:\"name\";s:4:\"Dark\";}}s:11:\"description\";s:15:\"Caption_Dark_03\";s:5:\"width\";s:3:\"552\";s:6:\"height\";s:3:\"300\";s:7:\"version\";s:3:\"1.0\";s:14:\"plugin_version\";s:5:\"6.0.0\";s:5:\"added\";s:19:\"2019-02-14 13:18:35\";s:6:\"active\";s:1:\"1\";s:4:\"type\";s:1:\"4\";}i:400;a:13:{s:2:\"id\";s:3:\"306\";s:6:\"handle\";s:21:\"Columns_3_Dark_01.png\";s:5:\"video\";s:21:\"Columns_3_Dark_01.mp4\";s:4:\"name\";s:17:\"Columns_3_Dark_01\";s:4:\"tags\";a:1:{i:0;a:3:{s:2:\"id\";s:2:\"25\";s:6:\"handle\";s:4:\"dark\";s:4:\"name\";s:4:\"Dark\";}}s:11:\"description\";s:17:\"Columns_3_Dark_01\";s:5:\"width\";s:3:\"552\";s:6:\"height\";s:3:\"300\";s:7:\"version\";s:3:\"1.0\";s:14:\"plugin_version\";s:5:\"6.0.0\";s:5:\"added\";s:19:\"2019-02-14 13:18:35\";s:6:\"active\";s:1:\"1\";s:4:\"type\";s:1:\"4\";}i:401;a:13:{s:2:\"id\";s:3:\"305\";s:6:\"handle\";s:19:\"Caption_Dark_05.png\";s:5:\"video\";s:19:\"Caption_Dark_05.mp4\";s:4:\"name\";s:15:\"Caption_Dark_05\";s:4:\"tags\";a:1:{i:0;a:3:{s:2:\"id\";s:2:\"25\";s:6:\"handle\";s:4:\"dark\";s:4:\"name\";s:4:\"Dark\";}}s:11:\"description\";s:15:\"Caption_Dark_05\";s:5:\"width\";s:4:\"1104\";s:6:\"height\";s:3:\"600\";s:7:\"version\";s:3:\"1.0\";s:14:\"plugin_version\";s:5:\"6.0.0\";s:5:\"added\";s:19:\"2019-02-14 13:18:35\";s:6:\"active\";s:1:\"1\";s:4:\"type\";s:1:\"4\";}i:402;a:13:{s:2:\"id\";s:3:\"304\";s:6:\"handle\";s:20:\"Caption_Light_06.png\";s:5:\"video\";s:20:\"Caption_Light_06.mp4\";s:4:\"name\";s:16:\"Caption_Light_06\";s:4:\"tags\";a:1:{i:0;a:3:{s:2:\"id\";s:2:\"26\";s:6:\"handle\";s:5:\"light\";s:4:\"name\";s:5:\"Light\";}}s:11:\"description\";s:16:\"Caption_Light_06\";s:5:\"width\";s:3:\"828\";s:6:\"height\";s:3:\"450\";s:7:\"version\";s:3:\"1.0\";s:14:\"plugin_version\";s:5:\"6.0.0\";s:5:\"added\";s:19:\"2019-02-14 13:18:35\";s:6:\"active\";s:1:\"1\";s:4:\"type\";s:1:\"4\";}i:403;a:13:{s:2:\"id\";s:3:\"303\";s:6:\"handle\";s:19:\"Header_Light_01.png\";s:5:\"video\";s:19:\"Header_Light_01.mp4\";s:4:\"name\";s:15:\"Header_Light_01\";s:4:\"tags\";a:1:{i:0;a:3:{s:2:\"id\";s:2:\"26\";s:6:\"handle\";s:5:\"light\";s:4:\"name\";s:5:\"Light\";}}s:11:\"description\";s:15:\"Header_Light_01\";s:5:\"width\";s:3:\"552\";s:6:\"height\";s:3:\"300\";s:7:\"version\";s:3:\"1.0\";s:14:\"plugin_version\";s:5:\"6.0.0\";s:5:\"added\";s:19:\"2019-02-14 13:18:35\";s:6:\"active\";s:1:\"1\";s:4:\"type\";s:1:\"4\";}i:404;a:13:{s:2:\"id\";s:3:\"302\";s:6:\"handle\";s:20:\"Caption_Light_03.png\";s:5:\"video\";s:20:\"Caption_Light_03.mp4\";s:4:\"name\";s:16:\"Caption_Light_03\";s:4:\"tags\";a:1:{i:0;a:3:{s:2:\"id\";s:2:\"26\";s:6:\"handle\";s:5:\"light\";s:4:\"name\";s:5:\"Light\";}}s:11:\"description\";s:16:\"Caption_Light_03\";s:5:\"width\";s:3:\"552\";s:6:\"height\";s:3:\"300\";s:7:\"version\";s:3:\"1.0\";s:14:\"plugin_version\";s:5:\"6.0.0\";s:5:\"added\";s:19:\"2019-02-14 13:18:35\";s:6:\"active\";s:1:\"1\";s:4:\"type\";s:1:\"4\";}i:405;a:13:{s:2:\"id\";s:3:\"301\";s:6:\"handle\";s:19:\"Caption_Dark_01.png\";s:5:\"video\";s:19:\"Caption_Dark_01.mp4\";s:4:\"name\";s:15:\"Caption_Dark_01\";s:4:\"tags\";a:1:{i:0;a:3:{s:2:\"id\";s:2:\"25\";s:6:\"handle\";s:4:\"dark\";s:4:\"name\";s:4:\"Dark\";}}s:11:\"description\";s:15:\"Caption_Dark_01\";s:5:\"width\";s:3:\"552\";s:6:\"height\";s:3:\"300\";s:7:\"version\";s:3:\"1.0\";s:14:\"plugin_version\";s:5:\"6.0.0\";s:5:\"added\";s:19:\"2019-02-14 13:18:35\";s:6:\"active\";s:1:\"1\";s:4:\"type\";s:1:\"4\";}i:406;a:13:{s:2:\"id\";s:3:\"300\";s:6:\"handle\";s:21:\"PromoCode_Dark_01.png\";s:5:\"video\";s:21:\"PromoCode_Dark_01.mp4\";s:4:\"name\";s:17:\"PromoCode_Dark_01\";s:4:\"tags\";a:1:{i:0;a:3:{s:2:\"id\";s:2:\"25\";s:6:\"handle\";s:4:\"dark\";s:4:\"name\";s:4:\"Dark\";}}s:11:\"description\";s:17:\"PromoCode_Dark_01\";s:5:\"width\";s:3:\"552\";s:6:\"height\";s:3:\"300\";s:7:\"version\";s:3:\"1.0\";s:14:\"plugin_version\";s:5:\"6.0.0\";s:5:\"added\";s:19:\"2019-02-14 13:18:35\";s:6:\"active\";s:1:\"1\";s:4:\"type\";s:1:\"4\";}i:407;a:13:{s:2:\"id\";s:3:\"299\";s:6:\"handle\";s:19:\"Caption_Dark_02.png\";s:5:\"video\";s:19:\"Caption_Dark_02.mp4\";s:4:\"name\";s:15:\"Caption_Dark_02\";s:4:\"tags\";a:1:{i:0;a:3:{s:2:\"id\";s:2:\"25\";s:6:\"handle\";s:4:\"dark\";s:4:\"name\";s:4:\"Dark\";}}s:11:\"description\";s:15:\"Caption_Dark_02\";s:5:\"width\";s:3:\"552\";s:6:\"height\";s:3:\"300\";s:7:\"version\";s:3:\"1.0\";s:14:\"plugin_version\";s:5:\"6.0.0\";s:5:\"added\";s:19:\"2019-02-14 13:18:35\";s:6:\"active\";s:1:\"1\";s:4:\"type\";s:1:\"4\";}i:408;a:13:{s:2:\"id\";s:3:\"298\";s:6:\"handle\";s:18:\"Header_Dark_02.png\";s:5:\"video\";s:18:\"Header_Dark_02.mp4\";s:4:\"name\";s:14:\"Header_Dark_02\";s:4:\"tags\";a:1:{i:0;a:3:{s:2:\"id\";s:2:\"25\";s:6:\"handle\";s:4:\"dark\";s:4:\"name\";s:4:\"Dark\";}}s:11:\"description\";s:14:\"Header_Dark_02\";s:5:\"width\";s:3:\"552\";s:6:\"height\";s:3:\"300\";s:7:\"version\";s:3:\"1.0\";s:14:\"plugin_version\";s:5:\"6.0.0\";s:5:\"added\";s:19:\"2019-02-14 13:18:35\";s:6:\"active\";s:1:\"1\";s:4:\"type\";s:1:\"4\";}i:409;a:13:{s:2:\"id\";s:3:\"297\";s:6:\"handle\";s:22:\"Columns_3_Light_01.png\";s:5:\"video\";s:22:\"Columns_3_Light_01.mp4\";s:4:\"name\";s:18:\"Columns_3_Light_01\";s:4:\"tags\";a:1:{i:0;a:3:{s:2:\"id\";s:2:\"26\";s:6:\"handle\";s:5:\"light\";s:4:\"name\";s:5:\"Light\";}}s:11:\"description\";s:18:\"Columns_3_Light_01\";s:5:\"width\";s:3:\"552\";s:6:\"height\";s:3:\"300\";s:7:\"version\";s:3:\"1.0\";s:14:\"plugin_version\";s:5:\"6.0.0\";s:5:\"added\";s:19:\"2019-02-14 13:18:35\";s:6:\"active\";s:1:\"1\";s:4:\"type\";s:1:\"4\";}i:410;a:13:{s:2:\"id\";s:3:\"296\";s:6:\"handle\";s:20:\"Caption_Light_01.png\";s:5:\"video\";s:20:\"Caption_Light_01.mp4\";s:4:\"name\";s:16:\"Caption_Light_01\";s:4:\"tags\";a:1:{i:0;a:3:{s:2:\"id\";s:2:\"26\";s:6:\"handle\";s:5:\"light\";s:4:\"name\";s:5:\"Light\";}}s:11:\"description\";s:16:\"Caption_Light_01\";s:5:\"width\";s:3:\"552\";s:6:\"height\";s:3:\"300\";s:7:\"version\";s:3:\"1.0\";s:14:\"plugin_version\";s:5:\"6.0.0\";s:5:\"added\";s:19:\"2019-02-14 13:18:35\";s:6:\"active\";s:1:\"1\";s:4:\"type\";s:1:\"4\";}i:411;a:13:{s:2:\"id\";s:3:\"295\";s:6:\"handle\";s:19:\"Caption_Dark_04.png\";s:5:\"video\";s:19:\"Caption_Dark_04.mp4\";s:4:\"name\";s:15:\"Caption_Dark_04\";s:4:\"tags\";a:1:{i:0;a:3:{s:2:\"id\";s:2:\"25\";s:6:\"handle\";s:4:\"dark\";s:4:\"name\";s:4:\"Dark\";}}s:11:\"description\";s:15:\"Caption_Dark_04\";s:5:\"width\";s:3:\"552\";s:6:\"height\";s:3:\"300\";s:7:\"version\";s:3:\"1.0\";s:14:\"plugin_version\";s:5:\"6.0.0\";s:5:\"added\";s:19:\"2019-02-14 13:18:35\";s:6:\"active\";s:1:\"1\";s:4:\"type\";s:1:\"4\";}i:412;a:13:{s:2:\"id\";s:3:\"294\";s:6:\"handle\";s:20:\"Caption_Light_02.png\";s:5:\"video\";s:20:\"Caption_Light_02.mp4\";s:4:\"name\";s:16:\"Caption_Light_02\";s:4:\"tags\";a:1:{i:0;a:3:{s:2:\"id\";s:2:\"26\";s:6:\"handle\";s:5:\"light\";s:4:\"name\";s:5:\"Light\";}}s:11:\"description\";s:16:\"Caption_Light_02\";s:5:\"width\";s:3:\"828\";s:6:\"height\";s:3:\"450\";s:7:\"version\";s:3:\"1.0\";s:14:\"plugin_version\";s:5:\"6.0.0\";s:5:\"added\";s:19:\"2019-02-14 13:18:35\";s:6:\"active\";s:1:\"1\";s:4:\"type\";s:1:\"4\";}i:413;a:13:{s:2:\"id\";s:3:\"293\";s:6:\"handle\";s:20:\"Caption_Light_04.png\";s:5:\"video\";s:20:\"Caption_Light_04.mp4\";s:4:\"name\";s:16:\"Caption_Light_04\";s:4:\"tags\";a:1:{i:0;a:3:{s:2:\"id\";s:2:\"26\";s:6:\"handle\";s:5:\"light\";s:4:\"name\";s:5:\"Light\";}}s:11:\"description\";s:16:\"Caption_Light_04\";s:5:\"width\";s:4:\"1104\";s:6:\"height\";s:3:\"600\";s:7:\"version\";s:3:\"1.0\";s:14:\"plugin_version\";s:5:\"6.0.0\";s:5:\"added\";s:19:\"2019-02-14 13:18:35\";s:6:\"active\";s:1:\"1\";s:4:\"type\";s:1:\"4\";}i:414;a:13:{s:2:\"id\";s:3:\"292\";s:6:\"handle\";s:22:\"Columns_4_Light_01.png\";s:5:\"video\";s:22:\"Columns_4_Light_01.mp4\";s:4:\"name\";s:18:\"Columns_4_Light_01\";s:4:\"tags\";a:1:{i:0;a:3:{s:2:\"id\";s:2:\"26\";s:6:\"handle\";s:5:\"light\";s:4:\"name\";s:5:\"Light\";}}s:11:\"description\";s:18:\"Columns_4_Light_01\";s:5:\"width\";s:3:\"552\";s:6:\"height\";s:3:\"300\";s:7:\"version\";s:3:\"1.0\";s:14:\"plugin_version\";s:5:\"6.0.0\";s:5:\"added\";s:19:\"2019-02-14 13:18:35\";s:6:\"active\";s:1:\"1\";s:4:\"type\";s:1:\"4\";}i:415;a:13:{s:2:\"id\";s:3:\"291\";s:6:\"handle\";s:20:\"Caption_Light_05.png\";s:5:\"video\";s:20:\"Caption_Light_05.mp4\";s:4:\"name\";s:16:\"Caption_Light_05\";s:4:\"tags\";a:1:{i:0;a:3:{s:2:\"id\";s:2:\"26\";s:6:\"handle\";s:5:\"light\";s:4:\"name\";s:5:\"Light\";}}s:11:\"description\";s:16:\"Caption_Light_05\";s:5:\"width\";s:3:\"552\";s:6:\"height\";s:3:\"300\";s:7:\"version\";s:3:\"1.0\";s:14:\"plugin_version\";s:5:\"6.0.0\";s:5:\"added\";s:19:\"2019-02-14 13:18:35\";s:6:\"active\";s:1:\"1\";s:4:\"type\";s:1:\"4\";}i:416;a:13:{s:2:\"id\";s:3:\"290\";s:6:\"handle\";s:22:\"PromoCode_Light_01.png\";s:5:\"video\";s:22:\"PromoCode_Light_01.mp4\";s:4:\"name\";s:18:\"PromoCode_Light_01\";s:4:\"tags\";a:1:{i:0;a:3:{s:2:\"id\";s:2:\"26\";s:6:\"handle\";s:5:\"light\";s:4:\"name\";s:5:\"Light\";}}s:11:\"description\";s:18:\"PromoCode_Light_01\";s:5:\"width\";s:3:\"552\";s:6:\"height\";s:3:\"300\";s:7:\"version\";s:3:\"1.0\";s:14:\"plugin_version\";s:5:\"6.0.0\";s:5:\"added\";s:19:\"2019-02-14 13:18:35\";s:6:\"active\";s:1:\"1\";s:4:\"type\";s:1:\"4\";}}s:4:\"tags\";a:18:{i:28;a:3:{s:2:\"id\";s:2:\"28\";s:6:\"handle\";s:11:\"abstraction\";s:4:\"name\";s:11:\"Abstraction\";}i:1;a:3:{s:2:\"id\";s:1:\"1\";s:6:\"handle\";s:11:\"accessories\";s:4:\"name\";s:11:\"Accessories\";}i:5;a:3:{s:2:\"id\";s:1:\"5\";s:6:\"handle\";s:3:\"art\";s:4:\"name\";s:3:\"Art\";}i:20;a:3:{s:2:\"id\";s:2:\"20\";s:6:\"handle\";s:5:\"Beach\";s:4:\"name\";s:5:\"Beach\";}i:21;a:3:{s:2:\"id\";s:2:\"21\";s:6:\"handle\";s:4:\"City\";s:4:\"name\";s:4:\"City\";}i:25;a:3:{s:2:\"id\";s:2:\"25\";s:6:\"handle\";s:4:\"dark\";s:4:\"name\";s:4:\"Dark\";}i:2;a:3:{s:2:\"id\";s:1:\"2\";s:6:\"handle\";s:6:\"device\";s:4:\"name\";s:6:\"Device\";}i:16;a:3:{s:2:\"id\";s:2:\"16\";s:6:\"handle\";s:4:\"food\";s:4:\"name\";s:4:\"Food\";}i:26;a:3:{s:2:\"id\";s:2:\"26\";s:6:\"handle\";s:5:\"light\";s:4:\"name\";s:5:\"Light\";}i:18;a:3:{s:2:\"id\";s:2:\"18\";s:6:\"handle\";s:4:\"misc\";s:4:\"name\";s:4:\"Misc\";}i:4;a:3:{s:2:\"id\";s:1:\"4\";s:6:\"handle\";s:5:\"music\";s:4:\"name\";s:5:\"Music\";}i:19;a:3:{s:2:\"id\";s:2:\"19\";s:6:\"handle\";s:6:\"nature\";s:4:\"name\";s:6:\"Nature\";}i:23;a:3:{s:2:\"id\";s:2:\"23\";s:6:\"handle\";s:5:\"Night\";s:4:\"name\";s:5:\"Night\";}i:3;a:3:{s:2:\"id\";s:1:\"3\";s:6:\"handle\";s:6:\"office\";s:4:\"name\";s:6:\"Office\";}i:24;a:3:{s:2:\"id\";s:2:\"24\";s:6:\"handle\";s:6:\"People\";s:4:\"name\";s:6:\"People\";}i:22;a:3:{s:2:\"id\";s:2:\"22\";s:6:\"handle\";s:3:\"Sky\";s:4:\"name\";s:3:\"Sky\";}i:29;a:3:{s:2:\"id\";s:2:\"29\";s:6:\"handle\";s:5:\"space\";s:4:\"name\";s:5:\"Space\";}i:27;a:3:{s:2:\"id\";s:2:\"27\";s:6:\"handle\";s:5:\"sport\";s:4:\"name\";s:5:\"Sport\";}}}','no'),(159,'revslider-templates-check','1635997237','yes'),(160,'revslider-templates-hash','2a291144014b682e6d56ed934a555cdc','yes'),(161,'rs-templates-new','','no');
