-- MySQL dump 10.13  Distrib 5.7.36, for Linux (x86_64)
--
-- Host: localhost    Database: designwa_code
-- ------------------------------------------------------
-- Server version	5.7.36

/*!40101 SET @OLD_CHARACTER_SET_CLIENT=@@CHARACTER_SET_CLIENT */;
/*!40101 SET @OLD_CHARACTER_SET_RESULTS=@@CHARACTER_SET_RESULTS */;
/*!40101 SET @OLD_COLLATION_CONNECTION=@@COLLATION_CONNECTION */;
/*!40101 SET NAMES utf8 */;
/*!40103 SET @OLD_TIME_ZONE=@@TIME_ZONE */;
/*!40103 SET TIME_ZONE='+00:00' */;
/*!40014 SET @OLD_UNIQUE_CHECKS=@@UNIQUE_CHECKS, UNIQUE_CHECKS=0 */;
/*!40014 SET @OLD_FOREIGN_KEY_CHECKS=@@FOREIGN_KEY_CHECKS, FOREIGN_KEY_CHECKS=0 */;
/*!40101 SET @OLD_SQL_MODE=@@SQL_MODE, SQL_MODE='NO_AUTO_VALUE_ON_ZERO' */;
/*!40111 SET @OLD_SQL_NOTES=@@SQL_NOTES, SQL_NOTES=0 */;

--
-- Table structure for table `crossword`
--

DROP TABLE IF EXISTS `crossword`;
/*!40101 SET @saved_cs_client     = @@character_set_client */;
/*!40101 SET character_set_client = utf8 */;
CREATE TABLE `crossword` (
  `id` bigint(20) NOT NULL AUTO_INCREMENT,
  `name` char(20) NOT NULL,
  `type` char(4) NOT NULL,
  `category` char(6) NOT NULL DEFAULT '3',
  `max_time` bigint(20) NOT NULL,
  `max_questions` bigint(20) NOT NULL,
  `created` date NOT NULL,
  PRIMARY KEY (`id`)
) ENGINE=InnoDB AUTO_INCREMENT=66 DEFAULT CHARSET=latin1;
/*!40101 SET character_set_client = @saved_cs_client */;

--
-- Dumping data for table `crossword`
--

LOCK TABLES `crossword` WRITE;
/*!40000 ALTER TABLE `crossword` DISABLE KEYS */;
INSERT INTO `crossword` VALUES (46,'test1','OP','3',0,0,'0000-00-00'),(47,'test new','OP','4',0,0,'0000-00-00'),(48,'TESTCROSS6','','3',0,0,'0000-00-00'),(49,'test 5','C','3',0,0,'0000-00-00'),(50,'CROSSTEST9','OP','3',0,0,'0000-00-00'),(51,'suresh-1','','1',0,0,'0000-00-00'),(52,'TEST NEW','','5',0,0,'0000-00-00'),(53,'newww','','4',0,0,'0000-00-00'),(54,'final test','C','1',0,0,'0000-00-00'),(55,'picture crossword','FP','1',0,0,'0000-00-00'),(56,'test2','FP','1',0,0,'0000-00-00'),(57,'testcross1','','1',0,0,'0000-00-00'),(58,'testcrosspic','OP','1',0,0,'0000-00-00'),(59,'testcrosspic2','','1',0,0,'0000-00-00'),(60,'test','','1',0,0,'0000-00-00'),(61,'pic cross test1','FP','1',0,0,'0000-00-00'),(62,'pic testcross 8.4.19','FP','1',0,0,'0000-00-00'),(63,'pictestcorss_16.4.19','FP','1',0,0,'0000-00-00'),(64,'testcross 17.05.19','FP','3',0,0,'0000-00-00'),(65,'New crossword1','','1',0,0,'0000-00-00');
/*!40000 ALTER TABLE `crossword` ENABLE KEYS */;
UNLOCK TABLES;

--
-- Table structure for table `crossword_details`
--

DROP TABLE IF EXISTS `crossword_details`;
/*!40101 SET @saved_cs_client     = @@character_set_client */;
/*!40101 SET character_set_client = utf8 */;
CREATE TABLE `crossword_details` (
  `id` int(11) NOT NULL AUTO_INCREMENT,
  `crossword_id` int(11) NOT NULL,
  `question` char(100) NOT NULL,
  `answer` char(100) NOT NULL,
  `direction` char(6) NOT NULL DEFAULT 'A',
  `position` varchar(10) NOT NULL,
  PRIMARY KEY (`id`)
) ENGINE=InnoDB AUTO_INCREMENT=285 DEFAULT CHARSET=latin1;
/*!40101 SET character_set_client = @saved_cs_client */;

--
-- Dumping data for table `crossword_details`
--

LOCK TABLES `crossword_details` WRITE;
/*!40000 ALTER TABLE `crossword_details` DISABLE KEYS */;
INSERT INTO `crossword_details` VALUES (86,47,'test q','black','A','1-1'),(87,47,'test q 2','white','A','1-6'),(88,47,'test 4','red','D','3-7'),(89,48,'lion','lion','A','1-1'),(90,48,'nest','NEST','D','1-4'),(91,48,'TIGER','TIGER','A','4-4'),(92,48,'BIRDS LEAVE IN','NEST','D','3-7'),(93,48,'STAND','STAND','A','6-6'),(94,48,'BED','BED','D','4-10'),(95,48,'PEST','PEST','A','5-9'),(96,48,'TIN','TINS','D','5-12'),(97,48,'NO','NO','A','7-12'),(98,49,'demo','White','A','2-6'),(99,49,'Demo 3','wed','A','3-6'),(100,49,'demo 4','donkey','D','3-8'),(101,50,'BEAUTIFUL','PRETTY','A','1-3'),(102,50,'COLOR OF YOLK','YELLOW','D','1-8'),(103,50,'UPSTAIR','LOFT','A','4-8'),(104,50,'VERY SMALL','FINE','D','4-10'),(105,50,'BIRDS LIVE IN..','NEST','A','7-9'),(106,50,'HIGH TEMPERATURE','HOT','A','5-12'),(107,50,'LIVES NEXT O YOU','NEIGHBOUR','D','7-9'),(108,50,'LEAFY VEGETABLE','CABBAGE','A','12-7'),(109,50,'WORN ON THE HEAD','HAT','D','11-11'),(110,50,'TO SLEEP','BED','D','11-13'),(111,50,'TO CARRY THINGS','BAGS','A','10-7'),(152,51,'what the buds blooms to be','flower','A','2-3'),(153,51,'to give','owe','D','1-6'),(154,51,'duplicate','fake','D','2-3'),(155,51,'make a cake','bake','A','4-1'),(156,51,'a vegetable','cabbage','D','1-1'),(157,51,'largest mammal on earth','elephant','A','7-1'),(158,51,'A red vegetable','Tomato','D','7-8'),(159,51,'sibling','brother','A','12-6'),(171,52,'ducks live in..','POND','A','2-6'),(172,52,'BIRDS LIVE IN...','NEST','D','2-8'),(173,52,'NATIONAL ANIMAL','TIGER','A','5-8'),(174,52,'largest mammal','WHALE','A','8-5'),(175,52,'fruits','apples','D','8-7'),(181,53,'DARK','BLACK','A','1-1'),(182,53,'COLOR OF OCEAN','BLUE','D','1-1'),(183,53,'LARGEST ANIMAL','ELEPHANT','A','4-1'),(184,53,'national flower of india is..','LOTUS','A','8-3'),(185,53,'The color of vibgyor starting with letter Y','YELLOWS','A','12-6'),(186,53,'Animal closes to man','RAT','D','2-8'),(188,54,'Final question','answer','D','2-5'),(189,54,'Second question','noanswer','D','2-3'),(190,54,'test question','answernow','A','2-5'),(195,55,'02665544653.jpeg','test','A','6-6'),(196,55,'02665544654.jpeg','test','D','10-7'),(197,56,'02665544655.jpeg','test','A','12-6'),(204,57,'train.jpg','TRAIN','A','1-1'),(205,57,'NEST.jpg','NEST','D','1-5'),(206,57,'','BUS','D','3-3'),(207,57,'UMBRELLA.jpg','UMBRELLA','D','3-4'),(208,57,'plane.png','PLANE','A','10-2'),(209,57,'EGG.jpg','EGG','D','10-6'),(210,58,'fireman.gif','FIREMAN','A','1-1'),(211,58,'NEST1.jpg','NEST','D','1-7'),(212,58,'EGG1.jpg','EGG','A','2-7'),(213,58,'UMBRELLA1.jpg','UMBRELLA','A','9-1'),(214,58,'train1.jpg','TRAIN','D','7-8'),(215,58,'plane1.png','PLANE','A','11-5'),(224,59,'UMBRELLA2.jpg','UMBRELLA','A','1-1'),(225,59,'EGG2.jpg','EGG','D','1-5'),(226,59,'apple.png','APPLE','D','1-8'),(227,59,'plane2.png','PLANE','A','4-7'),(228,59,'NEST2.jpg','NEST','D','4-10'),(229,59,'','TRAINS','A','7-10'),(230,59,'fireman1.gif','FIREMAN','D','1-14'),(231,59,'uncle.png','UNCLE','D','1-1'),(232,60,'download6.jpg','test','A','9-4'),(233,61,'cow.jpg','COW','A','1-5'),(234,61,'cow.jpg','BUS','A','4-3'),(235,61,'UMBRELLA4.jpg','UMBRELLA','D','4-4'),(236,61,'UMBRELLA4.jpg','FIREMAN','A','8-1'),(237,61,'NEST3.jpg','NEST','D','8-7'),(238,61,'plane3.png','PLANE','D','5-10'),(239,61,'uncle1.png','UNCLE','A','2-9'),(240,62,'UMBRELLA5.jpg','UMBRELLA','D','1-1'),(241,62,'uncle2.png','UNCLE','A','1-1'),(242,62,'EGG3.jpg','EGG','D','1-5'),(243,62,'train4.jpg','TRAIN','A','11-2'),(244,62,'NEST4.jpg','NEST','D','11-6'),(245,62,'car.png','CAR','A','6-7'),(246,62,'cow1.jpg','COW','D','6-7'),(247,63,'UMBRELLA6.jpg','UMBRELLA','A','3-3'),(248,63,'uncle3.png','UNCLE','D','3-3'),(249,63,'plane4.png','PLANE','D','2-9'),(250,63,'EGG4.jpg','EGG','D','3-7'),(251,63,'fireman3.gif','FIREMAN','A','9-5'),(252,63,'NEST5.jpg','NEST','D','8-8'),(253,63,'train5.jpg','TRAIN','A','11-8'),(254,46,'asdas','sdasa','A','7-7'),(255,46,'test','sest','D','7-7'),(274,64,'person who cooks','CHEF','A','1-2'),(275,64,'to store things without getting rotten','FRIDGE','D','1-5'),(276,64,'largest land animal','elephant','A','6-5'),(277,64,'national animal','tiger','D','6-12'),(278,64,'sharks are found in','sea','D','5-7'),(279,64,'sense organ used to smell things','nose','A','9-9'),(280,64,'constructed across the river','bridge','A','3-3'),(281,64,'to sew clothes','needles','D','9-9'),(282,64,'not often','RARE','A','14-6'),(283,65,'testimonials-img-1.jpg','Boy','A','1-1'),(284,65,'thumb5.jpg','yellow','D','1-3');
/*!40000 ALTER TABLE `crossword_details` ENABLE KEYS */;
UNLOCK TABLES;

--
-- Table structure for table `crossword_options`
--

DROP TABLE IF EXISTS `crossword_options`;
/*!40101 SET @saved_cs_client     = @@character_set_client */;
/*!40101 SET character_set_client = utf8 */;
CREATE TABLE `crossword_options` (
  `id` int(11) NOT NULL AUTO_INCREMENT,
  `option_name` varchar(100) NOT NULL,
  `option_value` varchar(100) NOT NULL,
  PRIMARY KEY (`id`)
) ENGINE=InnoDB AUTO_INCREMENT=13 DEFAULT CHARSET=latin1;
/*!40101 SET character_set_client = @saved_cs_client */;

--
-- Dumping data for table `crossword_options`
--

LOCK TABLES `crossword_options` WRITE;
/*!40000 ALTER TABLE `crossword_options` DISABLE KEYS */;
INSERT INTO `crossword_options` VALUES (11,'competition_number','2'),(12,'competition_duration','4');
/*!40000 ALTER TABLE `crossword_options` ENABLE KEYS */;
UNLOCK TABLES;

--
-- Table structure for table `crossword_users_details_meta`
--

DROP TABLE IF EXISTS `crossword_users_details_meta`;
/*!40101 SET @saved_cs_client     = @@character_set_client */;
/*!40101 SET character_set_client = utf8 */;
CREATE TABLE `crossword_users_details_meta` (
  `id` bigint(20) NOT NULL AUTO_INCREMENT,
  `cr_user_id` int(11) NOT NULL,
  `answer` varchar(2000) NOT NULL,
  PRIMARY KEY (`id`)
) ENGINE=InnoDB AUTO_INCREMENT=372 DEFAULT CHARSET=latin1;
/*!40101 SET character_set_client = @saved_cs_client */;

--
-- Dumping data for table `crossword_users_details_meta`
--

LOCK TABLES `crossword_users_details_meta` WRITE;
/*!40000 ALTER TABLE `crossword_users_details_meta` DISABLE KEYS */;
INSERT INTO `crossword_users_details_meta` VALUES (179,153,'{\"11-7\":\"\",\"11-8\":\"\",\"11-9\":\"\",\"11-10\":\"\"}'),(180,162,'{\"7-7\":\"\",\"7-8\":\"\",\"7-9\":\"\",\"7-10\":\"\",\"7-11\":\"\",\"11-7\":\"\",\"11-8\":\"\",\"11-9\":\"\",\"11-10\":\"\"}'),(181,163,'{\"7-7\":\"\",\"7-8\":\"\",\"7-9\":\"\",\"7-10\":\"\",\"7-11\":\"\",\"11-7\":\"\",\"11-8\":\"\",\"11-9\":\"\",\"11-10\":\"\"}'),(182,163,'{\"7-7\":\"\",\"7-8\":\"\",\"7-9\":\"\",\"7-10\":\"\",\"7-11\":\"\",\"11-7\":\"\",\"11-8\":\"\",\"11-9\":\"\",\"11-10\":\"\"}'),(183,165,'{\"7-7\":\"\",\"7-8\":\"\",\"7-9\":\"\",\"7-10\":\"\",\"7-11\":\"\",\"11-7\":\"\",\"11-8\":\"\",\"11-9\":\"\",\"11-10\":\"\"}'),(184,166,'{\"7-7\":\"\",\"7-8\":\"\",\"7-9\":\"\",\"7-10\":\"\",\"7-11\":\"\",\"11-7\":\"\",\"11-8\":\"\",\"11-9\":\"\",\"11-10\":\"\"}'),(185,167,'{\"7-7\":\"\",\"7-8\":\"\",\"7-9\":\"\",\"7-10\":\"\",\"7-11\":\"\",\"11-7\":\"\",\"11-8\":\"\",\"11-9\":\"\",\"11-10\":\"\"}'),(186,168,'{\"7-7\":\"\",\"7-8\":\"\",\"7-9\":\"\",\"7-10\":\"\",\"7-11\":\"\",\"11-7\":\"\",\"11-8\":\"\",\"11-9\":\"\",\"11-10\":\"\"}'),(187,168,'{\"7-7\":\"\",\"7-8\":\"\",\"7-9\":\"\",\"7-10\":\"\",\"7-11\":\"\",\"11-7\":\"\",\"11-8\":\"\",\"11-9\":\"\",\"11-10\":\"\"}'),(188,168,'{\"7-7\":\"\",\"7-8\":\"\",\"7-9\":\"\",\"7-10\":\"\",\"7-11\":\"\",\"11-7\":\"\",\"11-8\":\"\",\"11-9\":\"\",\"11-10\":\"\"}'),(189,168,'{\"7-7\":\"\",\"7-8\":\"\",\"7-9\":\"\",\"7-10\":\"\",\"7-11\":\"\",\"11-7\":\"\",\"11-8\":\"\",\"11-9\":\"\",\"11-10\":\"\"}'),(190,168,'{\"7-7\":\"\",\"7-8\":\"\",\"7-9\":\"\",\"7-10\":\"\",\"7-11\":\"\",\"11-7\":\"\",\"11-8\":\"\",\"11-9\":\"\",\"11-10\":\"\"}'),(191,168,'{\"7-7\":\"\",\"7-8\":\"\",\"7-9\":\"\",\"7-10\":\"\",\"7-11\":\"\",\"11-7\":\"\",\"11-8\":\"\",\"11-9\":\"\",\"11-10\":\"\"}'),(192,168,'{\"7-7\":\"\",\"7-8\":\"\",\"7-9\":\"\",\"7-10\":\"\",\"7-11\":\"\",\"11-7\":\"\",\"11-8\":\"\",\"11-9\":\"\",\"11-10\":\"\"}'),(193,168,'{\"7-7\":\"\",\"7-8\":\"\",\"7-9\":\"\",\"7-10\":\"\",\"7-11\":\"\",\"11-7\":\"\",\"11-8\":\"\",\"11-9\":\"\",\"11-10\":\"\"}'),(194,168,'{\"7-7\":\"\",\"7-8\":\"\",\"7-9\":\"\",\"7-10\":\"\",\"7-11\":\"\",\"11-7\":\"\",\"11-8\":\"\",\"11-9\":\"\",\"11-10\":\"\"}'),(195,168,'{\"7-7\":\"\",\"7-8\":\"\",\"7-9\":\"\",\"7-10\":\"\",\"7-11\":\"\",\"11-7\":\"\",\"11-8\":\"\",\"11-9\":\"\",\"11-10\":\"\"}'),(196,168,'{\"7-7\":\"\",\"7-8\":\"\",\"7-9\":\"\",\"7-10\":\"\",\"7-11\":\"\",\"11-7\":\"\",\"11-8\":\"\",\"11-9\":\"\",\"11-10\":\"\"}'),(197,168,'{\"7-7\":\"\",\"7-8\":\"\",\"7-9\":\"\",\"7-10\":\"\",\"7-11\":\"\",\"11-7\":\"\",\"11-8\":\"\",\"11-9\":\"\",\"11-10\":\"\"}'),(198,168,'{\"7-7\":\"\",\"7-8\":\"\",\"7-9\":\"\",\"7-10\":\"\",\"7-11\":\"\",\"11-7\":\"\",\"11-8\":\"\",\"11-9\":\"\",\"11-10\":\"\"}'),(199,169,'{\"1-1\":\"L\",\"1-2\":\"I\",\"1-3\":\"O\",\"1-4\":\"N\",\"2-4\":\"\",\"3-4\":\"\",\"3-7\":\"N\",\"4-4\":\"T\",\"4-5\":\"I\",\"4-6\":\"G\",\"4-7\":\"E\",\"4-8\":\"R\",\"4-10\":\"\",\"5-7\":\"S\",\"5-9\":\"\",\"5-10\":\"\",\"5-11\":\"\",\"5-12\":\"\",\"6-6\":\"\",\"6-7\":\"T\",\"6-8\":\"\",\"6-9\":\"\",\"6-10\":\"\",\"6-12\":\"\",\"7-12\":\"\",\"7-13\":\"\",\"8-12\":\"\"}'),(200,168,'{\"7-7\":\"\",\"7-8\":\"\",\"7-9\":\"\",\"7-10\":\"\",\"7-11\":\"\",\"11-7\":\"\",\"11-8\":\"\",\"11-9\":\"\",\"11-10\":\"\"}'),(201,168,'{\"7-7\":\"\",\"7-8\":\"\",\"7-9\":\"\",\"7-10\":\"\",\"7-11\":\"\",\"11-7\":\"\",\"11-8\":\"\",\"11-9\":\"\",\"11-10\":\"\"}'),(202,168,'{\"7-7\":\"\",\"7-8\":\"\",\"7-9\":\"\",\"7-10\":\"\",\"7-11\":\"\",\"11-7\":\"\",\"11-8\":\"\",\"11-9\":\"\",\"11-10\":\"\"}'),(203,168,'{\"7-7\":\"\",\"7-8\":\"\",\"7-9\":\"\",\"7-10\":\"\",\"7-11\":\"\",\"11-7\":\"\",\"11-8\":\"\",\"11-9\":\"\",\"11-10\":\"\"}'),(204,170,'{\"1-1\":\"\",\"1-2\":\"\",\"1-3\":\"\",\"1-4\":\"\",\"2-4\":\"\",\"3-4\":\"\",\"3-7\":\"\",\"4-4\":\"\",\"4-5\":\"\",\"4-6\":\"\",\"4-7\":\"\",\"4-8\":\"\",\"4-10\":\"\",\"5-7\":\"\",\"5-9\":\"\",\"5-10\":\"\",\"5-11\":\"\",\"5-12\":\"\",\"6-6\":\"\",\"6-7\":\"\",\"6-8\":\"\",\"6-9\":\"\",\"6-10\":\"\",\"6-12\":\"\",\"7-12\":\"\",\"7-13\":\"\",\"8-12\":\"\"}'),(205,177,'{\"1-1\":\"\",\"1-2\":\"\",\"1-3\":\"\",\"1-4\":\"\",\"2-4\":\"\",\"3-4\":\"\",\"3-7\":\"\",\"4-4\":\"\",\"4-5\":\"\",\"4-6\":\"\",\"4-7\":\"\",\"4-8\":\"\",\"4-10\":\"\",\"5-7\":\"\",\"5-9\":\"\",\"5-10\":\"\",\"5-11\":\"\",\"5-12\":\"\",\"6-6\":\"\",\"6-7\":\"\",\"6-8\":\"\",\"6-9\":\"\",\"6-10\":\"\",\"6-12\":\"\",\"7-12\":\"\",\"7-13\":\"\",\"8-12\":\"\"}'),(206,177,'{\"1-1\":\"\",\"1-2\":\"\",\"1-3\":\"\",\"1-4\":\"\",\"2-4\":\"\",\"3-4\":\"\",\"3-7\":\"\",\"4-4\":\"\",\"4-5\":\"\",\"4-6\":\"\",\"4-7\":\"\",\"4-8\":\"\",\"4-10\":\"\",\"5-7\":\"\",\"5-9\":\"\",\"5-10\":\"\",\"5-11\":\"\",\"5-12\":\"\",\"6-6\":\"\",\"6-7\":\"\",\"6-8\":\"\",\"6-9\":\"\",\"6-10\":\"\",\"6-12\":\"\",\"7-12\":\"\",\"7-13\":\"\",\"8-12\":\"\"}'),(207,179,'{\"2-6\":\"\",\"2-7\":\"\",\"2-8\":\"\",\"2-9\":\"\",\"2-10\":\"\",\"3-6\":\"R\",\"3-7\":\"E\",\"3-8\":\"D\",\"4-8\":\"O\",\"5-8\":\"N\",\"6-8\":\"K\",\"7-8\":\"E\",\"8-8\":\"Y\"}'),(208,179,'{\"2-6\":\"\",\"2-7\":\"\",\"2-8\":\"\",\"2-9\":\"\",\"2-10\":\"\",\"3-6\":\"R\",\"3-7\":\"E\",\"3-8\":\"D\",\"4-8\":\"O\",\"5-8\":\"N\",\"6-8\":\"K\",\"7-8\":\"E\",\"8-8\":\"Y\"}'),(209,180,'{\"1-3\":\"P\",\"1-4\":\"R\",\"1-5\":\"E\",\"1-6\":\"T\",\"1-7\":\"T\",\"1-8\":\"Y\",\"2-8\":\"E\",\"3-8\":\"L\",\"4-8\":\"L\",\"4-9\":\"\",\"4-10\":\"\",\"4-11\":\"\",\"5-8\":\"O\",\"5-10\":\"\",\"5-12\":\"H\",\"5-13\":\"O\",\"5-14\":\"T\",\"6-8\":\"S\",\"6-10\":\"\",\"7-9\":\"N\",\"7-10\":\"E\",\"7-11\":\"S\",\"7-12\":\"T\",\"8-9\":\"E\",\"9-9\":\"I\",\"10-7\":\"B\",\"10-8\":\"A\",\"10-9\":\"B\",\"10-10\":\"S\",\"11-9\":\"H\",\"11-11\":\"H\",\"11-13\":\"\",\"12-7\":\"\",\"12-8\":\"\",\"12-9\":\"O\",\"12-10\":\"\",\"12-11\":\"A\",\"12-12\":\"\",\"12-13\":\"\",\"13-9\":\"U\",\"13-11\":\"T\",\"13-13\":\"\",\"14-9\":\"R\",\"15-9\":\"\"}'),(210,181,'{\"1-3\":\"\",\"1-4\":\"\",\"1-5\":\"\",\"1-6\":\"\",\"1-7\":\"\",\"1-8\":\"\",\"2-8\":\"\",\"3-8\":\"\",\"4-8\":\"\",\"4-9\":\"\",\"4-10\":\"\",\"4-11\":\"\",\"5-8\":\"\",\"5-10\":\"\",\"5-12\":\"\",\"5-13\":\"\",\"5-14\":\"\",\"6-8\":\"\",\"6-10\":\"\",\"7-9\":\"\",\"7-10\":\"\",\"7-11\":\"\",\"7-12\":\"\",\"8-9\":\"\",\"9-9\":\"\",\"10-7\":\"\",\"10-8\":\"\",\"10-9\":\"\",\"10-10\":\"\",\"11-9\":\"\",\"11-11\":\"\",\"11-13\":\"\",\"12-7\":\"\",\"12-8\":\"\",\"12-9\":\"\",\"12-10\":\"\",\"12-11\":\"\",\"12-12\":\"\",\"12-13\":\"\",\"13-9\":\"\",\"13-11\":\"\",\"13-13\":\"\",\"14-9\":\"\",\"15-9\":\"\"}'),(211,183,'{\"1-3\":\"P\",\"1-4\":\"R\",\"1-5\":\"E\",\"1-6\":\"T\",\"1-7\":\"T\",\"1-8\":\"Y\",\"2-8\":\"E\",\"3-8\":\"L\",\"4-8\":\"\",\"4-9\":\"\",\"4-10\":\"\",\"4-11\":\"\",\"5-8\":\"\",\"5-10\":\"\",\"5-12\":\"\",\"5-13\":\"\",\"5-14\":\"\",\"6-8\":\"\",\"6-10\":\"\",\"7-9\":\"N\",\"7-10\":\"\",\"7-11\":\"\",\"7-12\":\"\",\"8-9\":\"E\",\"9-9\":\"I\",\"10-7\":\"B\",\"10-8\":\"A\",\"10-9\":\"G\",\"10-10\":\"S\",\"11-9\":\"H\",\"11-11\":\"\",\"11-13\":\"\",\"12-7\":\"C\",\"12-8\":\"A\",\"12-9\":\"B\",\"12-10\":\"B\",\"12-11\":\"A\",\"12-12\":\"G\",\"12-13\":\"E\",\"13-9\":\"O\",\"13-11\":\"\",\"13-13\":\"\",\"14-9\":\"R\",\"15-9\":\"E\"}'),(212,182,'{\"1-3\":\"\",\"1-4\":\"\",\"1-5\":\"\",\"1-6\":\"\",\"1-7\":\"\",\"1-8\":\"\",\"2-8\":\"\",\"3-8\":\"\",\"4-8\":\"\",\"4-9\":\"\",\"4-10\":\"\",\"4-11\":\"\",\"5-8\":\"\",\"5-10\":\"\",\"5-12\":\"\",\"5-13\":\"\",\"5-14\":\"\",\"6-8\":\"\",\"6-10\":\"\",\"7-9\":\"\",\"7-10\":\"\",\"7-11\":\"\",\"7-12\":\"\",\"8-9\":\"\",\"9-9\":\"\",\"10-7\":\"\",\"10-8\":\"\",\"10-9\":\"\",\"10-10\":\"\",\"11-9\":\"\",\"11-11\":\"\",\"11-13\":\"\",\"12-7\":\"\",\"12-8\":\"\",\"12-9\":\"\",\"12-10\":\"\",\"12-11\":\"\",\"12-12\":\"\",\"12-13\":\"\",\"13-9\":\"\",\"13-11\":\"\",\"13-13\":\"\",\"14-9\":\"\",\"15-9\":\"\"}'),(213,184,'{\"1-3\":\"\",\"1-4\":\"\",\"1-5\":\"\",\"1-6\":\"\",\"1-7\":\"\",\"1-8\":\"\",\"2-8\":\"\",\"3-8\":\"\",\"4-8\":\"\",\"4-9\":\"\",\"4-10\":\"\",\"4-11\":\"\",\"5-8\":\"\",\"5-10\":\"\",\"5-12\":\"\",\"5-13\":\"\",\"5-14\":\"\",\"6-8\":\"\",\"6-10\":\"\",\"7-9\":\"\",\"7-10\":\"\",\"7-11\":\"\",\"7-12\":\"\",\"8-9\":\"\",\"9-9\":\"\",\"10-7\":\"\",\"10-8\":\"\",\"10-9\":\"\",\"10-10\":\"\",\"11-9\":\"\",\"11-11\":\"\",\"11-13\":\"\",\"12-7\":\"\",\"12-8\":\"\",\"12-9\":\"\",\"12-10\":\"\",\"12-11\":\"\",\"12-12\":\"\",\"12-13\":\"\",\"13-9\":\"\",\"13-11\":\"\",\"13-13\":\"\",\"14-9\":\"\",\"15-9\":\"\"}'),(214,184,'{\"1-3\":\"\",\"1-4\":\"\",\"1-5\":\"\",\"1-6\":\"\",\"1-7\":\"\",\"1-8\":\"\",\"2-8\":\"\",\"3-8\":\"\",\"4-8\":\"\",\"4-9\":\"\",\"4-10\":\"\",\"4-11\":\"\",\"5-8\":\"\",\"5-10\":\"\",\"5-12\":\"\",\"5-13\":\"\",\"5-14\":\"\",\"6-8\":\"\",\"6-10\":\"\",\"7-9\":\"\",\"7-10\":\"\",\"7-11\":\"\",\"7-12\":\"\",\"8-9\":\"\",\"9-9\":\"\",\"10-7\":\"\",\"10-8\":\"\",\"10-9\":\"\",\"10-10\":\"\",\"11-9\":\"\",\"11-11\":\"\",\"11-13\":\"\",\"12-7\":\"\",\"12-8\":\"\",\"12-9\":\"\",\"12-10\":\"\",\"12-11\":\"\",\"12-12\":\"\",\"12-13\":\"\",\"13-9\":\"\",\"13-11\":\"\",\"13-13\":\"\",\"14-9\":\"\",\"15-9\":\"\"}'),(215,185,'{\"1-3\":\"P\",\"1-4\":\"R\",\"1-5\":\"E\",\"1-6\":\"T\",\"1-7\":\"T\",\"1-8\":\"Y\",\"2-8\":\"E\",\"3-8\":\"L\",\"4-8\":\"L\",\"4-9\":\"O\",\"4-10\":\"F\",\"4-11\":\"T\",\"5-8\":\"O\",\"5-10\":\"\",\"5-12\":\"H\",\"5-13\":\"O\",\"5-14\":\"T\",\"6-8\":\"W\",\"6-10\":\"\",\"7-9\":\"N\",\"7-10\":\"E\",\"7-11\":\"S\",\"7-12\":\"T\",\"8-9\":\"E\",\"9-9\":\"I\",\"10-7\":\"\",\"10-8\":\"\",\"10-9\":\"G\",\"10-10\":\"\",\"11-9\":\"H\",\"11-11\":\"H\",\"11-13\":\"N\",\"12-7\":\"C\",\"12-8\":\"A\",\"12-9\":\"B\",\"12-10\":\"B\",\"12-11\":\"A\",\"12-12\":\"G\",\"12-13\":\"E\",\"13-9\":\"O\",\"13-11\":\"T\",\"13-13\":\"P\",\"14-9\":\"U\",\"15-9\":\"R\"}'),(216,186,'{\"1-3\":\"P\",\"1-4\":\"R\",\"1-5\":\"E\",\"1-6\":\"T\",\"1-7\":\"T\",\"1-8\":\"Y\",\"2-8\":\"W\",\"3-8\":\"W\",\"4-8\":\"G\",\"4-9\":\"W\",\"4-10\":\"H\",\"4-11\":\"E\",\"5-8\":\"W\",\"5-10\":\"F\",\"5-12\":\"\",\"5-13\":\"G\",\"5-14\":\"\",\"6-8\":\"D\",\"6-10\":\"A\",\"7-9\":\"F\",\"7-10\":\"V\",\"7-11\":\"E\",\"7-12\":\"D\",\"8-9\":\"G\",\"9-9\":\"\",\"10-7\":\"H\",\"10-8\":\"A\",\"10-9\":\"T\",\"10-10\":\"J\",\"11-9\":\"\",\"11-11\":\"J\",\"11-13\":\"K\",\"12-7\":\"K\",\"12-8\":\"K\",\"12-9\":\"K\",\"12-10\":\"K\",\"12-11\":\"K\",\"12-12\":\"K\",\"12-13\":\"K\",\"13-9\":\"K\",\"13-11\":\"K\",\"13-13\":\"K\",\"14-9\":\"K\",\"15-9\":\"K\"}'),(217,187,'{\"1-3\":\"A\",\"1-4\":\"B\",\"1-5\":\"C\",\"1-6\":\"D\",\"1-7\":\"E\",\"1-8\":\"F\",\"2-8\":\"G\",\"3-8\":\"H\",\"4-8\":\"I\",\"4-9\":\"L\",\"4-10\":\"M\",\"4-11\":\"N\",\"5-8\":\"J\",\"5-10\":\"O\",\"5-12\":\"Q\",\"5-13\":\"R\",\"5-14\":\"S\",\"6-8\":\"K\",\"6-10\":\"P\",\"7-9\":\"T\",\"7-10\":\"U\",\"7-11\":\"V\",\"7-12\":\"W\",\"8-9\":\"X\",\"9-9\":\"Y\",\"10-7\":\"\",\"10-8\":\"\",\"10-9\":\"Z\",\"10-10\":\"\",\"11-9\":\"\",\"11-11\":\"\",\"11-13\":\"\",\"12-7\":\"\",\"12-8\":\"\",\"12-9\":\"\",\"12-10\":\"\",\"12-11\":\"\",\"12-12\":\"\",\"12-13\":\"\",\"13-9\":\"\",\"13-11\":\"\",\"13-13\":\"\",\"14-9\":\"\",\"15-9\":\"\"}'),(218,187,'{\"1-3\":\"\",\"1-4\":\"\",\"1-5\":\"\",\"1-6\":\"\",\"1-7\":\"\",\"1-8\":\"\",\"2-8\":\"G\",\"3-8\":\"\",\"4-8\":\"I\",\"4-9\":\"\",\"4-10\":\"\",\"4-11\":\"\",\"5-8\":\"\",\"5-10\":\"\",\"5-12\":\"\",\"5-13\":\"\",\"5-14\":\"\",\"6-8\":\"\",\"6-10\":\"\",\"7-9\":\"\",\"7-10\":\"\",\"7-11\":\"\",\"7-12\":\"\",\"8-9\":\"\",\"9-9\":\"\",\"10-7\":\"\",\"10-8\":\"\",\"10-9\":\"\",\"10-10\":\"\",\"11-9\":\"\",\"11-11\":\"\",\"11-13\":\"\",\"12-7\":\"\",\"12-8\":\"\",\"12-9\":\"\",\"12-10\":\"\",\"12-11\":\"\",\"12-12\":\"\",\"12-13\":\"\",\"13-9\":\"\",\"13-11\":\"\",\"13-13\":\"\",\"14-9\":\"\",\"15-9\":\"\"}'),(219,189,'{\"1-4\":\"\",\"2-4\":\"\",\"3-4\":\"\",\"4-4\":\"\"}'),(220,189,'{\"1-4\":\"\",\"2-4\":\"\",\"3-4\":\"\",\"4-4\":\"\"}'),(221,189,'{\"1-4\":\"\",\"2-4\":\"\",\"3-4\":\"\",\"4-4\":\"\"}'),(222,187,'{\"1-3\":\"\",\"1-4\":\"\",\"1-5\":\"\",\"1-6\":\"\",\"1-7\":\"\",\"1-8\":\"\",\"2-8\":\"G\",\"3-8\":\"\",\"4-8\":\"I\",\"4-9\":\"\",\"4-10\":\"\",\"4-11\":\"\",\"5-8\":\"\",\"5-10\":\"\",\"5-12\":\"\",\"5-13\":\"\",\"5-14\":\"\",\"6-8\":\"\",\"6-10\":\"\",\"7-9\":\"\",\"7-10\":\"\",\"7-11\":\"\",\"7-12\":\"\",\"8-9\":\"\",\"9-9\":\"\",\"10-7\":\"\",\"10-8\":\"\",\"10-9\":\"\",\"10-10\":\"\",\"11-9\":\"\",\"11-11\":\"\",\"11-13\":\"\",\"12-7\":\"\",\"12-8\":\"\",\"12-9\":\"\",\"12-10\":\"\",\"12-11\":\"\",\"12-12\":\"\",\"12-13\":\"\",\"13-9\":\"\",\"13-11\":\"\",\"13-13\":\"\",\"14-9\":\"\",\"15-9\":\"\"}'),(223,189,'{\"1-4\":\"\",\"2-4\":\"\",\"3-4\":\"\",\"4-4\":\"\"}'),(224,189,'{\"1-4\":\"\",\"2-4\":\"\",\"3-4\":\"\",\"4-4\":\"\"}'),(225,195,'{\"1-1\":\"S\",\"1-2\":\"A\",\"1-3\":\"A\",\"1-4\":\"\"}'),(226,198,'{\"5-12\":\"\",\"5-13\":\"\",\"5-14\":\"\"}'),(227,212,'{\"1-1\":\" \",\"1-2\":\"\",\"1-3\":\"\",\"1-4\":\"\"}'),(228,214,'{\"1-1\":\"\",\"1-2\":\"\",\"1-3\":\"\",\"1-4\":\"\"}'),(229,215,'{\"1-3\":\"\",\"1-4\":\"\",\"1-5\":\"\",\"1-6\":\"\",\"1-7\":\"\",\"1-8\":\"\",\"2-8\":\"\",\"3-8\":\"\",\"4-8\":\"\",\"4-9\":\"\",\"4-10\":\"\",\"4-11\":\"\",\"5-8\":\"\",\"5-10\":\"\",\"5-12\":\"\",\"5-13\":\"\",\"5-14\":\"\",\"6-8\":\"\",\"6-10\":\"\",\"7-9\":\"\",\"7-10\":\"\",\"7-11\":\"\",\"7-12\":\"\",\"8-9\":\"\",\"9-9\":\"\",\"10-7\":\"\",\"10-8\":\"\",\"10-9\":\"\",\"10-10\":\"\",\"11-9\":\"\",\"11-11\":\"\",\"11-13\":\"\",\"12-7\":\"\",\"12-8\":\"\",\"12-9\":\"\",\"12-10\":\"\",\"12-11\":\"\",\"12-12\":\"\",\"12-13\":\"\",\"13-9\":\"\",\"13-11\":\"\",\"13-13\":\"\",\"14-9\":\"\",\"15-9\":\"\"}'),(230,218,'{\"7-9\":\"`\",\"8-9\":\"`\",\"9-9\":\"\",\"10-9\":\"\",\"11-9\":\"\",\"12-9\":\"\",\"13-9\":\"\",\"14-9\":\"\",\"15-9\":\"\"}'),(231,237,'{\"1-3\":\"P\",\"1-4\":\"R\",\"1-5\":\"E\",\"1-6\":\"T\",\"1-7\":\"Y\",\"1-8\":\"Y\"}'),(232,238,'{\"4-8\":\"\",\"4-9\":\"\",\"4-10\":\"\",\"4-11\":\"\"}'),(233,239,'{\"10-7\":\"D\",\"10-8\":\"X\",\"10-9\":\"O\",\"10-10\":\"I\"}'),(234,240,'{\"12-7\":\"1\",\"12-8\":\"\",\"12-9\":\"\",\"12-10\":\"\",\"12-11\":\"\",\"12-12\":\"\",\"12-13\":\"\"}'),(235,240,'{\"12-7\":\"1\",\"12-8\":\"\",\"12-9\":\"\",\"12-10\":\"\",\"12-11\":\"\",\"12-12\":\"\",\"12-13\":\"\"}'),(236,268,'{\"1-1\":\"\",\"1-2\":\"\",\"1-3\":\"\",\"1-4\":\"\"}'),(237,268,'{\"1-1\":\"\",\"1-2\":\"\",\"1-3\":\"\",\"1-4\":\"\",\"2-4\":\"\",\"3-4\":\"\",\"3-7\":\"\",\"4-4\":\"\",\"4-5\":\"\",\"4-6\":\"\",\"4-7\":\"\",\"4-8\":\"\",\"4-10\":\"\",\"5-7\":\"\",\"5-9\":\"\",\"5-10\":\"\",\"5-11\":\"\",\"5-12\":\"\",\"6-6\":\"\",\"6-7\":\"\",\"6-8\":\"\",\"6-9\":\"\",\"6-10\":\"\",\"6-12\":\"\",\"7-12\":\"\",\"7-13\":\"\",\"8-12\":\"\"}'),(238,270,'{\"7-9\":\"N\",\"7-10\":\"S\",\"7-11\":\"E\",\"7-12\":\"N\"}'),(239,271,'{\"11-11\":\"B\",\"12-11\":\"N\",\"13-11\":\"H\"}'),(240,272,'{\"1-3\":\"\",\"1-4\":\"\",\"1-5\":\"\",\"1-6\":\"\",\"1-7\":\"\",\"1-8\":\"\",\"2-8\":\"\",\"3-8\":\"\",\"4-8\":\"\",\"4-9\":\"\",\"4-10\":\"\",\"4-11\":\"\",\"5-8\":\"\",\"5-10\":\"\",\"5-12\":\"\",\"5-13\":\"\",\"5-14\":\"\",\"6-8\":\"\",\"6-10\":\"\",\"7-9\":\"\",\"7-10\":\"\",\"7-11\":\"\",\"7-12\":\"\",\"8-9\":\"\",\"9-9\":\"\",\"10-7\":\"\",\"10-8\":\"\",\"10-9\":\"\",\"10-10\":\"\",\"11-9\":\"\",\"11-11\":\"\",\"11-13\":\"\",\"12-7\":\"\",\"12-8\":\"\",\"12-9\":\"\",\"12-10\":\"\",\"12-11\":\"\",\"12-12\":\"\",\"12-13\":\"\",\"13-9\":\"\",\"13-11\":\"\",\"13-13\":\"\",\"14-9\":\"\",\"15-9\":\"\"}'),(241,273,'{\"2-6\":\"T\",\"2-7\":\"E\",\"2-8\":\"S\",\"2-9\":\"T\",\"2-10\":\"\"}'),(242,273,'{\"2-6\":\"\",\"2-7\":\"\",\"2-8\":\"\",\"2-9\":\"\",\"2-10\":\"\",\"3-6\":\"\",\"3-7\":\"\",\"3-8\":\"\",\"4-8\":\"\",\"5-8\":\"\",\"6-8\":\"\",\"7-8\":\"\",\"8-8\":\"\"}'),(243,273,'{\"2-6\":\"W\",\"2-7\":\"H\",\"2-8\":\"I\",\"2-9\":\"T\",\"2-10\":\"E\"}'),(244,273,'{\"3-8\":\"\",\"4-8\":\"\",\"5-8\":\"\",\"6-8\":\"\",\"7-8\":\"\",\"8-8\":\"\"}'),(245,273,'{\"2-6\":\"W\",\"2-7\":\"H\",\"2-8\":\"I\",\"2-9\":\"T\",\"2-10\":\"E\"}'),(246,273,'{\"3-8\":\"\",\"4-8\":\"\",\"5-8\":\"\",\"6-8\":\"\",\"7-8\":\"\",\"8-8\":\"\"}'),(247,273,'{\"3-8\":\"D\",\"4-8\":\"O\",\"5-8\":\"N\",\"6-8\":\"K\",\"7-8\":\"E\",\"8-8\":\"Y\"}'),(248,291,'{\"2-6\":\"\",\"2-7\":\"\",\"2-8\":\"\",\"2-9\":\"\",\"2-10\":\"\",\"3-6\":\"\",\"3-7\":\"\",\"3-8\":\" \",\"4-8\":\"\",\"5-8\":\"\",\"6-8\":\" \",\"7-8\":\"\",\"8-8\":\"\"}'),(249,305,'{\"2-6\":\"S\",\"2-7\":\"A\",\"2-8\":\"D\",\"2-9\":\"S\",\"2-10\":\"D\",\"3-6\":\"S\",\"3-7\":\"D\",\"3-8\":\"S\",\"4-8\":\"\",\"5-8\":\"\",\"6-8\":\"\",\"7-8\":\"\",\"8-8\":\"\"}'),(250,307,'{\"2-6\":\"S\",\"2-7\":\"S\",\"2-8\":\"S\",\"2-9\":\"\",\"2-10\":\"\",\"3-6\":\"S\",\"3-7\":\"\",\"3-8\":\"\",\"4-8\":\"\",\"5-8\":\"\",\"6-8\":\"\",\"7-8\":\"\",\"8-8\":\"\"}'),(251,308,'{\"2-6\":\"S\",\"2-7\":\"A\",\"2-8\":\"S\",\"2-9\":\"S\",\"2-10\":\"A\",\"3-6\":\"S\",\"3-7\":\"S\",\"3-8\":\"S\",\"4-8\":\"\",\"5-8\":\"\",\"6-8\":\"\",\"7-8\":\"\",\"8-8\":\"\"}'),(252,310,'{\"2-6\":\"S\",\"2-7\":\"S\",\"2-8\":\"S\",\"2-9\":\"S\",\"2-10\":\"S\",\"3-6\":\"S\",\"3-7\":\"S\",\"3-8\":\"S\",\"4-8\":\"\",\"5-8\":\"\",\"6-8\":\"\",\"7-8\":\"\",\"8-8\":\"\"}'),(253,327,'{\"2-6\":\"S\",\"2-7\":\"A\",\"2-8\":\"D\",\"2-9\":\"S\",\"2-10\":\"D\",\"3-6\":\"S\",\"3-7\":\"A\",\"3-8\":\"D\",\"4-8\":\"\",\"5-8\":\"\",\"6-8\":\"\",\"7-8\":\"\",\"8-8\":\"\"}'),(254,327,'{\"2-6\":\"\",\"2-7\":\"\",\"2-8\":\"\",\"2-9\":\"\",\"2-10\":\"\",\"3-6\":\"\",\"3-7\":\"\",\"3-8\":\"\",\"4-8\":\"\",\"5-8\":\"\",\"6-8\":\"\",\"7-8\":\"\",\"8-8\":\"\"}'),(255,316,'{\"1-3\":\"G\",\"1-4\":\"H\",\"1-5\":\"H\",\"1-6\":\"F\",\"1-7\":\"J\",\"1-8\":\"F\",\"2-8\":\"B\",\"3-8\":\"H\",\"4-8\":\"\",\"4-9\":\"\",\"4-10\":\"\",\"4-11\":\"\",\"5-8\":\"\",\"5-10\":\"\",\"5-12\":\"\",\"5-13\":\"\",\"5-14\":\"\",\"6-8\":\"\",\"6-10\":\"\",\"7-9\":\"\",\"7-10\":\"\",\"7-11\":\"\",\"7-12\":\"\",\"8-9\":\"\",\"9-9\":\"\",\"10-7\":\"\",\"10-8\":\"\",\"10-9\":\"\",\"10-10\":\"\",\"11-9\":\"\",\"11-11\":\"\",\"11-13\":\"\",\"12-7\":\"\",\"12-8\":\"\",\"12-9\":\"\",\"12-10\":\"\",\"12-11\":\"\",\"12-12\":\"\",\"12-13\":\"\",\"13-9\":\"\",\"13-11\":\"\",\"13-13\":\"\",\"14-9\":\"\",\"15-9\":\"\"}'),(256,328,'{\"2-6\":\"\",\"2-7\":\"\",\"2-8\":\"\",\"2-9\":\"\",\"2-10\":\"\",\"3-6\":\"\",\"3-7\":\"\",\"3-8\":\"\",\"4-8\":\"\",\"5-8\":\"\",\"6-8\":\"\",\"7-8\":\"\",\"8-8\":\"\"}'),(257,329,'{\"2-6\":\"W\",\"2-7\":\"W\",\"2-8\":\"\",\"2-9\":\"W\",\"2-10\":\"S\",\"3-6\":\"\",\"3-7\":\"\",\"3-8\":\"\",\"4-8\":\"\",\"5-8\":\"\",\"6-8\":\"\",\"7-8\":\"\",\"8-8\":\"\"}'),(258,332,'{\"2-6\":\"W\",\"2-7\":\"W\",\"2-8\":\"W\",\"2-9\":\"W\",\"2-10\":\"W\",\"3-6\":\"W\",\"3-7\":\"W\",\"3-8\":\"W\",\"4-8\":\"D\",\"5-8\":\"D\",\"6-8\":\"D\",\"7-8\":\"D\",\"8-8\":\"\"}'),(259,333,'{\"1-3\":\"\",\"1-4\":\"\",\"1-5\":\"\",\"1-6\":\"\",\"1-7\":\"\",\"1-8\":\"\",\"2-8\":\"\",\"3-8\":\"\",\"4-8\":\"\",\"4-9\":\"\",\"4-10\":\"\",\"4-11\":\"\",\"5-8\":\"\",\"5-10\":\"\",\"5-12\":\"\",\"5-13\":\"\",\"5-14\":\"\",\"6-8\":\"\",\"6-10\":\"\",\"7-9\":\"\",\"7-10\":\"\",\"7-11\":\"\",\"7-12\":\"\",\"8-9\":\"\",\"9-9\":\"\",\"10-7\":\"\",\"10-8\":\"\",\"10-9\":\"\",\"10-10\":\"\",\"11-9\":\"\",\"11-11\":\"\",\"11-13\":\"\",\"12-7\":\"\",\"12-8\":\"\",\"12-9\":\"\",\"12-10\":\"\",\"12-11\":\"\",\"12-12\":\"\",\"12-13\":\"\",\"13-9\":\"\",\"13-11\":\"\",\"13-13\":\"\",\"14-9\":\"\",\"15-9\":\"\"}'),(260,339,'{\"1-3\":\"P\",\"1-4\":\"R\",\"1-5\":\"E\",\"1-6\":\"E\",\"1-7\":\"T\",\"1-8\":\"Y\",\"2-8\":\"E\",\"3-8\":\"L\",\"4-8\":\"L\",\"4-9\":\"\",\"4-10\":\"T\",\"4-11\":\"\",\"5-8\":\"O\",\"5-10\":\"I\",\"5-12\":\"H\",\"5-13\":\"O\",\"5-14\":\"T\",\"6-8\":\"W\",\"6-10\":\"N\",\"7-9\":\"N\",\"7-10\":\"E\",\"7-11\":\"S\",\"7-12\":\"T\",\"8-9\":\"E\",\"9-9\":\"I\",\"10-7\":\"B\",\"10-8\":\"A\",\"10-9\":\"G\",\"10-10\":\"S\",\"11-9\":\"H\",\"11-11\":\"H\",\"11-13\":\"B\",\"12-7\":\"C\",\"12-8\":\"A\",\"12-9\":\"B\",\"12-10\":\"B\",\"12-11\":\"A\",\"12-12\":\"G\",\"12-13\":\"E\",\"13-9\":\"O\",\"13-11\":\"T\",\"13-13\":\"D\",\"14-9\":\"U\",\"15-9\":\"R\"}'),(261,341,'{\"1-3\":\"\",\"1-4\":\"\",\"1-5\":\"\",\"1-6\":\"\",\"1-7\":\"\",\"1-8\":\"D\",\"2-8\":\"D\",\"3-8\":\"D\",\"4-8\":\"D\",\"4-9\":\"D\",\"4-10\":\"\",\"4-11\":\"\",\"5-8\":\"D\",\"5-10\":\"\",\"5-12\":\"\",\"5-13\":\"\",\"5-14\":\"\",\"6-8\":\"\",\"6-10\":\"\",\"7-9\":\"\",\"7-10\":\"\",\"7-11\":\"\",\"7-12\":\"\",\"8-9\":\"\",\"9-9\":\"\",\"10-7\":\"\",\"10-8\":\"\",\"10-9\":\"\",\"10-10\":\"\",\"11-9\":\"\",\"11-11\":\"\",\"11-13\":\"\",\"12-7\":\"\",\"12-8\":\"\",\"12-9\":\"\",\"12-10\":\"\",\"12-11\":\"\",\"12-12\":\"\",\"12-13\":\"\",\"13-9\":\"\",\"13-11\":\"\",\"13-13\":\"\",\"14-9\":\"\",\"15-9\":\"\"}'),(262,342,'{\"1-3\":\"D\",\"1-4\":\"D\",\"1-5\":\"G\",\"1-6\":\"D\",\"1-7\":\"D\",\"1-8\":\"D\",\"2-8\":\"D\",\"3-8\":\"D\",\"4-8\":\"F\",\"4-9\":\"\",\"4-10\":\"\",\"4-11\":\"\",\"5-8\":\"D\",\"5-10\":\"\",\"5-12\":\"\",\"5-13\":\"\",\"5-14\":\"\",\"6-8\":\"D\",\"6-10\":\"\",\"7-9\":\"\",\"7-10\":\"\",\"7-11\":\"\",\"7-12\":\"\",\"8-9\":\"\",\"9-9\":\"\",\"10-7\":\"\",\"10-8\":\"\",\"10-9\":\"\",\"10-10\":\"\",\"11-9\":\"\",\"11-11\":\"\",\"11-13\":\"\",\"12-7\":\"\",\"12-8\":\"\",\"12-9\":\"\",\"12-10\":\"\",\"12-11\":\"\",\"12-12\":\"\",\"12-13\":\"\",\"13-9\":\"\",\"13-11\":\"\",\"13-13\":\"\",\"14-9\":\"\",\"15-9\":\"\"}'),(263,353,'{\"6-6\":\"\",\"6-7\":\"\",\"6-8\":\"\",\"6-9\":\"\",\"10-7\":\"\",\"11-7\":\"\",\"12-7\":\"\",\"13-7\":\"\"}'),(264,355,'{\"6-6\":\"\",\"6-7\":\"\",\"6-8\":\"\",\"6-9\":\"\",\"10-7\":\"\",\"11-7\":\"\",\"12-7\":\"\",\"13-7\":\"\"}'),(265,354,'{\"12-6\":\"\",\"12-7\":\"\",\"12-8\":\"\",\"12-9\":\"\"}'),(266,357,'{\"6-6\":\"\",\"6-7\":\"\",\"6-8\":\"\",\"6-9\":\"\",\"10-7\":\"\",\"11-7\":\"\",\"12-7\":\"\",\"13-7\":\"\"}'),(267,356,'{\"12-6\":\"\",\"12-7\":\"\",\"12-8\":\"\",\"12-9\":\"\"}'),(268,359,'{\"6-6\":\"A\",\"6-7\":\"S\",\"6-8\":\"S\",\"6-9\":\"S\",\"10-7\":\"\",\"11-7\":\"\",\"12-7\":\"\",\"13-7\":\"\"}'),(269,360,'{\"12-6\":\"\",\"12-7\":\"\",\"12-8\":\"\",\"12-9\":\"\"}'),(270,360,'{\"12-6\":\"\",\"12-7\":\"\",\"12-8\":\"\",\"12-9\":\"\"}'),(271,360,'{\"12-6\":\"\",\"12-7\":\"\",\"12-8\":\"\",\"12-9\":\"\"}'),(272,360,'{\"12-6\":\"\",\"12-7\":\"\",\"12-8\":\"\",\"12-9\":\"\"}'),(273,360,'{\"12-6\":\"\",\"12-7\":\"\",\"12-8\":\"\",\"12-9\":\"\"}'),(274,360,'{\"12-6\":\"\",\"12-7\":\"\",\"12-8\":\"\",\"12-9\":\"\"}'),(275,360,'{\"12-6\":\"\",\"12-7\":\"\",\"12-8\":\"\",\"12-9\":\"\"}'),(276,360,'{\"12-6\":\"\",\"12-7\":\"\",\"12-8\":\"\",\"12-9\":\"\"}'),(277,360,'{\"12-6\":\"\",\"12-7\":\"\",\"12-8\":\"\",\"12-9\":\"\"}'),(278,360,'{\"12-6\":\"\",\"12-7\":\"\",\"12-8\":\"\",\"12-9\":\"\"}'),(279,360,'{\"12-6\":\"\",\"12-7\":\"\",\"12-8\":\"\",\"12-9\":\"\"}'),(280,360,'{\"12-6\":\"\",\"12-7\":\"\",\"12-8\":\"\",\"12-9\":\"\"}'),(281,360,'{\"12-6\":\"\",\"12-7\":\"\",\"12-8\":\"\",\"12-9\":\"\"}'),(282,360,'{\"12-6\":\"\",\"12-7\":\"\",\"12-8\":\"\",\"12-9\":\"\"}'),(283,360,'{\"12-6\":\"\",\"12-7\":\"\",\"12-8\":\"\",\"12-9\":\"\"}'),(284,362,'{\"6-6\":\"\",\"6-7\":\"\",\"6-8\":\"\",\"6-9\":\"\",\"10-7\":\"\",\"11-7\":\"\",\"12-7\":\"\",\"13-7\":\"\"}'),(285,362,'{\"6-6\":\"\",\"6-7\":\"\",\"6-8\":\"\",\"6-9\":\"\",\"10-7\":\"\",\"11-7\":\"\",\"12-7\":\"\",\"13-7\":\"\"}'),(286,362,'{\"6-6\":\"\",\"6-7\":\"\",\"6-8\":\"\",\"6-9\":\"\",\"10-7\":\"\",\"11-7\":\"\",\"12-7\":\"\",\"13-7\":\"\"}'),(287,362,'{\"6-6\":\"\",\"6-7\":\"\",\"6-8\":\"\",\"6-9\":\"\",\"10-7\":\"\",\"11-7\":\"\",\"12-7\":\"\",\"13-7\":\"\"}'),(288,362,'{\"6-6\":\"\",\"6-7\":\"\",\"6-8\":\"\",\"6-9\":\"\",\"10-7\":\"\",\"11-7\":\"\",\"12-7\":\"\",\"13-7\":\"\"}'),(289,362,'{\"6-6\":\"\",\"6-7\":\"\",\"6-8\":\"\",\"6-9\":\"\",\"10-7\":\"\",\"11-7\":\"\",\"12-7\":\"\",\"13-7\":\"\"}'),(290,362,'{\"6-6\":\"\",\"6-7\":\"\",\"6-8\":\"\",\"6-9\":\"\",\"10-7\":\"\",\"11-7\":\"\",\"12-7\":\"\",\"13-7\":\"\"}'),(291,362,'{\"6-6\":\"\",\"6-7\":\"\",\"6-8\":\"\",\"6-9\":\"\",\"10-7\":\"\",\"11-7\":\"\",\"12-7\":\"\",\"13-7\":\"\"}'),(292,362,'{\"6-6\":\"\",\"6-7\":\"\",\"6-8\":\"\",\"6-9\":\"\",\"10-7\":\"\",\"11-7\":\"\",\"12-7\":\"\",\"13-7\":\"\"}'),(293,362,'{\"6-6\":\"\",\"6-7\":\"\",\"6-8\":\"\",\"6-9\":\"\",\"10-7\":\"\",\"11-7\":\"\",\"12-7\":\"\",\"13-7\":\"\"}'),(294,362,'{\"6-6\":\"\",\"6-7\":\"\",\"6-8\":\"\",\"6-9\":\"\",\"10-7\":\"\",\"11-7\":\"\",\"12-7\":\"\",\"13-7\":\"\"}'),(295,362,'{\"6-6\":\"\",\"6-7\":\"\",\"6-8\":\"\",\"6-9\":\"\",\"10-7\":\"\",\"11-7\":\"\",\"12-7\":\"\",\"13-7\":\"\"}'),(296,362,'{\"6-6\":\"\",\"6-7\":\"\",\"6-8\":\"\",\"6-9\":\"\",\"10-7\":\"\",\"11-7\":\"\",\"12-7\":\"\",\"13-7\":\"\"}'),(297,362,'{\"6-6\":\"\",\"6-7\":\"\",\"6-8\":\"\",\"6-9\":\"\",\"10-7\":\"\",\"11-7\":\"\",\"12-7\":\"\",\"13-7\":\"\"}'),(298,362,'{\"6-6\":\"\",\"6-7\":\"\",\"6-8\":\"\",\"6-9\":\"\",\"10-7\":\"\",\"11-7\":\"\",\"12-7\":\"\",\"13-7\":\"\"}'),(299,362,'{\"6-6\":\"\",\"6-7\":\"\",\"6-8\":\"\",\"6-9\":\"\",\"10-7\":\"\",\"11-7\":\"\",\"12-7\":\"\",\"13-7\":\"\"}'),(300,362,'{\"6-6\":\"\",\"6-7\":\"\",\"6-8\":\"\",\"6-9\":\"\",\"10-7\":\"\",\"11-7\":\"\",\"12-7\":\"\",\"13-7\":\"\"}'),(301,362,'{\"6-6\":\"\",\"6-7\":\"\",\"6-8\":\"\",\"6-9\":\"\",\"10-7\":\"\",\"11-7\":\"\",\"12-7\":\"\",\"13-7\":\"\"}'),(302,363,'{\"12-6\":\"\",\"12-7\":\"\",\"12-8\":\"\",\"12-9\":\"\"}'),(303,364,'{\"12-6\":\"\",\"12-7\":\"\",\"12-8\":\"\",\"12-9\":\"\"}'),(304,364,'{\"12-6\":\"\",\"12-7\":\"\",\"12-8\":\"\",\"12-9\":\"\"}'),(305,364,'{\"12-6\":\"\",\"12-7\":\"\",\"12-8\":\"\",\"12-9\":\"\"}'),(306,364,'{\"12-6\":\"\",\"12-7\":\"\",\"12-8\":\"\",\"12-9\":\"\"}'),(307,364,'{\"12-6\":\"\",\"12-7\":\"\",\"12-8\":\"\",\"12-9\":\"\"}'),(308,379,'{\"1-1\":\"T\",\"1-2\":\"R\",\"1-3\":\"A\",\"1-4\":\"I\",\"1-5\":\"N\",\"3-3\":\"B\",\"3-4\":\"U\",\"3-5\":\"S\",\"4-4\":\"M\",\"5-4\":\"B\",\"6-4\":\"R\",\"7-4\":\"E\",\"8-4\":\"L\",\"9-4\":\"L\",\"10-2\":\"P\",\"10-3\":\"L\",\"10-4\":\"A\",\"10-5\":\"N\",\"10-6\":\"E\",\"11-6\":\"G\",\"12-6\":\"R\"}'),(309,381,'{\"1-1\":\"F\",\"1-2\":\"I\",\"1-3\":\"R\",\"1-4\":\"E\",\"1-5\":\"M\",\"1-6\":\"A\",\"1-7\":\"N\",\"2-7\":\"E\",\"2-8\":\"G\",\"2-9\":\"G\",\"3-7\":\"S\",\"4-7\":\"T\",\"7-8\":\"T\",\"8-8\":\"R\",\"9-1\":\"U\",\"9-2\":\"M\",\"9-3\":\"B\",\"9-4\":\"R\",\"9-5\":\"E\",\"9-6\":\"L\",\"9-7\":\"L\",\"9-8\":\"A\",\"10-8\":\"I\",\"11-5\":\"P\",\"11-6\":\"L\",\"11-7\":\"A\",\"11-8\":\"N\",\"11-9\":\"E\"}'),(310,382,'{\"1-1\":\"U\",\"1-2\":\"M\",\"1-3\":\"B\",\"1-4\":\"R\",\"1-5\":\"E\",\"1-6\":\"L\",\"1-7\":\"L\",\"1-8\":\"A\",\"1-14\":\"F\",\"2-1\":\"N\",\"2-5\":\"G\",\"2-8\":\"P\",\"2-14\":\"I\",\"3-1\":\"C\",\"3-5\":\"G\",\"3-8\":\"P\",\"3-14\":\"R\",\"4-1\":\"L\",\"4-7\":\"P\",\"4-8\":\"L\",\"4-9\":\"A\",\"4-10\":\"N\",\"4-11\":\"E\",\"4-14\":\"E\",\"5-1\":\"E\",\"5-8\":\"L\",\"5-10\":\"E\",\"5-14\":\"M\",\"6-10\":\"S\",\"6-14\":\"A\",\"7-10\":\"T\",\"7-11\":\"A\",\"7-12\":\"I\",\"7-13\":\"N\",\"7-14\":\"N\"}'),(311,386,'{\"1-1\":\"\",\"1-2\":\"\",\"1-3\":\"\",\"1-4\":\"\",\"1-5\":\"\",\"1-6\":\"\",\"1-7\":\"\",\"2-7\":\"\",\"2-8\":\"\",\"2-9\":\"\",\"3-7\":\"\",\"4-7\":\"\",\"7-8\":\"\",\"8-8\":\"\",\"9-1\":\"\",\"9-2\":\"\",\"9-3\":\"\",\"9-4\":\"\",\"9-5\":\"\",\"9-6\":\"\",\"9-7\":\"\",\"9-8\":\"\",\"10-8\":\"\",\"11-5\":\"\",\"11-6\":\"\",\"11-7\":\"\",\"11-8\":\"\",\"11-9\":\"\"}'),(312,387,'{\"1-1\":\"F\",\"1-2\":\"I\",\"1-3\":\"R\",\"1-4\":\"E\",\"1-5\":\"M\",\"1-6\":\"A\",\"1-7\":\"N\",\"2-7\":\"E\",\"2-8\":\"G\",\"2-9\":\"G\",\"3-7\":\"S\",\"4-7\":\"T\",\"7-8\":\"T\",\"8-8\":\"R\",\"9-1\":\"U\",\"9-2\":\"M\",\"9-3\":\"B\",\"9-4\":\"A\",\"9-5\":\"R\",\"9-6\":\"A\",\"9-7\":\"L\",\"9-8\":\"A\",\"10-8\":\"I\",\"11-5\":\"\",\"11-6\":\"\",\"11-7\":\"\",\"11-8\":\"N\",\"11-9\":\"\"}'),(313,391,'{\"1-1\":\"\",\"1-2\":\"\",\"1-3\":\"\",\"1-4\":\"\",\"1-5\":\"\",\"1-6\":\"\",\"1-7\":\"\",\"2-7\":\"\",\"2-8\":\"\",\"2-9\":\"\",\"3-7\":\"\",\"4-7\":\"\",\"7-8\":\"\",\"8-8\":\"\",\"9-1\":\"\",\"9-2\":\"\",\"9-3\":\"\",\"9-4\":\"\",\"9-5\":\"\",\"9-6\":\"\",\"9-7\":\"\",\"9-8\":\"\",\"10-8\":\"\",\"11-5\":\"\",\"11-6\":\"\",\"11-7\":\"\",\"11-8\":\"\",\"11-9\":\"\"}'),(314,397,'{\"1-1\":\"\",\"1-2\":\"\",\"1-3\":\"\",\"1-4\":\"\",\"1-5\":\"\",\"1-6\":\"\",\"1-7\":\"\",\"2-7\":\"\",\"2-8\":\"\",\"2-9\":\"\",\"3-7\":\"\",\"4-7\":\"\",\"7-8\":\"\",\"8-8\":\"\",\"9-1\":\"\",\"9-2\":\"\",\"9-3\":\"\",\"9-4\":\"\",\"9-5\":\"\",\"9-6\":\"\",\"9-7\":\"\",\"9-8\":\"\",\"10-8\":\"\",\"11-5\":\"\",\"11-6\":\"\",\"11-7\":\"\",\"11-8\":\"\",\"11-9\":\"\"}'),(315,398,'{\"1-1\":\"F\",\"1-2\":\"I\",\"1-3\":\"R\",\"1-4\":\"E\",\"1-5\":\"M\",\"1-6\":\"A\",\"1-7\":\"N\",\"2-7\":\"E\",\"2-8\":\"G\",\"2-9\":\"G\",\"3-7\":\"S\",\"4-7\":\"T\",\"7-8\":\"T\",\"8-8\":\"R\",\"9-1\":\"U\",\"9-2\":\"M\",\"9-3\":\"B\",\"9-4\":\"R\",\"9-5\":\"E\",\"9-6\":\"H\",\"9-7\":\"J\",\"9-8\":\"A\",\"10-8\":\"I\",\"11-5\":\"P\",\"11-6\":\"L\",\"11-7\":\"A\",\"11-8\":\"N\",\"11-9\":\"E\"}'),(316,401,'{\"1-1\":\"F\",\"1-2\":\"I\",\"1-3\":\"R\",\"1-4\":\"E\",\"1-5\":\"M\",\"1-6\":\"A\",\"1-7\":\"N\",\"2-7\":\"E\",\"2-8\":\"G\",\"2-9\":\"G\",\"3-7\":\"S\",\"4-7\":\"T\",\"7-8\":\"T\",\"8-8\":\"R\",\"9-1\":\"U\",\"9-2\":\"M\",\"9-3\":\"B\",\"9-4\":\"R\",\"9-5\":\"E\",\"9-6\":\"L\",\"9-7\":\"L\",\"9-8\":\"A\",\"10-8\":\"I\",\"11-5\":\"P\",\"11-6\":\"L\",\"11-7\":\"A\",\"11-8\":\"N\",\"11-9\":\"E\"}'),(317,402,'{\"1-1\":\"\",\"1-2\":\"\",\"1-3\":\"\",\"1-4\":\"\",\"1-5\":\"\",\"1-6\":\"\",\"1-7\":\"\",\"2-7\":\"\",\"2-8\":\"\",\"2-9\":\"\",\"3-7\":\"\",\"4-7\":\"\",\"7-8\":\"\",\"8-8\":\"\",\"9-1\":\"\",\"9-2\":\"\",\"9-3\":\"\",\"9-4\":\"\",\"9-5\":\"\",\"9-6\":\"\",\"9-7\":\"\",\"9-8\":\"\",\"10-8\":\"\",\"11-5\":\"\",\"11-6\":\"\",\"11-7\":\"\",\"11-8\":\"\",\"11-9\":\"\"}'),(318,406,'{\"1-1\":\"U\",\"1-2\":\"N\",\"1-3\":\"C\",\"1-4\":\"L\",\"1-5\":\"E\",\"2-1\":\"M\",\"2-5\":\"\",\"3-1\":\"B\",\"3-5\":\"\",\"4-1\":\"R\",\"5-1\":\"E\",\"6-1\":\"L\",\"6-7\":\"C\",\"6-8\":\"A\",\"6-9\":\"R\",\"7-1\":\"L\",\"7-7\":\"O\",\"8-1\":\"A\",\"8-7\":\"W\",\"11-2\":\"T\",\"11-3\":\"R\",\"11-4\":\"A\",\"11-5\":\"I\",\"11-6\":\"S\",\"12-6\":\"D\",\"13-6\":\"E\",\"14-6\":\"F\"}'),(319,408,'{\"1-1\":\"\",\"1-2\":\"\",\"1-3\":\"\",\"1-4\":\"\",\"1-5\":\"\",\"1-6\":\"\",\"1-7\":\"\",\"2-7\":\"\",\"2-8\":\"\",\"2-9\":\"\",\"3-7\":\"\",\"4-7\":\"\",\"7-8\":\"\",\"8-8\":\"\",\"9-1\":\"\",\"9-2\":\"\",\"9-3\":\"\",\"9-4\":\"\",\"9-5\":\"\",\"9-6\":\"\",\"9-7\":\"\",\"9-8\":\"\",\"10-8\":\"\",\"11-5\":\"\",\"11-6\":\"\",\"11-7\":\"\",\"11-8\":\"\",\"11-9\":\"\"}'),(320,409,'{\"2-6\":\"\",\"2-7\":\"\",\"2-8\":\"\",\"2-9\":\"\",\"2-10\":\"\",\"3-6\":\"\",\"3-7\":\"\",\"3-8\":\"\",\"4-8\":\"\",\"5-8\":\"\",\"6-8\":\"\",\"7-8\":\"\",\"8-8\":\"\"}'),(321,413,'{\"2-6\":\"\",\"2-7\":\"\",\"2-8\":\"\",\"2-9\":\"\",\"2-10\":\"\",\"3-6\":\"\",\"3-7\":\"\",\"3-8\":\"\",\"4-8\":\"\",\"5-8\":\"\",\"6-8\":\"\",\"7-8\":\"\",\"8-8\":\"\"}'),(322,414,'{\"2-6\":\"\",\"2-7\":\"\",\"2-8\":\"\",\"2-9\":\"\",\"2-10\":\"\",\"3-6\":\"\",\"3-7\":\"\",\"3-8\":\"\",\"4-8\":\"\",\"5-8\":\"\",\"6-8\":\"\",\"7-8\":\"\",\"8-8\":\"\"}'),(323,415,'{\"1-3\":\"\",\"1-4\":\"\",\"1-5\":\"\",\"1-6\":\"\",\"1-7\":\"\",\"1-8\":\"\",\"2-8\":\"\",\"3-8\":\"\",\"4-8\":\"\",\"4-9\":\"\",\"4-10\":\"\",\"4-11\":\"\",\"5-8\":\"\",\"5-10\":\"\",\"5-12\":\"H\",\"5-13\":\"O\",\"5-14\":\"T\",\"6-8\":\"\",\"6-10\":\"\",\"7-9\":\"N\",\"7-10\":\"E\",\"7-11\":\"S\",\"7-12\":\"T\",\"8-9\":\"E\",\"9-9\":\"I\",\"10-7\":\"B\",\"10-8\":\"A\",\"10-9\":\"G\",\"10-10\":\"S\",\"11-9\":\"H\",\"11-11\":\"\",\"11-13\":\"\",\"12-7\":\"C\",\"12-8\":\"A\",\"12-9\":\"B\",\"12-10\":\"B\",\"12-11\":\"A\",\"12-12\":\"G\",\"12-13\":\"E\",\"13-9\":\"O\",\"13-11\":\"\",\"13-13\":\"\",\"14-9\":\"U\",\"15-9\":\"R\"}'),(324,416,'{\"2-9\":\"P\",\"3-3\":\"U\",\"3-4\":\"M\",\"3-5\":\"B\",\"3-6\":\"R\",\"3-7\":\"E\",\"3-8\":\"L\",\"3-9\":\"L\",\"3-10\":\"A\",\"4-3\":\"N\",\"4-7\":\"\",\"4-9\":\"A\",\"5-3\":\"C\",\"5-7\":\"\",\"5-9\":\"N\",\"6-3\":\"L\",\"6-9\":\"E\",\"7-3\":\"E\",\"8-8\":\"N\",\"9-5\":\"F\",\"9-6\":\"I\",\"9-7\":\"R\",\"9-8\":\"E\",\"9-9\":\"M\",\"9-10\":\"A\",\"9-11\":\"N\",\"10-8\":\"S\",\"11-8\":\"T\",\"11-9\":\"\",\"11-10\":\"\",\"11-11\":\"\",\"11-12\":\"\"}'),(325,417,'{\"1-3\":\"\",\"1-4\":\"\",\"1-5\":\"\",\"1-6\":\"\",\"1-7\":\"\",\"1-8\":\"\",\"2-8\":\"\",\"3-8\":\"\",\"4-8\":\"\",\"4-9\":\"\",\"4-10\":\"\",\"4-11\":\"\",\"5-8\":\"\",\"5-10\":\"\",\"5-12\":\"\",\"5-13\":\"\",\"5-14\":\"\",\"6-8\":\"\",\"6-10\":\"\",\"7-9\":\"\",\"7-10\":\"\",\"7-11\":\"\",\"7-12\":\"\",\"8-9\":\"\",\"9-9\":\"\",\"10-7\":\"\",\"10-8\":\"\",\"10-9\":\"\",\"10-10\":\"\",\"11-9\":\"\",\"11-11\":\"\",\"11-13\":\"\",\"12-7\":\"\",\"12-8\":\"\",\"12-9\":\"\",\"12-10\":\"\",\"12-11\":\"\",\"12-12\":\"\",\"12-13\":\"\",\"13-9\":\"\",\"13-11\":\"\",\"13-13\":\"\",\"14-9\":\"\",\"15-9\":\"\"}'),(326,422,'{\"7-7\":\"\",\"7-8\":\"\",\"7-9\":\"\",\"7-10\":\"\",\"7-11\":\"\",\"8-7\":\"\",\"9-7\":\"\",\"10-7\":\"\"}'),(327,425,'{\"7-7\":\"\",\"7-8\":\"\",\"7-9\":\"\",\"7-10\":\"\",\"7-11\":\"\",\"8-7\":\"\",\"9-7\":\"\",\"10-7\":\"\"}'),(328,425,'{\"7-7\":\"\",\"7-8\":\"\",\"7-9\":\"\",\"7-10\":\"\",\"7-11\":\"\",\"8-7\":\"\",\"9-7\":\"\",\"10-7\":\"\"}'),(329,428,'{\"7-7\":\"\",\"7-8\":\"\",\"7-9\":\"\",\"7-10\":\"\",\"7-11\":\"\",\"8-7\":\"\",\"9-7\":\"\",\"10-7\":\"\"}'),(330,431,'{\"1-3\":\"\",\"1-4\":\"\",\"1-5\":\"\",\"1-6\":\"\",\"1-7\":\"\",\"1-8\":\"\",\"2-8\":\"\",\"3-8\":\"\",\"4-8\":\"\",\"4-9\":\"\",\"4-10\":\"\",\"4-11\":\"\",\"5-8\":\"\",\"5-10\":\"\",\"5-12\":\"\",\"5-13\":\"\",\"5-14\":\"\",\"6-8\":\"\",\"6-10\":\"\",\"7-9\":\"\",\"7-10\":\"\",\"7-11\":\"\",\"7-12\":\"\",\"8-9\":\"\",\"9-9\":\"\",\"10-7\":\"\",\"10-8\":\"\",\"10-9\":\"\",\"10-10\":\"\",\"11-9\":\"\",\"11-11\":\"\",\"11-13\":\"\",\"12-7\":\"\",\"12-8\":\"\",\"12-9\":\"\",\"12-10\":\"\",\"12-11\":\"\",\"12-12\":\"\",\"12-13\":\"\",\"13-9\":\"\",\"13-11\":\"\",\"13-13\":\"\",\"14-9\":\"\",\"15-9\":\"\"}'),(331,432,'{\"1-3\":\"\",\"1-4\":\"\",\"1-5\":\"\",\"1-6\":\"\",\"1-7\":\"\",\"1-8\":\"\",\"2-8\":\"\",\"3-8\":\"\",\"4-8\":\"\",\"4-9\":\"\",\"4-10\":\"\",\"4-11\":\"\",\"5-8\":\"\",\"5-10\":\"\",\"5-12\":\"\",\"5-13\":\"\",\"5-14\":\"\",\"6-8\":\"\",\"6-10\":\"\",\"7-9\":\"\",\"7-10\":\"\",\"7-11\":\"\",\"7-12\":\"\",\"8-9\":\"\",\"9-9\":\"\",\"10-7\":\"\",\"10-8\":\"\",\"10-9\":\"\",\"10-10\":\"\",\"11-9\":\"\",\"11-11\":\"\",\"11-13\":\"\",\"12-7\":\"\",\"12-8\":\"\",\"12-9\":\"\",\"12-10\":\"\",\"12-11\":\"\",\"12-12\":\"\",\"12-13\":\"\",\"13-9\":\"\",\"13-11\":\"\",\"13-13\":\"\",\"14-9\":\"\",\"15-9\":\"\"}'),(332,433,'{\"1-3\":\"P\",\"1-4\":\"R\",\"1-5\":\"E\",\"1-6\":\"T\",\"1-7\":\"T\",\"1-8\":\"Y\",\"2-8\":\"E\",\"3-8\":\"L\",\"4-8\":\"L\",\"4-9\":\"O\",\"4-10\":\"F\",\"4-11\":\"T\",\"5-8\":\"O\",\"5-10\":\"I\",\"5-12\":\"\",\"5-13\":\"\",\"5-14\":\"\",\"6-8\":\"W\",\"6-10\":\"N\",\"7-9\":\"N\",\"7-10\":\"E\",\"7-11\":\"S\",\"7-12\":\"T\",\"8-9\":\"E\",\"9-9\":\"I\",\"10-7\":\"B\",\"10-8\":\"A\",\"10-9\":\"G\",\"10-10\":\"G\",\"11-9\":\"H\",\"11-11\":\"\",\"11-13\":\"\",\"12-7\":\"C\",\"12-8\":\"A\",\"12-9\":\"B\",\"12-10\":\"B\",\"12-11\":\"A\",\"12-12\":\"G\",\"12-13\":\"E\",\"13-9\":\"O\",\"13-11\":\"\",\"13-13\":\"\",\"14-9\":\"U\",\"15-9\":\"R\"}'),(333,434,'{\"1-3\":\"\",\"1-4\":\"\",\"1-5\":\"\",\"1-6\":\"\",\"1-7\":\"\",\"1-8\":\"\",\"2-8\":\"\",\"3-8\":\"\",\"4-8\":\"\",\"4-9\":\"\",\"4-10\":\"\",\"4-11\":\"\",\"5-8\":\"\",\"5-10\":\"\",\"5-12\":\"\",\"5-13\":\"\",\"5-14\":\"\",\"6-8\":\"\",\"6-10\":\"\",\"7-9\":\"N\",\"7-10\":\"E\",\"7-11\":\"S\",\"7-12\":\"S\",\"8-9\":\"E\",\"9-9\":\"S\",\"10-7\":\"D\",\"10-8\":\"D\",\"10-9\":\"S\",\"10-10\":\"\",\"11-9\":\"S\",\"11-11\":\"\",\"11-13\":\"\",\"12-7\":\"\",\"12-8\":\"\",\"12-9\":\"S\",\"12-10\":\"\",\"12-11\":\"\",\"12-12\":\"\",\"12-13\":\"\",\"13-9\":\"S\",\"13-11\":\"\",\"13-13\":\"\",\"14-9\":\"\",\"15-9\":\"\"}'),(334,436,'{\"1-1\":\"\",\"1-2\":\"\",\"1-3\":\"\",\"1-4\":\"\",\"2-4\":\"\",\"3-4\":\"\",\"3-7\":\"\",\"4-4\":\"\",\"4-5\":\"\",\"4-6\":\"\",\"4-7\":\"\",\"4-8\":\"\",\"4-10\":\"\",\"5-7\":\"\",\"5-9\":\"\",\"5-10\":\"\",\"5-11\":\"\",\"5-12\":\"\",\"6-6\":\"\",\"6-7\":\"\",\"6-8\":\"\",\"6-9\":\"\",\"6-10\":\"\",\"6-12\":\"\",\"7-12\":\"\",\"7-13\":\"\",\"8-12\":\"\"}'),(335,436,'{\"1-1\":\"\",\"1-2\":\"\",\"1-3\":\"\",\"1-4\":\"\",\"2-4\":\"\",\"3-4\":\"\",\"3-7\":\"\",\"4-4\":\"\",\"4-5\":\"\",\"4-6\":\"\",\"4-7\":\"\",\"4-8\":\"\",\"4-10\":\"\",\"5-7\":\"\",\"5-9\":\"\",\"5-10\":\"\",\"5-11\":\"\",\"5-12\":\"\",\"6-6\":\"\",\"6-7\":\"\",\"6-8\":\"\",\"6-9\":\"\",\"6-10\":\"\",\"6-12\":\"\",\"7-12\":\"\",\"7-13\":\"\",\"8-12\":\"\"}'),(336,436,'{\"1-1\":\"\",\"1-2\":\"\",\"1-3\":\"\",\"1-4\":\"\",\"2-4\":\"\",\"3-4\":\"\",\"3-7\":\"\",\"4-4\":\"\",\"4-5\":\"\",\"4-6\":\"\",\"4-7\":\"\",\"4-8\":\"\",\"4-10\":\"\",\"5-7\":\"\",\"5-9\":\"\",\"5-10\":\"\",\"5-11\":\"\",\"5-12\":\"\",\"6-6\":\"\",\"6-7\":\"\",\"6-8\":\"\",\"6-9\":\"\",\"6-10\":\"\",\"6-12\":\"\",\"7-12\":\"\",\"7-13\":\"\",\"8-12\":\"\"}'),(337,436,'{\"1-1\":\"\",\"1-2\":\"\",\"1-3\":\"\",\"1-4\":\"\",\"2-4\":\"\",\"3-4\":\"\",\"3-7\":\"\",\"4-4\":\"\",\"4-5\":\"\",\"4-6\":\"\",\"4-7\":\"\",\"4-8\":\"\",\"4-10\":\"\",\"5-7\":\"\",\"5-9\":\"\",\"5-10\":\"\",\"5-11\":\"\",\"5-12\":\"\",\"6-6\":\"\",\"6-7\":\"\",\"6-8\":\"\",\"6-9\":\"\",\"6-10\":\"\",\"6-12\":\"\",\"7-12\":\"\",\"7-13\":\"\",\"8-12\":\"\"}'),(338,436,'{\"1-1\":\"\",\"1-2\":\"\",\"1-3\":\"\",\"1-4\":\"\",\"2-4\":\"\",\"3-4\":\"\",\"3-7\":\"\",\"4-4\":\"\",\"4-5\":\"\",\"4-6\":\"\",\"4-7\":\"\",\"4-8\":\"\",\"4-10\":\"\",\"5-7\":\"\",\"5-9\":\"\",\"5-10\":\"\",\"5-11\":\"\",\"5-12\":\"\",\"6-6\":\"\",\"6-7\":\"\",\"6-8\":\"\",\"6-9\":\"\",\"6-10\":\"\",\"6-12\":\"\",\"7-12\":\"\",\"7-13\":\"\",\"8-12\":\"\"}'),(339,438,'{\"7-7\":\"\",\"7-8\":\"\",\"7-9\":\"\",\"7-10\":\"\",\"7-11\":\"\",\"8-7\":\"\",\"9-7\":\"\",\"10-7\":\"\"}'),(340,438,'{\"7-7\":\"\",\"7-8\":\"\",\"7-9\":\"\",\"7-10\":\"\",\"7-11\":\"\",\"8-7\":\"\",\"9-7\":\"\",\"10-7\":\"\"}'),(341,438,'{\"7-7\":\"\",\"7-8\":\"\",\"7-9\":\"\",\"7-10\":\"\",\"7-11\":\"\",\"8-7\":\"\",\"9-7\":\"\",\"10-7\":\"\"}'),(342,438,'{\"7-7\":\"\",\"7-8\":\"\",\"7-9\":\"\",\"7-10\":\"\",\"7-11\":\"\",\"8-7\":\"\",\"9-7\":\"\",\"10-7\":\"\"}'),(343,438,'{\"7-7\":\"\",\"7-8\":\"\",\"7-9\":\"\",\"7-10\":\"\",\"7-11\":\"\",\"8-7\":\"\",\"9-7\":\"\",\"10-7\":\"\"}'),(344,441,'{\"1-3\":\"P\",\"1-4\":\"R\",\"1-5\":\"E\",\"1-6\":\"T\",\"1-7\":\"T\",\"1-8\":\"Y\",\"2-8\":\"\",\"3-8\":\"\",\"4-8\":\"L\",\"4-9\":\"O\",\"4-10\":\"F\",\"4-11\":\"T\",\"5-8\":\"\",\"5-10\":\"\",\"5-12\":\"\",\"5-13\":\"\",\"5-14\":\"\",\"6-8\":\"\",\"6-10\":\"\",\"7-9\":\"N\",\"7-10\":\"E\",\"7-11\":\"S\",\"7-12\":\"T\",\"8-9\":\"E\",\"9-9\":\"I\",\"10-7\":\"B\",\"10-8\":\"A\",\"10-9\":\"G\",\"10-10\":\"G\",\"11-9\":\"H\",\"11-11\":\"\",\"11-13\":\"\",\"12-7\":\"\",\"12-8\":\"\",\"12-9\":\"B\",\"12-10\":\"\",\"12-11\":\"\",\"12-12\":\"\",\"12-13\":\"\",\"13-9\":\"O\",\"13-11\":\"\",\"13-13\":\"\",\"14-9\":\"U\",\"15-9\":\"R\"}'),(345,442,'{\"1-3\":\"J\",\"1-4\":\"J\",\"1-5\":\"F\",\"1-6\":\"F\",\"1-7\":\"F\",\"1-8\":\"V\",\"2-8\":\"\",\"3-8\":\"\",\"4-8\":\"U\",\"4-9\":\"U\",\"4-10\":\"\",\"4-11\":\"\",\"5-8\":\"\",\"5-10\":\"\",\"5-12\":\"\",\"5-13\":\"\",\"5-14\":\"\",\"6-8\":\"\",\"6-10\":\"\",\"7-9\":\"\",\"7-10\":\"\",\"7-11\":\"\",\"7-12\":\"\",\"8-9\":\"\",\"9-9\":\"\",\"10-7\":\"\",\"10-8\":\"\",\"10-9\":\"\",\"10-10\":\"\",\"11-9\":\"\",\"11-11\":\"\",\"11-13\":\"\",\"12-7\":\"\",\"12-8\":\"\",\"12-9\":\"\",\"12-10\":\"\",\"12-11\":\"\",\"12-12\":\"\",\"12-13\":\"\",\"13-9\":\"\",\"13-11\":\"\",\"13-13\":\"\",\"14-9\":\"\",\"15-9\":\"\"}'),(346,442,'{\"1-3\":\"F\",\"1-4\":\"G\",\"1-5\":\"D\",\"1-6\":\"G\",\"1-7\":\"G\",\"1-8\":\"D\",\"2-8\":\"H\",\"3-8\":\"H\",\"4-8\":\"J\",\"4-9\":\"J\",\"4-10\":\"L\",\"4-11\":\"K\",\"5-8\":\"H\",\"5-10\":\";\",\"5-12\":\"K\",\"5-13\":\"K\",\"5-14\":\"\",\"6-8\":\"J\",\"6-10\":\";\",\"7-9\":\"\",\"7-10\":\"K\",\"7-11\":\"\",\"7-12\":\"\",\"8-9\":\"\",\"9-9\":\"\",\"10-7\":\"\",\"10-8\":\"\",\"10-9\":\"\",\"10-10\":\"\",\"11-9\":\"\",\"11-11\":\"\",\"11-13\":\"\",\"12-7\":\"\",\"12-8\":\"\",\"12-9\":\"\",\"12-10\":\"\",\"12-11\":\"\",\"12-12\":\"\",\"12-13\":\"\",\"13-9\":\"\",\"13-11\":\"\",\"13-13\":\"\",\"14-9\":\"\",\"15-9\":\"\"}'),(347,445,'{\"7-7\":\"\",\"7-8\":\"\",\"7-9\":\"\",\"7-10\":\"\",\"7-11\":\"\",\"8-7\":\"\",\"9-7\":\"\",\"10-7\":\"\"}'),(348,446,'{\"2-6\":\"\",\"2-7\":\"\",\"2-8\":\"\",\"2-9\":\"\",\"2-10\":\"\",\"3-6\":\"\",\"3-7\":\"\",\"3-8\":\"\",\"4-8\":\"\",\"5-8\":\"\",\"6-8\":\"\",\"7-8\":\"\",\"8-8\":\"\"}'),(349,446,'{\"2-6\":\"\",\"2-7\":\"\",\"2-8\":\"\",\"2-9\":\"\",\"2-10\":\"\",\"3-6\":\"\",\"3-7\":\"\",\"3-8\":\"\",\"4-8\":\"\",\"5-8\":\"\",\"6-8\":\"\",\"7-8\":\"\",\"8-8\":\"\"}'),(350,446,'{\"2-6\":\"\",\"2-7\":\"\",\"2-8\":\"\",\"2-9\":\"\",\"2-10\":\"\",\"3-6\":\"\",\"3-7\":\"\",\"3-8\":\"\",\"4-8\":\"\",\"5-8\":\"\",\"6-8\":\"\",\"7-8\":\"\",\"8-8\":\"\"}'),(351,446,'{\"2-6\":\"\",\"2-7\":\"\",\"2-8\":\"\",\"2-9\":\"\",\"2-10\":\"\",\"3-6\":\"\",\"3-7\":\"\",\"3-8\":\"\",\"4-8\":\"\",\"5-8\":\"\",\"6-8\":\"\",\"7-8\":\"\",\"8-8\":\"\"}'),(352,446,'{\"2-6\":\"\",\"2-7\":\"\",\"2-8\":\"\",\"2-9\":\"\",\"2-10\":\"\",\"3-6\":\"\",\"3-7\":\"\",\"3-8\":\"\",\"4-8\":\"\",\"5-8\":\"\",\"6-8\":\"\",\"7-8\":\"\",\"8-8\":\"\"}'),(353,446,'{\"2-6\":\"\",\"2-7\":\"\",\"2-8\":\"\",\"2-9\":\"\",\"2-10\":\"\",\"3-6\":\"\",\"3-7\":\"\",\"3-8\":\"\",\"4-8\":\"\",\"5-8\":\"\",\"6-8\":\"\",\"7-8\":\"\",\"8-8\":\"\"}'),(354,446,'{\"2-6\":\"\",\"2-7\":\"\",\"2-8\":\"\",\"2-9\":\"\",\"2-10\":\"\",\"3-6\":\"\",\"3-7\":\"\",\"3-8\":\"\",\"4-8\":\"\",\"5-8\":\"\",\"6-8\":\"\",\"7-8\":\"\",\"8-8\":\"\"}'),(355,446,'{\"2-6\":\"\",\"2-7\":\"\",\"2-8\":\"\",\"2-9\":\"\",\"2-10\":\"\",\"3-6\":\"\",\"3-7\":\"\",\"3-8\":\"\",\"4-8\":\"\",\"5-8\":\"\",\"6-8\":\"\",\"7-8\":\"\",\"8-8\":\"\"}'),(356,448,'{\"7-7\":\"\",\"7-8\":\"\",\"7-9\":\"\",\"7-10\":\"\",\"7-11\":\"\",\"8-7\":\"\",\"9-7\":\"\",\"10-7\":\"\"}'),(357,448,'{\"7-7\":\"\",\"7-8\":\"\",\"7-9\":\"\",\"7-10\":\"\",\"7-11\":\"\",\"8-7\":\"\",\"9-7\":\"\",\"10-7\":\"\"}'),(358,448,'{\"7-7\":\"\",\"7-8\":\"\",\"7-9\":\"\",\"7-10\":\"\",\"7-11\":\"\",\"8-7\":\"\",\"9-7\":\"\",\"10-7\":\"\"}'),(359,449,'{\"1-3\":\"W\",\"1-4\":\"W\",\"1-5\":\"W\",\"1-6\":\"W\",\"1-7\":\"W\",\"1-8\":\"W\",\"2-8\":\"\",\"3-8\":\"\",\"4-8\":\"W\",\"4-9\":\"W\",\"4-10\":\"W\",\"4-11\":\"\",\"5-8\":\"\",\"5-10\":\"\",\"5-12\":\"W\",\"5-13\":\"\",\"5-14\":\"\",\"6-8\":\"\",\"6-10\":\"\",\"7-9\":\"W\",\"7-10\":\"W\",\"7-11\":\"W\",\"7-12\":\"W\",\"8-9\":\"\",\"9-9\":\"\",\"10-7\":\"W\",\"10-8\":\"W\",\"10-9\":\"W\",\"10-10\":\"\",\"11-9\":\"\",\"11-11\":\"W\",\"11-13\":\"W\",\"12-7\":\"W\",\"12-8\":\"W\",\"12-9\":\"\",\"12-10\":\"\",\"12-11\":\"\",\"12-12\":\"\",\"12-13\":\"\",\"13-9\":\"\",\"13-11\":\"\",\"13-13\":\"\",\"14-9\":\"\",\"15-9\":\"\"}'),(360,451,'{\"1-3\":\"\",\"1-4\":\"\",\"1-5\":\"\",\"1-6\":\"\",\"1-7\":\"\",\"1-8\":\"\",\"2-8\":\"\",\"3-8\":\"\",\"4-8\":\"\",\"4-9\":\"\",\"4-10\":\"\",\"4-11\":\"\",\"5-8\":\"\",\"5-10\":\"\",\"5-12\":\"\",\"5-13\":\"\",\"5-14\":\"\",\"6-8\":\"\",\"6-10\":\"\",\"7-9\":\"\",\"7-10\":\"\",\"7-11\":\"\",\"7-12\":\"\",\"8-9\":\"\",\"9-9\":\"\",\"10-7\":\"\",\"10-8\":\"\",\"10-9\":\"\",\"10-10\":\"\",\"11-9\":\"\",\"11-11\":\"\",\"11-13\":\"\",\"12-7\":\"\",\"12-8\":\"\",\"12-9\":\"\",\"12-10\":\"\",\"12-11\":\"\",\"12-12\":\"\",\"12-13\":\"\",\"13-9\":\"\",\"13-11\":\"\",\"13-13\":\"\",\"14-9\":\"\",\"15-9\":\"\"}'),(361,451,'{\"1-3\":\"\",\"1-4\":\"\",\"1-5\":\"\",\"1-6\":\"\",\"1-7\":\"\",\"1-8\":\"\",\"2-8\":\"\",\"3-8\":\"\",\"4-8\":\"\",\"4-9\":\"\",\"4-10\":\"\",\"4-11\":\"\",\"5-8\":\"\",\"5-10\":\"\",\"5-12\":\"\",\"5-13\":\"\",\"5-14\":\"\",\"6-8\":\"\",\"6-10\":\"\",\"7-9\":\"\",\"7-10\":\"\",\"7-11\":\"\",\"7-12\":\"\",\"8-9\":\"\",\"9-9\":\"\",\"10-7\":\"\",\"10-8\":\"\",\"10-9\":\"\",\"10-10\":\"\",\"11-9\":\"\",\"11-11\":\"\",\"11-13\":\"\",\"12-7\":\"\",\"12-8\":\"\",\"12-9\":\"\",\"12-10\":\"\",\"12-11\":\"\",\"12-12\":\"\",\"12-13\":\"\",\"13-9\":\"\",\"13-11\":\"\",\"13-13\":\"\",\"14-9\":\"\",\"15-9\":\"\"}'),(362,452,'{\"1-3\":\"P\",\"1-4\":\"R\",\"1-5\":\"E\",\"1-6\":\"T\",\"1-7\":\"T\",\"1-8\":\"Y\",\"2-8\":\"\",\"3-8\":\"\",\"4-8\":\"S\",\"4-9\":\"G\",\"4-10\":\"J\",\"4-11\":\"H\",\"5-8\":\"\",\"5-10\":\"\",\"5-12\":\"\",\"5-13\":\"\",\"5-14\":\"\",\"6-8\":\"\",\"6-10\":\"\",\"7-9\":\"N\",\"7-10\":\"E\",\"7-11\":\"S\",\"7-12\":\"D\",\"8-9\":\"E\",\"9-9\":\"D\",\"10-7\":\"\",\"10-8\":\"\",\"10-9\":\"Y\",\"10-10\":\"\",\"11-9\":\"I\",\"11-11\":\"\",\"11-13\":\"\",\"12-7\":\"\",\"12-8\":\"\",\"12-9\":\"H\",\"12-10\":\"\",\"12-11\":\"\",\"12-12\":\"\",\"12-13\":\"\",\"13-9\":\"R\",\"13-11\":\"\",\"13-13\":\"\",\"14-9\":\"S\",\"15-9\":\"G\"}'),(363,451,'{\"1-3\":\"\",\"1-4\":\"\",\"1-5\":\"\",\"1-6\":\"\",\"1-7\":\"\",\"1-8\":\"\",\"2-8\":\"\",\"3-8\":\"\",\"4-8\":\"\",\"4-9\":\"\",\"4-10\":\"\",\"4-11\":\"\",\"5-8\":\"\",\"5-10\":\"\",\"5-12\":\"\",\"5-13\":\"\",\"5-14\":\"\",\"6-8\":\"\",\"6-10\":\"\",\"7-9\":\"\",\"7-10\":\"\",\"7-11\":\"\",\"7-12\":\"\",\"8-9\":\"\",\"9-9\":\"\",\"10-7\":\"\",\"10-8\":\"\",\"10-9\":\"\",\"10-10\":\"\",\"11-9\":\"\",\"11-11\":\"\",\"11-13\":\"\",\"12-7\":\"\",\"12-8\":\"\",\"12-9\":\"\",\"12-10\":\"\",\"12-11\":\"\",\"12-12\":\"\",\"12-13\":\"\",\"13-9\":\"\",\"13-11\":\"\",\"13-13\":\"\",\"14-9\":\"\",\"15-9\":\"\"}'),(364,451,'{\"1-3\":\"\",\"1-4\":\"\",\"1-5\":\"\",\"1-6\":\"\",\"1-7\":\"\",\"1-8\":\"\",\"2-8\":\"\",\"3-8\":\"\",\"4-8\":\"\",\"4-9\":\"\",\"4-10\":\"\",\"4-11\":\"\",\"5-8\":\"\",\"5-10\":\"\",\"5-12\":\"\",\"5-13\":\"\",\"5-14\":\"\",\"6-8\":\"\",\"6-10\":\"\",\"7-9\":\"\",\"7-10\":\"\",\"7-11\":\"\",\"7-12\":\"\",\"8-9\":\"\",\"9-9\":\"\",\"10-7\":\"\",\"10-8\":\"\",\"10-9\":\"\",\"10-10\":\"\",\"11-9\":\"\",\"11-11\":\"\",\"11-13\":\"\",\"12-7\":\"\",\"12-8\":\"\",\"12-9\":\"\",\"12-10\":\"\",\"12-11\":\"\",\"12-12\":\"\",\"12-13\":\"\",\"13-9\":\"\",\"13-11\":\"\",\"13-13\":\"\",\"14-9\":\"\",\"15-9\":\"\"}'),(365,451,'{\"1-3\":\"\",\"1-4\":\"\",\"1-5\":\"\",\"1-6\":\"\",\"1-7\":\"\",\"1-8\":\"\",\"2-8\":\"\",\"3-8\":\"\",\"4-8\":\"\",\"4-9\":\"\",\"4-10\":\"\",\"4-11\":\"\",\"5-8\":\"\",\"5-10\":\"\",\"5-12\":\"\",\"5-13\":\"\",\"5-14\":\"\",\"6-8\":\"\",\"6-10\":\"\",\"7-9\":\"\",\"7-10\":\"\",\"7-11\":\"\",\"7-12\":\"\",\"8-9\":\"\",\"9-9\":\"\",\"10-7\":\"\",\"10-8\":\"\",\"10-9\":\"\",\"10-10\":\"\",\"11-9\":\"\",\"11-11\":\"\",\"11-13\":\"\",\"12-7\":\"\",\"12-8\":\"\",\"12-9\":\"\",\"12-10\":\"\",\"12-11\":\"\",\"12-12\":\"\",\"12-13\":\"\",\"13-9\":\"\",\"13-11\":\"\",\"13-13\":\"\",\"14-9\":\"\",\"15-9\":\"\"}'),(366,451,'{\"1-3\":\"\",\"1-4\":\"\",\"1-5\":\"\",\"1-6\":\"\",\"1-7\":\"\",\"1-8\":\"\",\"2-8\":\"\",\"3-8\":\"\",\"4-8\":\"\",\"4-9\":\"\",\"4-10\":\"\",\"4-11\":\"\",\"5-8\":\"\",\"5-10\":\"\",\"5-12\":\"\",\"5-13\":\"\",\"5-14\":\"\",\"6-8\":\"\",\"6-10\":\"\",\"7-9\":\"\",\"7-10\":\"\",\"7-11\":\"\",\"7-12\":\"\",\"8-9\":\"\",\"9-9\":\"\",\"10-7\":\"\",\"10-8\":\"\",\"10-9\":\"\",\"10-10\":\"\",\"11-9\":\"\",\"11-11\":\"\",\"11-13\":\"\",\"12-7\":\"\",\"12-8\":\"\",\"12-9\":\"\",\"12-10\":\"\",\"12-11\":\"\",\"12-12\":\"\",\"12-13\":\"\",\"13-9\":\"\",\"13-11\":\"\",\"13-13\":\"\",\"14-9\":\"\",\"15-9\":\"\"}'),(367,451,'{\"1-3\":\"\",\"1-4\":\"\",\"1-5\":\"\",\"1-6\":\"\",\"1-7\":\"\",\"1-8\":\"\",\"2-8\":\"\",\"3-8\":\"\",\"4-8\":\"\",\"4-9\":\"\",\"4-10\":\"\",\"4-11\":\"\",\"5-8\":\"\",\"5-10\":\"\",\"5-12\":\"\",\"5-13\":\"\",\"5-14\":\"\",\"6-8\":\"\",\"6-10\":\"\",\"7-9\":\"\",\"7-10\":\"\",\"7-11\":\"\",\"7-12\":\"\",\"8-9\":\"\",\"9-9\":\"\",\"10-7\":\"\",\"10-8\":\"\",\"10-9\":\"\",\"10-10\":\"\",\"11-9\":\"\",\"11-11\":\"\",\"11-13\":\"\",\"12-7\":\"\",\"12-8\":\"\",\"12-9\":\"\",\"12-10\":\"\",\"12-11\":\"\",\"12-12\":\"\",\"12-13\":\"\",\"13-9\":\"\",\"13-11\":\"\",\"13-13\":\"\",\"14-9\":\"\",\"15-9\":\"\"}'),(368,451,'{\"1-3\":\"\",\"1-4\":\"\",\"1-5\":\"\",\"1-6\":\"\",\"1-7\":\"\",\"1-8\":\"\",\"2-8\":\"\",\"3-8\":\"\",\"4-8\":\"\",\"4-9\":\"\",\"4-10\":\"\",\"4-11\":\"\",\"5-8\":\"\",\"5-10\":\"\",\"5-12\":\"\",\"5-13\":\"\",\"5-14\":\"\",\"6-8\":\"\",\"6-10\":\"\",\"7-9\":\"\",\"7-10\":\"\",\"7-11\":\"\",\"7-12\":\"\",\"8-9\":\"\",\"9-9\":\"\",\"10-7\":\"\",\"10-8\":\"\",\"10-9\":\"\",\"10-10\":\"\",\"11-9\":\"\",\"11-11\":\"\",\"11-13\":\"\",\"12-7\":\"\",\"12-8\":\"\",\"12-9\":\"\",\"12-10\":\"\",\"12-11\":\"\",\"12-12\":\"\",\"12-13\":\"\",\"13-9\":\"\",\"13-11\":\"\",\"13-13\":\"\",\"14-9\":\"\",\"15-9\":\"\"}'),(369,454,'{\"1-3\":\"\",\"1-4\":\"\",\"1-5\":\"\",\"1-6\":\"\",\"1-7\":\"\",\"1-8\":\"\",\"2-8\":\"\",\"3-8\":\"\",\"4-8\":\"\",\"4-9\":\"\",\"4-10\":\"\",\"4-11\":\"\",\"5-8\":\"\",\"5-10\":\"\",\"5-12\":\"\",\"5-13\":\"\",\"5-14\":\"\",\"6-8\":\"\",\"6-10\":\"\",\"7-9\":\"\",\"7-10\":\"\",\"7-11\":\"\",\"7-12\":\"\",\"8-9\":\"\",\"9-9\":\"\",\"10-7\":\"\",\"10-8\":\"\",\"10-9\":\"\",\"10-10\":\"\",\"11-9\":\"\",\"11-11\":\"\",\"11-13\":\"\",\"12-7\":\"\",\"12-8\":\"\",\"12-9\":\"\",\"12-10\":\"\",\"12-11\":\"\",\"12-12\":\"\",\"12-13\":\"\",\"13-9\":\"\",\"13-11\":\"\",\"13-13\":\"\",\"14-9\":\"\",\"15-9\":\"\"}'),(370,456,'{\"1-2\":\"\",\"1-3\":\"\",\"1-4\":\"\",\"1-5\":\"\",\"2-5\":\"\",\"3-3\":\"\",\"3-4\":\"\",\"3-5\":\"\",\"3-6\":\"\",\"3-7\":\"\",\"3-8\":\"\",\"4-5\":\"\",\"5-5\":\"\",\"5-7\":\"\",\"6-5\":\"\",\"6-6\":\"\",\"6-7\":\"\",\"6-8\":\"\",\"6-9\":\"\",\"6-10\":\"\",\"6-11\":\"\",\"6-12\":\"\",\"7-7\":\"\",\"7-12\":\"\",\"8-12\":\"\",\"9-9\":\"N\",\"9-10\":\"O\",\"9-11\":\"S\",\"9-12\":\"E\",\"10-9\":\"E\",\"10-12\":\"\",\"11-9\":\"E\",\"12-9\":\"D\",\"13-9\":\"L\",\"14-6\":\"\",\"14-7\":\"\",\"14-8\":\"\",\"14-9\":\"E\"}'),(371,464,'{\"7-7\":\"\",\"7-8\":\"\",\"7-9\":\"\",\"7-10\":\"\",\"7-11\":\"\",\"8-7\":\"\",\"9-7\":\"\",\"10-7\":\"\"}');
/*!40000 ALTER TABLE `crossword_users_details_meta` ENABLE KEYS */;
UNLOCK TABLES;

--
-- Table structure for table `crosswordusers`
--

DROP TABLE IF EXISTS `crosswordusers`;
/*!40101 SET @saved_cs_client     = @@character_set_client */;
/*!40101 SET character_set_client = utf8 */;
CREATE TABLE `crosswordusers` (
  `id` int(11) NOT NULL AUTO_INCREMENT,
  `user_id` int(11) NOT NULL,
  `batch_number` int(11) NOT NULL,
  `crossword_id` int(11) NOT NULL,
  `duration` int(11) NOT NULL,
  `crossword_status` varchar(10) NOT NULL,
  `type` varchar(10) NOT NULL,
  `right_answer` int(11) NOT NULL,
  `wrong_answer` int(11) NOT NULL,
  `score` float NOT NULL,
  `created` date NOT NULL,
  PRIMARY KEY (`id`)
) ENGINE=InnoDB AUTO_INCREMENT=465 DEFAULT CHARSET=latin1;
/*!40101 SET character_set_client = @saved_cs_client */;

--
-- Dumping data for table `crosswordusers`
--

LOCK TABLES `crosswordusers` WRITE;
/*!40000 ALTER TABLE `crosswordusers` DISABLE KEYS */;
INSERT INTO `crosswordusers` VALUES (153,1,1925356757,46,4,'complete','C',0,2,0,'2019-02-04'),(154,1,1785191424,46,4,'incomplete','OP',0,0,0,'2019-02-04'),(155,1,761211834,46,4,'incomplete','OP',0,0,0,'2019-02-04'),(156,1,1739271106,46,2,'incomplete','OP',0,0,0,'2019-02-04'),(157,1,1161944113,46,2,'incomplete','OP',0,0,0,'2019-02-04'),(158,1,1633221870,46,2,'incomplete','OP',0,0,0,'2019-02-04'),(159,1,108951685,46,2,'incomplete','OP',0,0,0,'2019-02-04'),(160,1,996376483,46,2,'incomplete','OP',0,0,0,'2019-02-04'),(161,1,1691945362,46,2,'incomplete','OP',0,0,0,'2019-02-04'),(162,1,142320149,46,4,'complete','OP',0,2,0,'2019-02-04'),(163,1,1550977643,46,3,'complete','OP',0,2,0,'2019-02-04'),(164,1,1879035988,46,4,'incomplete','OP',0,0,0,'2019-02-04'),(165,1,1835165471,46,4,'complete','OP',0,2,0,'2019-02-04'),(166,1,795980208,46,2,'complete','OP',0,2,0,'2019-02-04'),(167,1,717117733,46,4,'complete','OP',0,2,0,'2019-02-04'),(168,1,858801922,46,2,'complete','OP',0,2,0,'2019-02-04'),(169,1,494907874,48,10,'complete','OP',3,6,0.333333,'2019-02-05'),(170,1,423298769,48,3,'complete','OP',0,9,0,'2019-02-05'),(171,1,1775397813,48,50,'incomplete','OP',0,0,0,'2019-02-05'),(172,1,285425310,48,50,'incomplete','OP',0,0,0,'2019-02-05'),(173,1,242563438,48,50,'incomplete','OP',0,0,0,'2019-02-05'),(174,1,205016229,48,50,'incomplete','OP',0,0,0,'2019-02-05'),(175,1,1649085586,48,50,'incomplete','OP',0,0,0,'2019-02-05'),(176,1,696192435,48,50,'incomplete','OP',0,0,0,'2019-02-05'),(177,1,2112709274,48,50,'complete','OP',0,9,0,'2019-02-05'),(178,1,1949096028,48,2,'incomplete','OP',0,0,0,'2019-02-05'),(179,1,952318577,49,4,'complete','C',1,2,0.333333,'2019-02-05'),(180,1,672007067,50,10,'complete','OP',4,7,0.363636,'2019-02-05'),(181,1,1205015071,50,3,'complete','OP',0,11,0,'2019-02-05'),(182,1,143860669,50,50,'complete','OP',0,11,0,'2019-02-05'),(183,1,1397131199,50,10,'complete','OP',3,8,0.272727,'2019-02-05'),(184,1,611311616,50,50,'complete','OP',0,11,0,'2019-02-05'),(185,1,497297762,50,5,'complete','OP',8,3,0.727273,'2019-02-05'),(186,1,371358339,50,10,'complete','OP',1,10,0.0909091,'2019-02-06'),(187,1,112409624,50,50,'complete','OP',0,11,0,'2019-02-07'),(188,1,1752193747,50,2,'incomplete','OP',0,0,0,'2019-02-07'),(189,1,1752193747,48,2,'complete','OP',0,9,0,'2019-02-07'),(190,1,1711227881,50,50,'incomplete','OP',0,0,0,'2019-02-07'),(191,1,2012168576,50,50,'incomplete','OP',0,0,0,'2019-02-07'),(192,1,836560336,50,50,'incomplete','OP',0,0,0,'2019-02-07'),(193,1,1663506142,50,50,'incomplete','OP',0,0,0,'2019-02-07'),(194,1,1038833942,50,2,'incomplete','OP',0,0,0,'2019-02-07'),(195,1,1038833942,48,2,'complete','OP',0,9,0,'2019-02-07'),(196,1,1384699335,50,2,'incomplete','OP',0,0,0,'2019-02-07'),(197,1,1384699335,48,2,'incomplete','OP',0,0,0,'2019-02-07'),(198,1,171255789,50,50,'complete','OP',0,11,0,'2019-02-07'),(199,1,225583421,50,2,'incomplete','OP',0,0,0,'2019-02-07'),(200,1,225583421,48,2,'incomplete','OP',0,0,0,'2019-02-07'),(201,1,347214317,50,2,'incomplete','OP',0,0,0,'2019-02-07'),(202,1,347214317,48,2,'incomplete','OP',0,0,0,'2019-02-07'),(203,1,1406637298,50,2,'incomplete','OP',0,0,0,'2019-02-07'),(204,1,1406637298,48,2,'incomplete','OP',0,0,0,'2019-02-07'),(205,1,1336939889,50,2,'incomplete','OP',0,0,0,'2019-02-07'),(206,1,1336939889,48,2,'incomplete','OP',0,0,0,'2019-02-07'),(207,1,1443446006,50,2,'incomplete','OP',0,0,0,'2019-02-07'),(208,1,1443446006,48,2,'incomplete','OP',0,0,0,'2019-02-07'),(209,1,389430623,50,2,'incomplete','OP',0,0,0,'2019-02-07'),(210,1,389430623,48,2,'incomplete','OP',0,0,0,'2019-02-07'),(211,1,26866888,50,2,'incomplete','OP',0,0,0,'2019-02-07'),(212,1,26866888,48,2,'complete','OP',0,9,0,'2019-02-07'),(213,1,139103602,50,2,'incomplete','OP',0,0,0,'2019-02-07'),(214,1,139103602,48,2,'complete','OP',0,9,0,'2019-02-07'),(215,1,188313191,50,50,'complete','OP',0,11,0,'2019-02-07'),(216,1,785546249,50,50,'incomplete','OP',0,0,0,'2019-02-07'),(217,1,282025562,50,50,'incomplete','OP',0,0,0,'2019-02-07'),(218,1,1711037210,50,50,'complete','OP',0,11,0,'2019-02-07'),(219,1,1801585915,50,50,'incomplete','OP',0,0,0,'2019-02-07'),(220,1,55002262,50,50,'incomplete','OP',0,0,0,'2019-02-07'),(221,1,2058127409,50,50,'incomplete','OP',0,0,0,'2019-02-07'),(222,1,1715783341,50,50,'incomplete','OP',0,0,0,'2019-02-07'),(223,1,2111154863,50,50,'incomplete','OP',0,0,0,'2019-02-07'),(224,1,644537476,50,50,'incomplete','OP',0,0,0,'2019-02-07'),(225,1,261305825,50,50,'incomplete','OP',0,0,0,'2019-02-07'),(226,1,1146209662,50,50,'incomplete','OP',0,0,0,'2019-02-07'),(227,1,1835036436,50,50,'incomplete','OP',0,0,0,'2019-02-07'),(228,1,151927636,50,50,'incomplete','OP',0,0,0,'2019-02-07'),(229,1,1908078207,50,50,'incomplete','OP',0,0,0,'2019-02-07'),(230,1,835984473,50,50,'incomplete','OP',0,0,0,'2019-02-07'),(231,1,1542928767,50,50,'incomplete','OP',0,0,0,'2019-02-07'),(232,1,776096562,50,50,'incomplete','OP',0,0,0,'2019-02-07'),(233,1,150805922,50,50,'incomplete','OP',0,0,0,'2019-02-07'),(234,1,1195774516,50,50,'incomplete','OP',0,0,0,'2019-02-07'),(235,1,1725267596,50,50,'incomplete','OP',0,0,0,'2019-02-07'),(236,1,110495974,50,50,'incomplete','OP',0,0,0,'2019-02-07'),(237,1,981128449,50,10,'complete','OP',0,11,0,'2019-02-07'),(238,1,482591469,50,10,'complete','OP',0,11,0,'2019-02-07'),(239,1,2050072736,50,10,'complete','OP',0,11,0,'2019-02-07'),(240,1,349071561,50,50,'complete','OP',0,11,0,'2019-02-07'),(241,1,1015447903,50,50,'incomplete','OP',0,0,0,'2019-02-08'),(242,1,934035074,50,50,'incomplete','OP',0,0,0,'2019-02-08'),(243,1,409836828,50,50,'incomplete','OP',0,0,0,'2019-02-08'),(244,1,1101588888,50,50,'incomplete','OP',0,0,0,'2019-02-08'),(245,1,1646183426,50,50,'incomplete','OP',0,0,0,'2019-02-08'),(246,1,1581917974,50,50,'incomplete','OP',0,0,0,'2019-02-08'),(247,1,1359865915,50,50,'incomplete','OP',0,0,0,'2019-02-08'),(248,1,1960951627,50,50,'incomplete','OP',0,0,0,'2019-02-08'),(249,1,240748957,50,50,'incomplete','OP',0,0,0,'2019-02-08'),(250,1,495127493,50,50,'incomplete','OP',0,0,0,'2019-02-08'),(251,1,599897337,50,50,'incomplete','OP',0,0,0,'2019-02-08'),(252,1,1923180286,49,4,'incomplete','C',0,0,0,'2019-02-08'),(253,1,1666865574,49,4,'incomplete','C',0,0,0,'2019-02-08'),(254,1,785561971,49,4,'incomplete','C',0,0,0,'2019-02-08'),(255,1,1248271994,49,4,'incomplete','C',0,0,0,'2019-02-08'),(256,1,2069612480,49,4,'incomplete','C',0,0,0,'2019-02-08'),(257,1,1771364221,50,50,'incomplete','OP',0,0,0,'2019-02-08'),(258,1,377579271,50,50,'incomplete','OP',0,0,0,'2019-02-08'),(259,1,1401256808,50,50,'incomplete','OP',0,0,0,'2019-02-08'),(260,1,671056760,50,50,'incomplete','OP',0,0,0,'2019-02-08'),(261,1,665700725,50,50,'incomplete','OP',0,0,0,'2019-02-08'),(262,1,731356661,50,50,'incomplete','OP',0,0,0,'2019-02-08'),(263,1,2068578255,50,50,'incomplete','OP',0,0,0,'2019-02-08'),(264,1,536508522,50,50,'incomplete','OP',0,0,0,'2019-02-08'),(265,1,297661983,50,50,'incomplete','OP',0,0,0,'2019-02-08'),(266,1,1430329308,50,50,'incomplete','OP',0,0,0,'2019-02-08'),(267,1,1566809634,50,2,'incomplete','OP',0,0,0,'2019-02-08'),(268,1,1566809634,48,2,'complete','OP',0,9,0,'2019-02-08'),(269,1,1748153205,50,10,'incomplete','OP',0,0,0,'2019-02-11'),(270,1,1667248906,50,10,'complete','OP',0,11,0,'2019-02-12'),(271,1,2146828345,50,10,'complete','OP',0,11,0,'2019-02-12'),(272,1,1866668013,50,50,'complete','OP',0,11,0,'2019-02-13'),(273,1,55528408,49,4,'complete','C',1,2,0.333333,'2019-02-15'),(274,1,802843661,49,4,'incomplete','C',0,0,0,'2019-02-16'),(275,1,297115593,49,4,'incomplete','C',0,0,0,'2019-02-16'),(276,1,1303080730,49,4,'incomplete','C',0,0,0,'2019-02-16'),(277,1,577232853,49,4,'incomplete','C',0,0,0,'2019-02-16'),(278,1,1058507591,49,4,'incomplete','C',0,0,0,'2019-02-16'),(279,1,447853838,49,4,'incomplete','C',0,0,0,'2019-02-16'),(280,1,577907382,49,4,'incomplete','C',0,0,0,'2019-02-16'),(281,1,1238903701,49,4,'incomplete','C',0,0,0,'2019-02-16'),(282,1,1743224845,49,4,'incomplete','C',0,0,0,'2019-02-16'),(283,1,2117337669,49,4,'incomplete','C',0,0,0,'2019-02-16'),(284,1,78709050,49,4,'incomplete','C',0,0,0,'2019-02-16'),(285,1,1004924480,49,4,'incomplete','C',0,0,0,'2019-02-16'),(286,1,1651379856,49,4,'incomplete','C',0,0,0,'2019-02-16'),(287,1,1717215908,49,4,'incomplete','C',0,0,0,'2019-02-16'),(288,1,69971996,49,4,'incomplete','C',0,0,0,'2019-02-16'),(289,1,1074284450,49,4,'incomplete','C',0,0,0,'2019-02-16'),(290,1,1734337980,49,4,'incomplete','C',0,0,0,'2019-02-16'),(291,1,650349056,49,4,'complete','C',0,3,0,'2019-02-16'),(292,1,1732063924,49,4,'incomplete','C',0,0,0,'2019-02-16'),(293,1,305790299,49,4,'incomplete','C',0,0,0,'2019-02-16'),(294,1,1646767443,49,4,'incomplete','C',0,0,0,'2019-02-16'),(295,1,570690577,49,4,'incomplete','C',0,0,0,'2019-02-16'),(296,1,1268954094,49,4,'incomplete','C',0,0,0,'2019-02-16'),(297,1,652060456,49,4,'incomplete','C',0,0,0,'2019-02-16'),(298,1,752709883,49,4,'incomplete','C',0,0,0,'2019-02-16'),(299,1,847184553,49,4,'incomplete','C',0,0,0,'2019-02-16'),(300,1,1304995172,49,4,'incomplete','C',0,0,0,'2019-02-16'),(301,1,2035417329,49,4,'incomplete','C',0,0,0,'2019-02-16'),(302,1,883103053,49,4,'incomplete','C',0,0,0,'2019-02-16'),(303,1,1738489143,49,4,'incomplete','C',0,0,0,'2019-02-16'),(304,1,1619784065,49,4,'incomplete','C',0,0,0,'2019-02-16'),(305,1,1496705592,49,4,'complete','C',0,3,0,'2019-02-16'),(306,1,1759002808,49,4,'incomplete','C',0,0,0,'2019-02-16'),(307,1,1741939118,49,4,'complete','C',0,3,0,'2019-02-16'),(308,1,93608120,49,4,'complete','C',0,3,0,'2019-02-16'),(309,1,1338648784,49,4,'incomplete','C',0,0,0,'2019-02-16'),(310,1,71968731,49,4,'complete','C',0,3,0,'2019-02-16'),(311,1,728044709,49,4,'incomplete','C',0,0,0,'2019-02-16'),(312,1,2075231543,49,4,'incomplete','C',0,0,0,'2019-02-16'),(313,1,1705994130,49,4,'incomplete','C',0,0,0,'2019-02-16'),(314,1,1578063214,49,4,'incomplete','C',0,0,0,'2019-02-16'),(315,1,813605924,49,4,'incomplete','C',0,0,0,'2019-02-16'),(316,1,1491639820,50,50,'complete','OP',0,11,0,'2019-02-16'),(317,1,891824787,49,4,'incomplete','C',0,0,0,'2019-02-16'),(318,1,1773971868,49,4,'incomplete','C',0,0,0,'2019-02-16'),(319,1,426428409,49,4,'incomplete','C',0,0,0,'2019-02-16'),(320,1,562535051,49,4,'incomplete','C',0,0,0,'2019-02-16'),(321,1,1695894994,49,4,'incomplete','C',0,0,0,'2019-02-16'),(322,1,680732682,49,4,'incomplete','C',0,0,0,'2019-02-16'),(323,1,463511158,49,4,'incomplete','C',0,0,0,'2019-02-16'),(324,1,1507078252,49,4,'incomplete','C',0,0,0,'2019-02-16'),(325,1,1120616546,49,4,'incomplete','C',0,0,0,'2019-02-16'),(326,1,899190465,49,4,'incomplete','C',0,0,0,'2019-02-16'),(327,1,859448707,49,4,'complete','C',0,3,0,'2019-02-16'),(328,1,2047649518,49,4,'complete','C',0,3,0,'2019-02-16'),(329,1,1521597358,49,4,'complete','C',0,3,0,'2019-02-17'),(330,1,904999900,49,4,'incomplete','C',0,0,0,'2019-02-17'),(331,1,647771345,49,4,'incomplete','C',0,0,0,'2019-02-17'),(332,1,1429824993,49,4,'complete','C',0,3,0,'2019-02-17'),(333,1,996334807,50,50,'complete','OP',0,11,0,'2019-02-17'),(334,1,2071007543,50,50,'incomplete','OP',0,0,0,'2019-02-18'),(335,1,615361828,49,4,'incomplete','C',0,0,0,'2019-02-18'),(336,1,1089545623,49,4,'incomplete','C',0,0,0,'2019-02-18'),(337,1,212641241,50,50,'incomplete','OP',0,0,0,'2019-02-18'),(338,1,1751292207,50,10,'incomplete','OP',0,0,0,'2019-02-18'),(339,1,825020775,50,10,'complete','OP',8,3,0.727273,'2019-02-18'),(340,1,790721615,50,10,'incomplete','OP',0,0,0,'2019-02-22'),(341,1,1916316613,50,50,'complete','OP',0,11,0,'2019-03-05'),(342,1,936707713,50,50,'complete','OP',0,11,0,'2019-03-13'),(343,1,827912569,55,2,'incomplete','FP',0,0,0,'2019-03-23'),(344,1,827912569,51,2,'incomplete','FP',0,0,0,'2019-03-23'),(345,1,1641899180,55,2,'incomplete','FP',0,0,0,'2019-03-23'),(346,1,1782299517,55,2,'incomplete','FP',0,0,0,'2019-03-23'),(347,1,1268626089,55,2,'incomplete','FP',0,0,0,'2019-03-23'),(348,1,995055945,55,2,'incomplete','FP',0,0,0,'2019-03-23'),(349,1,1869095075,55,2,'incomplete','FP',0,0,0,'2019-03-23'),(350,1,481548075,55,2,'incomplete','FP',0,0,0,'2019-03-23'),(351,1,1917029639,55,2,'incomplete','FP',0,0,0,'2019-03-23'),(352,1,1317208289,55,2,'incomplete','FP',0,0,0,'2019-03-23'),(353,1,732329307,55,2,'complete','FP',0,2,0,'2019-03-23'),(354,1,1498412324,56,2,'complete','FP',0,1,0,'2019-03-23'),(355,1,1498412324,55,2,'complete','FP',0,2,0,'2019-03-23'),(356,1,1775534621,56,2,'complete','FP',0,1,0,'2019-03-23'),(357,1,1775534621,55,2,'complete','FP',0,2,0,'2019-03-23'),(358,1,574443329,56,2,'incomplete','FP',0,0,0,'2019-03-23'),(359,1,574443329,55,2,'complete','FP',0,2,0,'2019-03-23'),(360,1,871169090,56,1,'complete','FP',0,1,0,'2019-03-25'),(361,1,506509779,56,2,'incomplete','FP',0,0,0,'2019-03-25'),(362,1,506509779,55,2,'complete','FP',0,2,0,'2019-03-25'),(363,1,1528156236,56,1,'complete','FP',0,1,0,'2019-03-25'),(364,1,483781455,56,1,'complete','FP',0,1,0,'2019-03-25'),(365,1,67483862,56,1,'incomplete','FP',0,0,0,'2019-03-25'),(366,1,817906680,56,1,'incomplete','FP',0,0,0,'2019-03-25'),(367,1,353420327,56,1,'incomplete','FP',0,0,0,'2019-03-25'),(368,1,1694249645,56,1,'incomplete','FP',0,0,0,'2019-03-25'),(369,1,1846450396,56,1,'incomplete','FP',0,0,0,'2019-03-25'),(370,1,1173067241,56,1,'incomplete','FP',0,0,0,'2019-03-25'),(371,1,902816262,56,1,'incomplete','FP',0,0,0,'2019-03-25'),(372,1,723067269,56,1,'incomplete','FP',0,0,0,'2019-03-25'),(373,1,547325256,56,1,'incomplete','FP',0,0,0,'2019-03-25'),(374,1,492897168,56,1,'incomplete','FP',0,0,0,'2019-03-25'),(375,1,1160818778,56,1,'incomplete','FP',0,0,0,'2019-03-25'),(376,1,1284569268,56,1,'incomplete','FP',0,0,0,'2019-03-25'),(377,1,1877328924,56,1,'incomplete','FP',0,0,0,'2019-03-25'),(378,1,1044797192,56,1,'incomplete','FP',0,0,0,'2019-03-25'),(379,1,2094833787,57,10,'complete','OP',4,2,0.666667,'2019-03-25'),(380,1,460770587,57,10,'incomplete','OP',0,0,0,'2019-03-25'),(381,1,2047795606,58,10,'complete','OP',6,0,1,'2019-03-25'),(382,1,1913497070,59,10,'complete','OP',6,2,0.75,'2019-03-25'),(383,1,88963369,59,2,'incomplete','OP',0,0,0,'2019-04-03'),(384,1,1042550836,58,2,'incomplete','OP',0,0,0,'2019-04-03'),(385,1,48071213,58,2,'incomplete','OP',0,0,0,'2019-04-03'),(386,1,1283046955,58,2,'complete','OP',0,6,0,'2019-04-03'),(387,1,248350068,58,50,'complete','OP',4,2,0.666667,'2019-04-04'),(388,1,1719975290,58,50,'incomplete','OP',0,0,0,'2019-04-04'),(389,1,2004060800,58,50,'incomplete','OP',0,0,0,'2019-04-04'),(390,1,1684512187,58,50,'incomplete','OP',0,0,0,'2019-04-04'),(391,1,96741530,58,50,'complete','OP',0,6,0,'2019-04-04'),(392,1,475203082,58,50,'incomplete','OP',0,0,0,'2019-04-04'),(393,1,765124307,58,50,'incomplete','OP',0,0,0,'2019-04-04'),(394,1,215267950,58,50,'incomplete','OP',0,0,0,'2019-04-04'),(395,1,385673608,58,50,'incomplete','OP',0,0,0,'2019-04-04'),(396,1,1391594667,54,4,'incomplete','C',0,0,0,'2019-04-04'),(397,1,1140550186,58,50,'complete','OP',0,6,0,'2019-04-04'),(398,1,1173886462,58,0,'complete','OP',5,1,0.833333,'2019-04-04'),(399,1,718034520,61,0,'incomplete','OP',0,0,0,'2019-04-04'),(400,1,916310537,61,10,'incomplete','OP',0,0,0,'2019-04-04'),(401,1,1321826406,58,10,'complete','OP',6,0,1,'2019-04-04'),(402,1,2026303630,58,10,'complete','OP',0,6,0,'2019-04-04'),(403,1,976256546,58,10,'incomplete','OP',0,0,0,'2019-04-04'),(404,1,1776353393,50,10,'incomplete','OP',0,0,0,'2019-04-08'),(405,1,1125418725,58,10,'incomplete','OP',0,0,0,'2019-04-08'),(406,1,950737618,62,10,'complete','FP',4,3,0.571429,'2019-04-08'),(407,1,1507406531,54,4,'incomplete','C',0,0,0,'2019-04-10'),(408,1,361439635,58,50,'complete','OP',0,6,0,'2019-04-12'),(409,1,1418240499,49,4,'complete','C',0,3,0,'2019-04-12'),(410,1,2075389665,49,4,'incomplete','C',0,0,0,'2019-04-12'),(411,1,564943663,49,4,'incomplete','C',0,0,0,'2019-04-12'),(412,1,645548630,49,4,'incomplete','C',0,0,0,'2019-04-12'),(413,1,531835674,49,4,'complete','C',0,3,0,'2019-04-12'),(414,1,471268951,49,4,'complete','C',0,3,0,'2019-04-12'),(415,1,505423930,50,10,'complete','OP',5,6,0.454545,'2019-04-16'),(416,1,1500816885,63,10,'complete','FP',5,2,0.714286,'2019-04-16'),(417,1,289051427,50,10,'complete','OP',0,11,0,'2019-04-16'),(418,1,232098213,49,4,'incomplete','C',0,0,0,'2019-04-27'),(419,1,1386362125,49,4,'incomplete','C',0,0,0,'2019-04-27'),(420,1,1029507190,50,2,'incomplete','OP',0,0,0,'2019-04-27'),(421,1,1029507190,48,2,'incomplete','OP',0,0,0,'2019-04-27'),(422,1,1029507190,46,2,'complete','OP',0,2,0,'2019-04-27'),(423,1,491571380,50,2,'incomplete','OP',0,0,0,'2019-04-28'),(424,1,491571380,48,2,'incomplete','OP',0,0,0,'2019-04-28'),(425,1,491571380,46,2,'complete','OP',0,2,0,'2019-04-28'),(426,1,788185719,50,2,'incomplete','OP',0,0,0,'2019-04-28'),(427,1,788185719,48,2,'incomplete','OP',0,0,0,'2019-04-28'),(428,1,788185719,46,2,'complete','OP',0,2,0,'2019-04-28'),(429,1,1733438420,50,2,'incomplete','OP',0,0,0,'2019-04-28'),(430,1,1733438420,48,2,'incomplete','OP',0,0,0,'2019-04-28'),(431,1,1689867699,50,2,'complete','OP',0,11,0,'2019-04-28'),(432,1,1249077335,50,10,'complete','OP',0,11,0,'2019-04-30'),(433,1,512303840,50,10,'complete','OP',7,4,0.636364,'2019-05-02'),(434,1,522775834,50,10,'complete','OP',0,11,0,'2019-05-07'),(435,1,1061750257,50,2,'incomplete','OP',0,0,0,'2019-05-08'),(436,1,1061750257,48,2,'complete','OP',0,9,0,'2019-05-08'),(437,1,932989533,49,4,'incomplete','C',0,0,0,'2019-05-08'),(438,1,1255218488,46,1,'complete','OP',0,2,0,'2019-05-08'),(439,1,1693889954,46,10,'incomplete','OP',0,0,0,'2019-05-08'),(440,1,86927339,46,10,'incomplete','OP',0,0,0,'2019-05-08'),(441,1,656983066,50,10,'complete','OP',4,7,0.363636,'2019-05-08'),(442,1,1954183775,50,50,'complete','OP',0,11,0,'2019-05-08'),(443,1,224684963,50,50,'incomplete','OP',0,0,0,'2019-05-08'),(444,1,1555044319,50,2,'incomplete','OP',0,0,0,'2019-05-08'),(445,1,1555044319,46,2,'complete','OP',0,2,0,'2019-05-08'),(446,1,1907623169,49,4,'complete','C',0,3,0,'2019-05-08'),(447,1,1739232924,50,2,'incomplete','OP',0,0,0,'2019-05-08'),(448,1,1739232924,46,2,'complete','OP',0,2,0,'2019-05-08'),(449,1,82600463,50,50,'complete','OP',0,11,0,'2019-05-08'),(450,1,2073036366,50,1,'incomplete','OP',0,0,0,'2019-05-08'),(451,1,1136206920,50,1,'complete','OP',0,11,0,'2019-05-08'),(452,1,2099670224,50,10,'complete','OP',1,10,0.0909091,'2019-05-08'),(453,1,1901835157,64,10,'incomplete','FP',0,0,0,'2019-05-17'),(454,1,1072856344,50,10,'complete','OP',0,11,0,'2019-05-17'),(455,1,1335873570,50,10,'incomplete','OP',0,0,0,'2019-05-17'),(456,1,1424958177,64,10,'complete','FP',2,7,0.222222,'2019-05-17'),(457,1,1663469866,50,10,'incomplete','OP',0,0,0,'2019-05-18'),(458,1,594658575,64,20,'incomplete','FP',0,0,0,'2019-05-22'),(459,1,591942670,64,10,'incomplete','FP',0,0,0,'2019-05-22'),(460,1,1003093372,50,50,'incomplete','OP',0,0,0,'2019-05-31'),(461,1,1096603738,50,50,'incomplete','OP',0,0,0,'2019-06-02'),(462,1,1385478567,50,50,'incomplete','OP',0,0,0,'2019-06-02'),(463,1,726990712,50,50,'incomplete','OP',0,0,0,'2019-06-02'),(464,1,726990712,46,50,'complete','OP',0,2,0,'2019-06-02');
/*!40000 ALTER TABLE `crosswordusers` ENABLE KEYS */;
UNLOCK TABLES;
/*!40103 SET TIME_ZONE=@OLD_TIME_ZONE */;

/*!40101 SET SQL_MODE=@OLD_SQL_MODE */;
/*!40014 SET FOREIGN_KEY_CHECKS=@OLD_FOREIGN_KEY_CHECKS */;
/*!40014 SET UNIQUE_CHECKS=@OLD_UNIQUE_CHECKS */;
/*!40101 SET CHARACTER_SET_CLIENT=@OLD_CHARACTER_SET_CLIENT */;
/*!40101 SET CHARACTER_SET_RESULTS=@OLD_CHARACTER_SET_RESULTS */;
/*!40101 SET COLLATION_CONNECTION=@OLD_COLLATION_CONNECTION */;
/*!40111 SET SQL_NOTES=@OLD_SQL_NOTES */;

-- Dump completed on 2021-11-08 13:06:39
